000
CXUS54 KMRX 011600
CF6CHA
PRELIMINARY LOCAL CLIMATOLOGICAL DATA (WS FORM: F-6)

                                          STATION:   CHATTANOOGA  ASOS
                                          MONTH:     JUNE
                                          YEAR:      2015
                                          LATITUDE:   35  1 N
                                          LONGITUDE:  85 12 W

  TEMPERATURE IN F:       :PCPN:    SNOW:  WIND      :SUNSHINE: SKY     :PK WND
================================================================================
1   2   3   4   5  6A  6B    7    8   9   10  11  12  13   14  15   16   17  18
                                     12Z  AVG MX 2MIN
DY MAX MIN AVG DEP HDD CDD  WTR  SNW DPTH SPD SPD DIR MIN PSBL S-S WX    SPD DR
================================================================================

 1  82  66  74   1   0   9 0.01  0.0    0  5.6 14 230   M    M   7 13     24 160
 2  83  64  74   1   0   9 0.00  0.0    0  4.3 21  10   M    M   6 3      25  10
 3  82  64  73  -1   0   8 0.00  0.0    0  5.4 22  90   M    M   5        26 100
 4  84  63  74   0   0   9 0.00  0.0    0  2.5  8 250   M    M   5        11 180
 5  86  65  76   2   0  11 0.45  0.0    0  2.4 23 240   M    M   6 1      29 240
 6  89  65  77   3   0  12 0.00  0.0    0  3.2 14 360   M    M   5 18     19 360
 7  90  67  79   4   0  14 0.00  0.0    0  4.1 13 150   M    M   2 1      17 200
 8  90  68  79   4   0  14 0.75  0.0    0  7.0 40 200   M    M   6 13     56 210
 9  89  68  79   4   0  14 0.21  0.0    0  2.8 14  30   M    M   M 138    18  30
10  91  65  78   3   0  13 0.00  0.0    0  2.2  9  20   M    M   4 1      12  20
11  89  68  79   3   0  14 0.00  0.0    0  3.5 15 120   M    M   3 13     20 130
12  88  71  80   4   0  15 0.03  0.0    0  6.3 14 210   M    M   6 18     17 190
13  91  70  81   5   0  16 0.00  0.0    0  3.5 13 210   M    M   5 18     15 200
14  93  70  82   6   0  17 0.00  0.0    0  2.8 12 230   M    M   4        16 220
15  94  68  81   4   0  16    T  0.0    0  1.9 23 310   M    M   4 1      29 300
16  96  72  84   7   0  19 0.00  0.0    0  3.2 16 220   M    M   3        20 210
17  95  74  85   8   0  20 0.00  0.0    0  2.6 13 290   M    M   5 18     15 290
18  94  74  84   7   0  19    T  0.0    0  3.7 22 200   M    M   6 138    26 200
19  92  73  83   6   0  18 0.66  0.0    0  6.1 29 200   M    M   6 138    45 190
20  91  73  82   4   0  17 0.13  0.0    0  8.6 22 220   M    M   6 1      28 260
21  93  72  83   5   0  18 0.00  0.0    0  4.7 15 250   M    M   5 8      21 240
22  96  73  85   7   0  20 0.00  0.0    0  3.2 16 260   M    M   5 18     22 250
23  94  77  86   8   0  21 0.00  0.0    0  4.7 14 320   M    M   6 8      17 300
24  97  74  86   8   0  21 0.10  0.0    0  5.5 32 350   M    M   5 138    39 350
25  95  71  83   5   0  18 0.00  0.0    0  2.6 10 360   M    M   4 1      19 300
26  95  73  84   5   0  19 0.69  0.0    0  3.1 28 220   M    M   5 13     33 210
27  84  66  75  -4   0  10 0.54  0.0    0  6.1 20 330   M    M   6 1      23 330
28  84  62  73  -6   0   8 0.00  0.0    0  4.2 13 270   M    M   3        18 280
29  86  61  74  -5   0   9 0.00  0.0    0  5.9 18 240   M    M   5        25 240
30  85  70  78  -1   0  13 0.54  0.0    0  7.0 22 210   M    M   7 138    31 260
================================================================================
SM 2698 2067         0 441  4.11     0.0 128.7          M      145
================================================================================
AV 89.9 68.9                               4.3 FASTST   M    M   5    MAX(MPH)
                                 MISC ---->  # 40 200               # 56  210
================================================================================
NOTES:
# LAST OF SEVERAL OCCURRENCES

COLUMN 17 PEAK WIND IN M.P.H.

PRELIMINARY LOCAL CLIMATOLOGICAL DATA (WS FORM: F-6) , PAGE 2

                                          STATION:  CHATTANOOGA  ASOS
                                          MONTH:    JUNE
                                          YEAR:     2015
                                          LATITUDE:   35  1 N
                                          LONGITUDE:  85 12 W

[TEMPERATURE DATA]      [PRECIPITATION DATA]       SYMBOLS USED IN COLUMN 16

AVERAGE MONTHLY: 79.4   TOTAL FOR MONTH:   4.11    1 = FOG OR MIST
DPTR FM NORMAL:   2.9   DPTR FM NORMAL:    0.06    2 = FOG REDUCING VISIBILITY
HIGHEST:    97 ON 24    GRTST 24HR  1.23 ON 26-27      TO 1/4 MILE OR LESS
LOWEST:     61 ON 29                               3 = THUNDER
                        SNOW, ICE PELLETS, HAIL    4 = ICE PELLETS
                        TOTAL MONTH:   0.0 INCH    5 = HAIL
                        GRTST 24HR     0.0         6 = FREEZING RAIN OR DRIZZLE
                        GRTST DEPTH:   0           7 = DUSTSTORM OR SANDSTORM:
                                                       VSBY 1/2 MILE OR LESS
                                                   8 = SMOKE OR HAZE
[NO. OF DAYS WITH]      [WEATHER - DAYS WITH]      9 = BLOWING SNOW
                                                   X = TORNADO
MAX 32 OR BELOW:   0    0.01 INCH OR MORE:  11
MAX 90 OR ABOVE:  17    0.10 INCH OR MORE:   9
MIN 32 OR BELOW:   0    0.50 INCH OR MORE:   5
MIN  0 OR BELOW:   0    1.00 INCH OR MORE:   0

[HDD (BASE 65) ]
TOTAL THIS MO.     0    CLEAR  (SCALE 0-3)   2
DPTR FM NORMAL    -2    PTCLDY (SCALE 4-7)  27
TOTAL FM JUL 1  3261    CLOUDY (SCALE 8-10)  0
DPTR FM NORMAL    21

[CDD (BASE 65) ]
TOTAL THIS MO.   441
DPTR FM NORMAL    96    [PRESSURE DATA]
TOTAL FM JAN 1   717    HIGHEST SLP 30.16 ON 13
DPTR FM NORMAL   176    LOWEST  SLP 29.80 ON  9

[REMARKS]
#FINAL-06-15#
