000
CXUS52 KCHS 270715
CF6CHS
PRELIMINARY LOCAL CLIMATOLOGICAL DATA (WS FORM: F-6)

                                          STATION:   NORTH CHARLESTON SC
                                          MONTH:     JULY
                                          YEAR:      2015
                                          LATITUDE:   32 54 N
                                          LONGITUDE:  80  2 W

  TEMPERATURE IN F:       :PCPN:    SNOW:  WIND      :SUNSHINE: SKY     :PK WND
================================================================================
1   2   3   4   5  6A  6B    7    8   9   10  11  12  13   14  15   16   17  18
                                     12Z  AVG MX 2MIN
DY MAX MIN AVG DEP HDD CDD  WTR  SNW DPTH SPD SPD DIR MIN PSBL S-S WX    SPD DR
================================================================================

 1  88  71  80  -1   0  15 0.00  0.0    0  7.8 15 250   M    M   6        20 230
 2  91  71  81   0   0  16 1.61  0.0    0 10.5 28 300   M    M   6 13     40 300
 3  89  71  80  -2   0  15 0.21  0.0    0  8.2 38 280   M    M   6 138    62 290
 4  91  70  81  -1   0  16 0.08  0.0    0  7.3 37 240   M    M   6 3      48 230
 5  90  72  81  -1   0  16 0.00  0.0    0  6.7 20 180   M    M   6        24 320
 6  88  71  80  -2   0  15 0.00  0.0    0  5.7 13 200   M    M   4        16 180
 7  89  74  82   0   0  17 0.13  0.0    0  4.6 20 220   M    M   4 13     24 230
 8  92  74  83   1   0  18 0.00  0.0    0  6.6 16 200   M    M   5        20 200
 9  93  75  84   2   0  19 0.00  0.0    0  6.7 15 190   M    M   4        18 180
10  97  76  87   5   0  22 0.00  0.0    0  6.9 13 210   M    M   1        16 210
11  97  76  87   5   0  22    T  0.0    0  7.1 15 210   M    M   3        17 240
12  92  76  84   2   0  19    T  0.0    0  5.9 14 130   M    M   4        16 120
13  94  72  83   1   0  18 0.76  0.0    0  6.8 30  30   M    M   6 13     38  30
14  94  75  85   3   0  20 0.10  0.0    0  8.3 21 220   M    M   7 3      26 210
15  95  76  86   4   0  21 0.00  0.0    0  8.7 20 290   M    M   6        25 280
16  94  74  84   2   0  19 0.00  0.0    0  4.3 17  90   M    M   3        21 100
17  90  76  83   1   0  18 0.73  0.0    0  5.8 24 360   M    M   5 13     29  10
18  92  75  84   2   0  19    T  0.0    0  5.1 14 170   M    M   6 12     16 170
19  94  74  84   2   0  19 1.43  0.0    0  4.2 39 270   M    M   5 13     54 290
20  93  75  84   2   0  19 0.00  0.0    0  8.0 17 200   M    M   7        22 190
21  97  78  88   6   0  23 0.00  0.0    0 10.1 22 190   M    M   4        27 220
22  96  78  87   5   0  22 0.00  0.0    0  6.9 16 200   M    M   3        19 200
23  99  75  87   5   0  22 1.72  0.0    0  7.0 35 300   M    M   4 13     44 300
24  86  74  80  -2   0  15 0.95  0.0    0  6.3 24  20   M    M   8 1      29  20
25  92  71  82   0   0  17 0.00  0.0    0  6.4 14  80   M    M   1        17  70
26  94  70  82   0   0  17 0.00  0.0    0  5.4 15  90   M    M   3        15  90
================================================================================
SM 2407 1920         0 479  7.72     0.0 177.3          M      123
================================================================================
AV 92.6 73.8                               6.8 FASTST   M    M   5    MAX(MPH)
                                 MISC ---->  # 39 270               # 62  290
================================================================================
NOTES:
# LAST OF SEVERAL OCCURRENCES

COLUMN 17 PEAK WIND IN M.P.H.

PRELIMINARY LOCAL CLIMATOLOGICAL DATA (WS FORM: F-6) , PAGE 2

                                          STATION:  NORTH CHARLESTON SC
                                          MONTH:    JULY
                                          YEAR:     2015
                                          LATITUDE:   32 54 N
                                          LONGITUDE:  80  2 W

[TEMPERATURE DATA]      [PRECIPITATION DATA]       SYMBOLS USED IN COLUMN 16

AVERAGE MONTHLY: 83.2   TOTAL FOR MONTH:   7.72    1 = FOG OR MIST
DPTR FM NORMAL:   1.3   DPTR FM NORMAL:    2.21    2 = FOG REDUCING VISIBILITY
HIGHEST:    99 ON 23    GRTST 24HR  1.82 ON  2- 3      TO 1/4 MILE OR LESS
LOWEST:     70 ON 26, 4                            3 = THUNDER
                        SNOW, ICE PELLETS, HAIL    4 = ICE PELLETS
                        TOTAL MONTH:   0.0 INCH    5 = HAIL
                        GRTST 24HR     0.0         6 = FREEZING RAIN OR DRIZZLE
                        GRTST DEPTH:   0           7 = DUSTSTORM OR SANDSTORM:
                                                       VSBY 1/2 MILE OR LESS
                                                   8 = SMOKE OR HAZE
[NO. OF DAYS WITH]      [WEATHER - DAYS WITH]      9 = BLOWING SNOW
                                                   X = TORNADO
MAX 32 OR BELOW:   0    0.01 INCH OR MORE:  10
MAX 90 OR ABOVE:  21    0.10 INCH OR MORE:   9
MIN 32 OR BELOW:   0    0.50 INCH OR MORE:   6
MIN  0 OR BELOW:   0    1.00 INCH OR MORE:   3

[HDD (BASE 65) ]
TOTAL THIS MO.     0    CLEAR  (SCALE 0-3)   3
DPTR FM NORMAL     0    PTCLDY (SCALE 4-7)  23
TOTAL FM JUL 1     0    CLOUDY (SCALE 8-10)  0
DPTR FM NORMAL     0

[CDD (BASE 65) ]
TOTAL THIS MO.   479
DPTR FM NORMAL    40    [PRESSURE DATA]
TOTAL FM JAN 1  1440    HIGHEST SLP M ON M
DPTR FM NORMAL   218    LOWEST  SLP 29.72 ON 14

[REMARKS]
