099
CXUS54 KHGX 221415
CF6CLL
PRELIMINARY LOCAL CLIMATOLOGICAL DATA (WS FORM: F-6)

                                          STATION:   COLLEGE STATION
                                          MONTH:     SEPTEMBER
                                          YEAR:      2017
                                          LATITUDE:   30 34 N
                                          LONGITUDE:  96 22 W

  TEMPERATURE IN F:       :PCPN:    SNOW:  WIND      :SUNSHINE: SKY     :PK WND
================================================================================
1   2   3   4   5  6A  6B    7    8   9   10  11  12  13   14  15   16   17  18
                                     12Z  AVG MX 2MIN
DY MAX MIN AVG DEP HDD CDD  WTR  SNW DPTH SPD SPD DIR MIN PSBL S-S WX    SPD DR
================================================================================

 1  92  69  81  -3   0  16 0.00  0.0    0  3.6  9 130   M    M   1        13 130
 2  91  72  82  -2   0  17 0.00  0.0    0  3.5 10 170   M    M   1 1      14 250
 3  91  73  82  -1   0  17 0.00  0.0    0  3.9  9 100   M    M   1 1      16 120
 4  91  73  82  -1   0  17 0.00  0.0    0  3.4 10 120   M    M   1 1      16 160
 5  92  73  83   0   0  18 0.02  0.0    0  4.1 18  30   M    M   2 1      25  50
 6  85  70  78  -5   0  13 0.00  0.0    0 10.9 20  30   M    M   2        25  70
 7  83  61  72 -10   0   7 0.00  0.0    0  7.2 14  70   M    M   0        18  40
 8  84  61  73  -9   0   8 0.00  0.0    0  6.9 13  70   M    M   0        18  40
 9  85  64  75  -7   0  10 0.00  0.0    0  8.1 16  40   M    M   0        21  10
10  86  65  76  -6   0  11 0.00  0.0    0  9.3 18  30   M    M   0        23  50
11  85  63  74  -7   0   9 0.00  0.0    0  8.9 21 360   M    M   0        25  10
12  89  60  75  -6   0  10 0.00  0.0    0  6.8 16 310   M    M   0        24 310
13  89  66  78  -3   0  13 0.00  0.0    0  5.3 12 210   M    M   0        14 190
14  92  68  80   0   0  15 0.00  0.0    0  8.8 16 150   M    M   0 1      20 160
15  91  70  81   1   0  16 0.00  0.0    0  8.8 16 150   M    M   2 1      22 170
16  92  72  82   2   0  17 0.00  0.0    0  5.3 12 210   M    M   3 1      14 180
17  91  72  82   2   0  17 0.00  0.0    0  3.6 10 130   M    M   3 12     14 130
18  90  74  82   3   0  17 0.20  0.0    0  4.7 18 140   M    M   4 13     24 140
19  93  75  84   5   0  19 0.00  0.0    0  9.9 17 170   M    M   4 1      23 170
20  94  78  86   7   0  21 0.00  0.0    0  9.6 17 190   M    M   4 1      24 160
21  93  75  84   6   0  19 0.00  0.0    0  9.9 28 140   M    M   3 18     33 140
================================================================================
SM 1879 1454         0 307  0.22     0.0 142.5          M       31
================================================================================
AV 89.5 69.2                               6.8 FASTST   M    M   1    MAX(MPH)
                                 MISC ---->  # 28 140               # 33  140
================================================================================
NOTES:
# LAST OF SEVERAL OCCURRENCES

COLUMN 17 PEAK WIND IN M.P.H.

PRELIMINARY LOCAL CLIMATOLOGICAL DATA (WS FORM: F-6) , PAGE 2

                                          STATION:  COLLEGE STATION
                                          MONTH:    SEPTEMBER
                                          YEAR:     2017
                                          LATITUDE:   30 34 N
                                          LONGITUDE:  96 22 W

[TEMPERATURE DATA]      [PRECIPITATION DATA]       SYMBOLS USED IN COLUMN 16

AVERAGE MONTHLY: 79.4   TOTAL FOR MONTH:   0.22    1 = FOG OR MIST
DPTR FM NORMAL:  -1.9   DPTR FM NORMAL:   -2.03    2 = FOG REDUCING VISIBILITY
HIGHEST:    94 ON 20    GRTST 24HR  0.20 ON 18-18      TO 1/4 MILE OR LESS
LOWEST:     60 ON 12                               3 = THUNDER
                        SNOW, ICE PELLETS, HAIL    4 = ICE PELLETS
                        TOTAL MONTH:   0.0 INCH    5 = HAIL
                        GRTST 24HR     0.0         6 = FREEZING RAIN OR DRIZZLE
                        GRTST DEPTH:   0           7 = DUSTSTORM OR SANDSTORM:
                                                       VSBY 1/2 MILE OR LESS
                                                   8 = SMOKE OR HAZE
[NO. OF DAYS WITH]      [WEATHER - DAYS WITH]      9 = BLOWING SNOW
                                                   X = TORNADO
MAX 32 OR BELOW:   0    0.01 INCH OR MORE:   2
MAX 90 OR ABOVE:  13    0.10 INCH OR MORE:   1
MIN 32 OR BELOW:   0    0.50 INCH OR MORE:   0
MIN  0 OR BELOW:   0    1.00 INCH OR MORE:   0

[HDD (BASE 65) ]
TOTAL THIS MO.     0    CLEAR  (SCALE 0-3)  18
DPTR FM NORMAL     0    PTCLDY (SCALE 4-7)   3
TOTAL FM JUL 1     0    CLOUDY (SCALE 8-10)  0
DPTR FM NORMAL     0

[CDD (BASE 65) ]
TOTAL THIS MO.   307
DPTR FM NORMAL   -35    [PRESSURE DATA]
TOTAL FM JAN 1  2844    HIGHEST SLP M ON M
DPTR FM NORMAL   156    LOWEST  SLP 29.78 ON M

[REMARKS]
