000
CXUS52 KGSP 200943
CF6CLT
PRELIMINARY LOCAL CLIMATOLOGICAL DATA (WS FORM: F-6)

                                          STATION:   CHARLOTTE NC
                                          MONTH:     JANUARY
                                          YEAR:      2018
                                          LATITUDE:   35 12 N
                                          LONGITUDE:  80 57 W

  TEMPERATURE IN F:       :PCPN:    SNOW:  WIND      :SUNSHINE: SKY     :PK WND
================================================================================
1   2   3   4   5  6A  6B    7    8   9   10  11  12  13   14  15   16   17  18
                                     12Z  AVG MX 2MIN
DY MAX MIN AVG DEP HDD CDD  WTR  SNW DPTH SPD SPD DIR MIN PSBL S-S WX    SPD DR
================================================================================

 1  30  15  23 -17  42   0 0.00  0.0    0  9.8 17  40   M    M   6        24  30
 2  35  10  23 -17  42   0 0.00  0.0    0  3.2 12  30   M    M   2        14  30
 3  34  11  23 -17  42   0 0.00  0.0    0  5.1 10  20   M    M   6        15  80
 4  34  18  26 -14  39   0 0.00  0.0    0  9.9 23 330   M    M   1        36 300
 5  36   8  22 -18  43   0 0.00  0.0    0  4.9 13 300   M    M   1        16 310
 6  34  12  23 -17  42   0 0.00  0.0    0  4.7 13 340   M    M   1        20  10
 7  31  11  21 -19  44   0 0.00  0.0    0  4.7 10  60   M    M   4        15 110
 8  42  19  31  -9  34   0 0.04  0.0    0  1.7  7 240   M    M   8        18 250
 9  66  28  47   7  18   0 0.00  0.0    0  3.3  8 210   M    M   4 1      14  70
10  62  40  51  11  14   0 0.00  0.0    0  5.8 10  30   M    M   8        20  80
11  66  45  56  16   9   0 0.15  0.0    0  7.5 22 140   M    M  10 1      30 140
12  68  53  61  21   4   0 0.39  0.0    0 13.3 25 280   M    M   9 1      34 280
13  53  26  40   0  25   0 0.00  0.0    0 11.8 23 350   M    M   4        30 360
14  36  20  28 -12  37   0 0.00  0.0    0  8.0 15  10   M    M   3        21  30
15  40  17  29 -11  36   0 0.00  0.0    0  4.0 12  30   M    M   1        14  60
16  49  18  34  -6  31   0 0.00  0.0    0  5.4 15 190   M    M   5        18 180
17  42  17  30 -10  35   0 0.38  3.9    0  8.7 21 350   M    M  10 1      27 330
18  39  11  25 -15  40   0 0.00  0.0    3  5.6 10 210   M    M   0        13 240
19  56  22  39  -1  26   0 0.00  0.0    2  2.3  8 190   M    M   0        11 170
================================================================================
SM  853  401       603   0  0.96     3.9 119.7          M       83
================================================================================
AV 44.9 21.1                               6.3 FASTST   M    M   4    MAX(MPH)
                                 MISC ---->  # 25 280               # 36  300
================================================================================
NOTES:
# LAST OF SEVERAL OCCURRENCES

COLUMN 17 PEAK WIND IN M.P.H.

PRELIMINARY LOCAL CLIMATOLOGICAL DATA (WS FORM: F-6) , PAGE 2

                                          STATION:  CHARLOTTE NC
                                          MONTH:    JANUARY
                                          YEAR:     2018
                                          LATITUDE:   35 12 N
                                          LONGITUDE:  80 57 W

[TEMPERATURE DATA]      [PRECIPITATION DATA]       SYMBOLS USED IN COLUMN 16

AVERAGE MONTHLY: 33.0   TOTAL FOR MONTH:   0.96    1 = FOG OR MIST
DPTR FM NORMAL:  -7.0   DPTR FM NORMAL:   -1.17    2 = FOG REDUCING VISIBILITY
HIGHEST:    68 ON 12    GRTST 24HR  0.39 ON 12-12      TO 1/4 MILE OR LESS
LOWEST:      8 ON  5                               3 = THUNDER
                        SNOW, ICE PELLETS, HAIL    4 = ICE PELLETS
                        TOTAL MONTH:   3.9 INCHES  5 = HAIL
                        GRTST 24HR   3.9 ON 17-17  6 = FREEZING RAIN OR DRIZZLE
                        GRTST DEPTH:   3 ON 18     7 = DUSTSTORM OR SANDSTORM:
                                                       VSBY 1/2 MILE OR LESS
                                                   8 = SMOKE OR HAZE
[NO. OF DAYS WITH]      [WEATHER - DAYS WITH]      9 = BLOWING SNOW
                                                   X = TORNADO
MAX 32 OR BELOW:   2    0.01 INCH OR MORE:   4
MAX 90 OR ABOVE:   0    0.10 INCH OR MORE:   3
MIN 32 OR BELOW:  16    0.50 INCH OR MORE:   0
MIN  0 OR BELOW:   0    1.00 INCH OR MORE:   0

[HDD (BASE 65) ]
TOTAL THIS MO.   603    CLEAR  (SCALE 0-3)   8
DPTR FM NORMAL   128    PTCLDY (SCALE 4-7)   8
TOTAL FM JUL 1  1741    CLOUDY (SCALE 8-10)  3
DPTR FM NORMAL   -71

[CDD (BASE 65) ]
TOTAL THIS MO.     0
DPTR FM NORMAL     0    [PRESSURE DATA]
TOTAL FM JAN 1     0    HIGHEST SLP M ON M
DPTR FM NORMAL     0    LOWEST  SLP 29.58 ON 12

[REMARKS]
