000
CXUS55 KLOX 291655
CF6CMA
PRELIMINARY LOCAL CLIMATOLOGICAL DATA (WS FORM: F-6)

                                          STATION:   CAMARILLO AIRPORT CA
                                          MONTH:     AUGUST
                                          YEAR:      2016
                                          LATITUDE:   34 12 N
                                          LONGITUDE: 119  6 W

  TEMPERATURE IN F:       :PCPN:    SNOW:  WIND      :SUNSHINE: SKY     :PK WND
================================================================================
1   2   3   4   5  6A  6B    7    8   9   10  11  12  13   14  15   16   17  18
                                     12Z  AVG MX 2MIN
DY MAX MIN AVG DEP HDD CDD  WTR  SNW DPTH SPD SPD DIR MIN PSBL S-S WX    SPD DR
================================================================================

 1  79  66  73   6   0   8 0.00  0.0    0  5.7 14 260   M    M   6 18     18 270
 2  79  64  72   5   0   7 0.00  0.0    0  5.4 15 280   M    M   4        19 200
 3  79  63  71   4   0   6 0.00  0.0    0  5.3 15 260   M    M   2 18     22 230
 4  78  64  71   4   0   6 0.00  0.0    0  5.3 15 270   M    M   4 18     20 260
 5  77  61  69   2   0   4 0.00  0.0    0  5.4 15 260   M    M   3 18     21 240
 6  76  64  70   3   0   5 0.00  0.0    0  5.0 14 260   M    M   6 18     18 240
 7  76  60  68   0   0   3 0.00  0.0    0  4.5 13 240   M    M   4 1      19 230
 8  79  59  69   1   0   4 0.00  0.0    0  4.8 15 220   M    M   5 18     20 240
 9  78  65  72   4   0   7 0.00  0.0    0  6.7 15 270   M    M   7 8      20 250
10  77  63  70   2   0   5 0.00  0.0    0  5.6 14 260   M    M   5 8      22 210
11  78  60  69   1   0   4 0.00  0.0    0  6.1 14 270   M    M   3 18     19 220
12  78  64  71   3   0   6 0.00  0.0    0  5.4 14 260   M    M   5 18     21 250
13  77  63  70   2   0   5 0.00  0.0    0  5.1 13 260   M    M   3 18     16 260
14  80  63  72   4   0   7 0.00  0.0    0  5.5 13 260   M    M   2 18     17 260
15  80  61  71   3   0   6 0.00  0.0    0  5.1 13 270   M    M   4 128     M  M
16  78  59  69   1   0   4 0.00  0.0    0  4.0 13 270   M    M   4 128    16 270
17  78  58  68   0   0   3 0.00  0.0    0  4.9 12 280   M    M   4 12     29 220
18  77  60  69   1   0   4 0.00  0.0    0  5.1 13 270   M    M   5 18     17 240
19  77  61  69   1   0   4 0.00  0.0    0  4.8 13 210   M    M   3 18     17 200
20  74  59  67  -1   0   2 0.00  0.0    0  4.8 14 270   M    M   3        18 280
21  78  59  69   1   0   4 0.00  0.0    0  5.0 14 270   M    M   1 1      20 280
22  79  61  70   2   0   5 0.00  0.0    0  4.7 14 270   M    M   2 18     20 250
23  78  59  69   1   0   4 0.00  0.0    0  4.7 15 270   M    M   0        18 230
24  78  60  69   1   0   4 0.00  0.0    0  4.3 13 260   M    M   0        17 260
25  74  59  67  -1   0   2 0.00  0.0    0  4.9 15 230   M    M   2 18     20 230
26  74  63  69   1   0   4 0.00  0.0    0  5.8 15 230   M    M   7 8      22 240
27  76  62  69   1   0   4 0.00  0.0    0  5.0 15 220   M    M   5        19 240
28  79  57  68   0   0   3 0.00  0.0    0  4.3 14 260   M    M   0        17 260
================================================================================
SM 2171 1717         0 130  0.00     0.0 143.2          M       99
================================================================================
AV 77.5 61.3                               5.1 FASTST   M    M   4    MAX(MPH)
                                 MISC ---->  # 15 280               # 29  220
================================================================================
NOTES:
# LAST OF SEVERAL OCCURRENCES

COLUMN 17 PEAK WIND IN M.P.H.

PRELIMINARY LOCAL CLIMATOLOGICAL DATA (WS FORM: F-6) , PAGE 2

                                          STATION:  CAMARILLO AIRPORT CA
                                          MONTH:    AUGUST
                                          YEAR:     2016
                                          LATITUDE:   34 12 N
                                          LONGITUDE: 119  6 W

[TEMPERATURE DATA]      [PRECIPITATION DATA]       SYMBOLS USED IN COLUMN 16

AVERAGE MONTHLY: 69.4   TOTAL FOR MONTH:   0.00    1 = FOG OR MIST
DPTR FM NORMAL:   1.6   DPTR FM NORMAL:   -0.03    2 = FOG REDUCING VISIBILITY
HIGHEST:    80 ON 15,14 GRTST 24HR  0.00 ON 28-28      TO 1/4 MILE OR LESS
LOWEST:     57 ON 28                               3 = THUNDER
                        SNOW, ICE PELLETS, HAIL    4 = ICE PELLETS
                        TOTAL MONTH:   0.0 INCH    5 = HAIL
                        GRTST 24HR     0.0         6 = FREEZING RAIN OR DRIZZLE
                        GRTST DEPTH:   0           7 = DUSTSTORM OR SANDSTORM:
                                                       VSBY 1/2 MILE OR LESS
                                                   8 = SMOKE OR HAZE
[NO. OF DAYS WITH]      [WEATHER - DAYS WITH]      9 = BLOWING SNOW
                                                   X = TORNADO
MAX 32 OR BELOW:   0    0.01 INCH OR MORE:   0
MAX 90 OR ABOVE:   0    0.10 INCH OR MORE:   0
MIN 32 OR BELOW:   0    0.50 INCH OR MORE:   0
MIN  0 OR BELOW:   0    1.00 INCH OR MORE:   0

[HDD (BASE 65) ]
TOTAL THIS MO.     0    CLEAR  (SCALE 0-3)  11
DPTR FM NORMAL     0    PTCLDY (SCALE 4-7)  17
TOTAL FM JUL 1     0    CLOUDY (SCALE 8-10)  0
DPTR FM NORMAL   -10

[CDD (BASE 65) ]
TOTAL THIS MO.   130
DPTR FM NORMAL    46    [PRESSURE DATA]
TOTAL FM JAN 1   447    HIGHEST SLP M ON M
DPTR FM NORMAL   238    LOWEST  SLP 29.72 ON  7

[REMARKS]
