000
CXUS51 KILN 240553
CF6CMH
PRELIMINARY LOCAL CLIMATOLOGICAL DATA (WS FORM: F-6)

                                          STATION:   COLUMBUS OH
                                          MONTH:     JULY
                                          YEAR:      2014
                                          LATITUDE:   40  0 N
                                          LONGITUDE:  82 53 W

  TEMPERATURE IN F:       :PCPN:    SNOW:  WIND      :SUNSHINE: SKY     :PK WND
================================================================================
1   2   3   4   5  6A  6B    7    8   9   10  11  12  13   14  15   16   17  18
                                     12Z  AVG MX 2MIN
DY MAX MIN AVG DEP HDD CDD  WTR  SNW DPTH SPD SPD DIR MIN PSBL S-S WX    SPD DR
================================================================================

 1  92  70  81   6   0  16 0.66  0.0    0 10.9 30 280   M    M   7 138    45 290
 2  86  70  78   3   0  13 0.14  0.0    0  6.5 22 280   M    M   7        26 290
 3  77  61  69  -6   0   4 0.02  0.0    0  9.4 20 320   M    M   6        32 300
 4  78  57  68  -7   0   3 0.00  0.0    0  6.3 17 360   M    M   1        23 340
 5  80  54  67  -8   0   2 0.00  0.0    0  2.7 12 130   M    M   4 8      15 130
 6  81  61  71  -4   0   6    T  0.0    0  4.5 20 250   M    M   8        24 250
 7  85  69  77   2   0  12 0.65  0.0    0  8.3 35 300   M    M   7 13     43 300
 8  85  69  77   2   0  12    T  0.0    0 12.3 24 270   M    M   7 18     36 250
 9  84  68  76   1   0  11 0.00  0.0    0  8.1 16 280   M    M   3        22 300
10  83  63  73  -2   0   8 0.00  0.0    0  5.0 14 340   M    M   4        17 360
11  86  63  75   0   0  10 0.00  0.0    0  2.9 10 210   M    M   3        15 220
12  89  68  79   4   0  14 0.00  0.0    0  4.9 18 220   M    M   8        23 220
13  90  73  82   7   0  17 0.18  0.0    0  9.3 29 310   M    M   9 3      37 300
14  84  70  77   2   0  12 0.47  0.0    0  6.5  M   M   M    M   7 13      M  M
15  78  61  70  -5   0   5 0.03  0.0    0 10.9 21 290   M    M   6        25 270
16  74  56  65 -10   0   0 0.00  0.0    0  4.9 14 330   M    M   5        20 360
17  79  54  67  -8   0   2 0.00  0.0    0  1.9  9 360   M    M   4        13 360
18  80  58  69  -6   0   4 0.11  0.0    0  4.6 13 100   M    M   7 1      17 120
19  73  64  69  -6   0   4 0.19  0.0    0  1.9  9 240   M    M  10 18     15 330
20  82  66  74  -1   0   9 0.00  0.0    0  3.6  9 150   M    M   9 18     14  30
21  89  70  80   5   0  15 0.00  0.0    0  2.2  7 100   M    M   5 18     12 120
22  92  70  81   6   0  16 0.00  0.0    0  4.2 14 250   M    M   2 18     20 220
23  84  64  74  -1   0   9 0.02  0.0    0  9.4 18 340   M    M   8 8      23  20
================================================================================
SM 1911 1479         0 204  2.47     0.0 141.2          M      137
================================================================================
AV 83.1 64.3                               6.1 FASTST   M    M   6    MAX(MPH)
                                 MISC ---->  # 35 300               # 45  290
================================================================================
NOTES:
# LAST OF SEVERAL OCCURRENCES

COLUMN 17 PEAK WIND IN M.P.H.

PRELIMINARY LOCAL CLIMATOLOGICAL DATA (WS FORM: F-6) , PAGE 2

                                          STATION:  COLUMBUS OH
                                          MONTH:    JULY
                                          YEAR:     2014
                                          LATITUDE:   40  0 N
                                          LONGITUDE:  82 53 W

[TEMPERATURE DATA]      [PRECIPITATION DATA]       SYMBOLS USED IN COLUMN 16

AVERAGE MONTHLY: 73.7   TOTAL FOR MONTH:   2.47    1 = FOG OR MIST
DPTR FM NORMAL:  -1.3   DPTR FM NORMAL:   -1.15    2 = FOG REDUCING VISIBILITY
HIGHEST:    92 ON 22, 1 GRTST 24HR  0.77 ON  1- 2      TO 1/4 MILE OR LESS
LOWEST:     54 ON 17, 5                            3 = THUNDER
                        SNOW, ICE PELLETS, HAIL    4 = ICE PELLETS
                        TOTAL MONTH:   0.0 INCH    5 = HAIL
                        GRTST 24HR     0.0         6 = FREEZING RAIN OR DRIZZLE
                        GRTST DEPTH:   0           7 = DUSTSTORM OR SANDSTORM:
                                                       VSBY 1/2 MILE OR LESS
                                                   8 = SMOKE OR HAZE
[NO. OF DAYS WITH]      [WEATHER - DAYS WITH]      9 = BLOWING SNOW
                                                   X = TORNADO
MAX 32 OR BELOW:   0    0.01 INCH OR MORE:  10
MAX 90 OR ABOVE:   3    0.10 INCH OR MORE:   7
MIN 32 OR BELOW:   0    0.50 INCH OR MORE:   2
MIN  0 OR BELOW:   0    1.00 INCH OR MORE:   0

[HDD (BASE 65) ]
TOTAL THIS MO.     0    CLEAR  (SCALE 0-3)   2
DPTR FM NORMAL     0    PTCLDY (SCALE 4-7)  18
TOTAL FM JUL 1     0    CLOUDY (SCALE 8-10)  3
DPTR FM NORMAL     0

[CDD (BASE 65) ]
TOTAL THIS MO.   204
DPTR FM NORMAL   -26    [PRESSURE DATA]
TOTAL FM JAN 1   648    HIGHEST SLP 30.33 ON  5
DPTR FM NORMAL   120    LOWEST  SLP 29.68 ON  8

[REMARKS]
