000
CXUS53 KILX 212300
CF6CMI
PRELIMINARY LOCAL CLIMATOLOGICAL DATA (WS FORM: F-6)

                                          STATION:   CHAMPAIGN IL AIRPORT
                                          MONTH:     SEPTEMBER
                                          YEAR:      2017
                                          LATITUDE:   40  1 N
                                          LONGITUDE:  88 17 W

  TEMPERATURE IN F:       :PCPN:    SNOW:  WIND      :SUNSHINE: SKY     :PK WND
================================================================================
1   2   3   4   5  6A  6B    7    8   9   10  11  12  13   14  15   16   17  18
                                     12Z  AVG MX 2MIN
DY MAX MIN AVG DEP HDD CDD  WTR  SNW DPTH SPD SPD DIR MIN PSBL S-S WX    SPD DR
================================================================================

 1  72  55  64  -6   1   0 0.00    M    M 13.0 20  50   M    M   0        26  50
 2  75  45  60 -10   5   0 0.00    M    M  6.7 10 320   M    M   1         M  M
 3  83  54  69  -1   0   4 0.00    M    M  4.5  8 300   M    M   0         M  M
 4  89  55  72   2   0   7 0.08    M    M 11.5 25 220   M    M   3 138    35 230
 5  72  51  62  -7   3   0 0.00    M    M  9.2 21 300   M    M   2        30 320
 6  68  44  56 -13   9   0 0.00    M    M  7.2 16 300   M    M   3        22 310
 7  72  43  58 -11   7   0 0.00    M    M  6.7 16 270   M    M   2        25 260
 8  81  45  63  -5   2   0 0.00    M    M  4.4 14  60   M    M   0        19  50
 9  79  52  66  -2   0   1 0.00    M    M  8.5 12  70   M    M   0         M  M
10  76  46  61  -7   4   0 0.00    M    M  6.9  8  60   M    M   0         M  M
11  75  50  63  -5   2   0 0.00    M    M  8.2 15  30   M    M   0        22  10
12  79  58  69   2   0   4    T    M    M 10.6 18  40   M    M   2        25  40
13  71  63  67   0   0   2 0.04    M    M  4.1 10  70   M    M  10 12     14  70
14  81  60  71   5   0   6 0.00    M    M  3.0  8 100   M    M   6 12     11 100
15  89  57  73   7   0   8 0.00    M    M  6.7 15 200   M    M   1 1      21 210
16  90  60  75   9   0  10 0.00    M    M  5.9 14 190   M    M   2 1      24 190
17  91  63  77  12   0  12    T    M    M  6.4 16 350   M    M   4 1      23 330
18  87  68  78  13   0  13 0.57    M    M  5.5 13 140   M    M   7 13     18 150
19  83  65  74  10   0   9 0.01    M    M  2.6  8 310   M    M   5 12     11 300
20  95  63  79  15   0  14 0.00    M    M  8.5 17 190   M    M   0 18     28 170
================================================================================
SM 1608 1097        33  90  0.70    M    140.1          M       48
================================================================================
AV 80.4 54.9                               7.0 FASTST   M    M   2    MAX(MPH)
                                 MISC ---->  # 25 220               # 35  230
================================================================================
NOTES:
# LAST OF SEVERAL OCCURRENCES

COLUMN 17 PEAK WIND IN M.P.H.

PRELIMINARY LOCAL CLIMATOLOGICAL DATA (WS FORM: F-6) , PAGE 2

                                          STATION:  CHAMPAIGN IL AIRPORT
                                          MONTH:    SEPTEMBER
                                          YEAR:     2017
                                          LATITUDE:   40  1 N
                                          LONGITUDE:  88 17 W

[TEMPERATURE DATA]      [PRECIPITATION DATA]       SYMBOLS USED IN COLUMN 16

AVERAGE MONTHLY: 67.6   TOTAL FOR MONTH:   0.70    1 = FOG OR MIST
DPTR FM NORMAL:   0.2   DPTR FM NORMAL:   -1.58    2 = FOG REDUCING VISIBILITY
HIGHEST:    95 ON 20    GRTST 24HR  0.57 ON 18-18      TO 1/4 MILE OR LESS
LOWEST:     43 ON  7                               3 = THUNDER
                        SNOW, ICE PELLETS, HAIL    4 = ICE PELLETS
                        TOTAL MONTH:    M          5 = HAIL
                        GRTST 24HR    M  ON   M    6 = FREEZING RAIN OR DRIZZLE
                        GRTST DEPTH:  M  ON   M    7 = DUSTSTORM OR SANDSTORM:
                                                       VSBY 1/2 MILE OR LESS
                                                   8 = SMOKE OR HAZE
[NO. OF DAYS WITH]      [WEATHER - DAYS WITH]      9 = BLOWING SNOW
                                                   X = TORNADO
MAX 32 OR BELOW:   0    0.01 INCH OR MORE:   4
MAX 90 OR ABOVE:   3    0.10 INCH OR MORE:   1
MIN 32 OR BELOW:   0    0.50 INCH OR MORE:   1
MIN  0 OR BELOW:   0    1.00 INCH OR MORE:   0

[HDD (BASE 65) ]
TOTAL THIS MO.    33    CLEAR  (SCALE 0-3)  14
DPTR FM NORMAL     4    PTCLDY (SCALE 4-7)   5
TOTAL FM JUL 1    37    CLOUDY (SCALE 8-10)  1
DPTR FM NORMAL    -1

[CDD (BASE 65) ]
TOTAL THIS MO.    90
DPTR FM NORMAL    10    [PRESSURE DATA]
TOTAL FM JAN 1   978    HIGHEST SLP M ON M
DPTR FM NORMAL    71    LOWEST  SLP 29.73 ON 13

[REMARKS]
