476
CXUS53 KILX 242300
CF6CMI
PRELIMINARY LOCAL CLIMATOLOGICAL DATA (WS FORM: F-6)

                                          STATION:   CHAMPAIGN IL AIRPORT
                                          MONTH:     SEPTEMBER
                                          YEAR:      2016
                                          LATITUDE:   40  1 N
                                          LONGITUDE:  88 17 W

  TEMPERATURE IN F:       :PCPN:    SNOW:  WIND      :SUNSHINE: SKY     :PK WND
================================================================================
1   2   3   4   5  6A  6B    7    8   9   10  11  12  13   14  15   16   17  18
                                     12Z  AVG MX 2MIN
DY MAX MIN AVG DEP HDD CDD  WTR  SNW DPTH SPD SPD DIR MIN PSBL S-S WX    SPD DR
================================================================================

 1  78  59  69  -1   0   4 0.00    M    M 11.7 18  10   M    M   1        24  20
 2  76  58  67  -3   0   2 0.00    M    M 10.0 18  40   M    M   1        25  50
 3  79  57  68  -2   0   3 0.00    M    M  7.5 13  90   M    M   1        17  90
 4  83  57  70   0   0   5 0.00    M    M  7.0 13 150   M    M   0         M  M
 5  88  64  76   7   0  11 0.00    M    M  9.2 16 190   M    M   2        22 200
 6  90  70  80  11   0  15 0.00    M    M  9.5 20 230   M    M   1 1      25 230
 7  90  72  81  12   0  16    T    M    M 10.2 20 210   M    M   1 1      29 210
 8  80  67  74   6   0   9 1.49    M    M  7.1 16 270   M    M   6 123    22 250
 9  79  67  73   5   0   8 2.41    M    M  6.1 22 240   M    M   9 123    27 240
10  76  55  66  -2   0   1 0.75    M    M  8.9 23 280   M    M   5 123    30 290
11  77  51  64  -4   1   0 0.00    M    M  3.7  9 180   M    M   0        13 160
12  80  52  66  -1   0   1 0.00    M    M  6.7 15 170   M    M   0        20 180
13  86  57  72   5   0   7 0.00    M    M  6.0 13 210   M    M   1        19 110
14  82  66  74   8   0   9 0.06    M    M  7.6 17  30   M    M   5 13     20  20
15  84  63  74   8   0   9 0.00    M    M  7.4 10 100   M    M   4 1      21 110
16  77  65  71   5   0   6 0.19    M    M  7.6 17 160   M    M   3 13     25 110
17  82  63  73   8   0   8 0.23    M    M  6.7 14 260   M    M   5 1      20 260
18  84  58  71   6   0   6 0.00    M    M  3.4  9 330   M    M   1 1      12 310
19  87  55  71   7   0   6 0.00    M    M  5.3 14 190   M    M   0        18 190
20  91  60  76  12   0  11 0.00    M    M  5.1  8 150   M    M   1        13 110
21  91  61  76  12   0  11 0.00    M    M  5.8 15  60   M    M   0        20  50
22  92  60  76  13   0  11 0.00    M    M  5.7 14 210   M    M   0 1      17 220
23  92  61  77  14   0  12 0.00    M    M  3.9 14  60   M    M   1 18     17  40
================================================================================
SM 1924 1398         1 171  5.13    M    162.1          M       48
================================================================================
AV 83.7 60.8                               7.0 FASTST   M    M   2    MAX(MPH)
                                 MISC ---->  # 23 280               # 30  290
================================================================================
NOTES:
# LAST OF SEVERAL OCCURRENCES

COLUMN 17 PEAK WIND IN M.P.H.

PRELIMINARY LOCAL CLIMATOLOGICAL DATA (WS FORM: F-6) , PAGE 2

                                          STATION:  CHAMPAIGN IL AIRPORT
                                          MONTH:    SEPTEMBER
                                          YEAR:     2016
                                          LATITUDE:   40  1 N
                                          LONGITUDE:  88 17 W

[TEMPERATURE DATA]      [PRECIPITATION DATA]       SYMBOLS USED IN COLUMN 16

AVERAGE MONTHLY: 72.2   TOTAL FOR MONTH:   5.13    1 = FOG OR MIST
DPTR FM NORMAL:   5.3   DPTR FM NORMAL:    2.57    2 = FOG REDUCING VISIBILITY
HIGHEST:    92 ON 23,22 GRTST 24HR  3.16 ON  9-10      TO 1/4 MILE OR LESS
LOWEST:     51 ON 11                               3 = THUNDER
                        SNOW, ICE PELLETS, HAIL    4 = ICE PELLETS
                        TOTAL MONTH:    M          5 = HAIL
                        GRTST 24HR    M  ON   M    6 = FREEZING RAIN OR DRIZZLE
                        GRTST DEPTH:  M  ON   M    7 = DUSTSTORM OR SANDSTORM:
                                                       VSBY 1/2 MILE OR LESS
                                                   8 = SMOKE OR HAZE
[NO. OF DAYS WITH]      [WEATHER - DAYS WITH]      9 = BLOWING SNOW
                                                   X = TORNADO
MAX 32 OR BELOW:   0    0.01 INCH OR MORE:   6
MAX 90 OR ABOVE:   6    0.10 INCH OR MORE:   5
MIN 32 OR BELOW:   0    0.50 INCH OR MORE:   3
MIN  0 OR BELOW:   0    1.00 INCH OR MORE:   2

[HDD (BASE 65) ]
TOTAL THIS MO.     1    CLEAR  (SCALE 0-3)  16
DPTR FM NORMAL   -40    PTCLDY (SCALE 4-7)   6
TOTAL FM JUL 1     9    CLOUDY (SCALE 8-10)  1
DPTR FM NORMAL   -41

[CDD (BASE 65) ]
TOTAL THIS MO.   171
DPTR FM NORMAL    85    [PRESSURE DATA]
TOTAL FM JAN 1  1192    HIGHEST SLP M ON M
DPTR FM NORMAL   279    LOWEST  SLP 29.83 ON  8

[REMARKS]
