000
CXUS53 KILX 272300
CF6CMI
PRELIMINARY LOCAL CLIMATOLOGICAL DATA (WS FORM: F-6)

                                          STATION:   CHAMPAIGN IL AIRPORT
                                          MONTH:     FEBRUARY
                                          YEAR:      2015
                                          LATITUDE:   40  1 N
                                          LONGITUDE:  88 17 W

  TEMPERATURE IN F:       :PCPN:    SNOW:  WIND      :SUNSHINE: SKY     :PK WND
================================================================================
1   2   3   4   5  6A  6B    7    8   9   10  11  12  13   14  15   16   17  18
                                     12Z  AVG MX 2MIN
DY MAX MIN AVG DEP HDD CDD  WTR  SNW DPTH SPD SPD DIR MIN PSBL S-S WX    SPD DR
================================================================================

 1  34  17  26   0  39   0 0.25    M    M 13.4 31 360   M    M  10 12     37 360
 2  19  10  15 -11  50   0    T    M    M 13.9 30 330   M    M   5 19     38 320
 3  36  16  26   0  39   0 0.00    M    M 12.4 21 200   M    M   3        26 180
 4  35   6  21  -6  44   0    M    M    M 14.6 24 330   M    M   5 18     27 330
 5  16  -1   8 -19  57   0 0.00    M    M  6.7 15 330   M    M   1        17 330
 6  35  11  23  -4  42   0 0.00    M    M 12.1 18 160   M    M   0        23 150
 7  50  31  41  14  24   0 0.00    M    M 13.7 20 170   M    M   0        24 180
 8  54  32  43  16  22   0    T    M    M 14.6 21  10   M    M   4 18     27 210
 9  32  27  30   2  35   0 0.00    M    M 15.1 23  10   M    M  10 1      28 350
10  36  27  32   4  33   0    T    M    M  7.3 17 170   M    M   4        20 150
11  37  23  30   2  35   0    T    M    M 14.3 26 300   M    M   9 18     32 290
12  23   9  16 -12  49   0    T    M    M 18.6 31 340   M    M   4        42 320
13  30   7  19 -10  46   0 0.00    M    M 11.0 21 210   M    M   5        26 220
14  29   4  17 -12  48   0    T    M    M 22.0 40 330   M    M   5        47 320
15  19   2  11 -18  54   0 0.00    M    M  9.8 16 350   M    M   5        19 360
16  22   5  14 -16  51   0    T    M    M  8.2 14 100   M    M   5 8      17  30
17  31   5  18 -12  47   0    T    M    M 11.4 22 280   M    M   7 1      27 300
18  18   1  10 -20  55   0    M    M    M 16.1 29 310   M    M   7 1289   36 320
19  11  -4   4 -27  61   0 0.00    M    M 11.6 21 320   M    M   0        27 320
20  21  -3   9 -22  56   0 0.08    M    M 15.1 23 160   M    M   7 1      31 160
21  32  18  25  -7  40   0 0.20    M    M  5.8 10 330   M    M   9 18     14 150
22  29   6  18 -14  47   0 0.00    M    M 15.5 22 330   M    M   4 18     26 320
23  13 -10   2 -30  63   0 0.00    M    M  8.7 14 340   M    M   0        18 340
24  29 -14   8 -25  57   0 0.00    M    M 15.0 30 220   M    M   2        36 230
25  30   6  18 -15  47   0    T    M    M  8.0 20 100   M    M   3 1      23  90
26  24   9  17 -16  48   0 0.02    M    M 13.1 22 360   M    M   9 18     25  10
================================================================================
SM  745  240      1189   0  0.55    M    328.0          M      123
================================================================================
AV 28.7  9.2                              12.6 FASTST   M    M   5    MAX(MPH)
                                 MISC ---->  # 40 330               # 47  320
================================================================================
NOTES:
# LAST OF SEVERAL OCCURRENCES

COLUMN 17 PEAK WIND IN M.P.H.

PRELIMINARY LOCAL CLIMATOLOGICAL DATA (WS FORM: F-6) , PAGE 2

                                          STATION:  CHAMPAIGN IL AIRPORT
                                          MONTH:    FEBRUARY
                                          YEAR:     2015
                                          LATITUDE:   40  1 N
                                          LONGITUDE:  88 17 W

[TEMPERATURE DATA]      [PRECIPITATION DATA]       SYMBOLS USED IN COLUMN 16

AVERAGE MONTHLY: 18.9   TOTAL FOR MONTH:   0.55    1 = FOG OR MIST
DPTR FM NORMAL: -10.2   DPTR FM NORMAL:   -1.33    2 = FOG REDUCING VISIBILITY
HIGHEST:    54 ON  8    GRTST 24HR  0.36 ON 31- 1      TO 1/4 MILE OR LESS
LOWEST:    -14 ON 24                               3 = THUNDER
                        SNOW, ICE PELLETS, HAIL    4 = ICE PELLETS
                        TOTAL MONTH:    M          5 = HAIL
                        GRTST 24HR    M  ON   M    6 = FREEZING RAIN OR DRIZZLE
                        GRTST DEPTH:  M  ON   M    7 = DUSTSTORM OR SANDSTORM:
                                                       VSBY 1/2 MILE OR LESS
                                                   8 = SMOKE OR HAZE
[NO. OF DAYS WITH]      [WEATHER - DAYS WITH]      9 = BLOWING SNOW
                                                   X = TORNADO
MAX 32 OR BELOW:  18    0.01 INCH OR MORE:   4
MAX 90 OR ABOVE:   0    0.10 INCH OR MORE:   2
MIN 32 OR BELOW:  26    0.50 INCH OR MORE:   0
MIN  0 OR BELOW:   5    1.00 INCH OR MORE:   0

[HDD (BASE 65) ]
TOTAL THIS MO.  1189    CLEAR  (SCALE 0-3)   6
DPTR FM NORMAL   257    PTCLDY (SCALE 4-7)  15
TOTAL FM JUL 1  4762    CLOUDY (SCALE 8-10)  5
DPTR FM NORMAL   320

[CDD (BASE 65) ]
TOTAL THIS MO.     0
DPTR FM NORMAL     0    [PRESSURE DATA]
TOTAL FM JAN 1     0    HIGHEST SLP M ON M
DPTR FM NORMAL     0    LOWEST  SLP 29.62 ON  8

[REMARKS]
