000
CXUS53 KTOP 290820
CF6CNK
PRELIMINARY LOCAL CLIMATOLOGICAL DATA (WS FORM: F-6)

                                          STATION:   Concordia KS
                                          MONTH:     DECEMBER
                                          YEAR:      2014
                                          LATITUDE:   39 32 N
                                          LONGITUDE:  97 39 W

  TEMPERATURE IN F:       :PCPN:    SNOW:  WIND      :SUNSHINE: SKY     :PK WND
================================================================================
1   2   3   4   5  6A  6B    7    8   9   10  11  12  13   14  15   16   17  18
                                     12Z  AVG MX 2MIN
DY MAX MIN AVG DEP HDD CDD  WTR  SNW DPTH SPD SPD DIR MIN PSBL S-S WX    SPD DR
================================================================================

 1  27  14  21 -13  44   0 0.00  0.0    0  9.0 21  20   M    M   0        25  20
 2  47  15  31  -2  34   0 0.00  0.0    0 12.0 22 210   M    M   0        27 220
 3  40  22  31  -2  34   0 0.00  0.0    0  7.1 16  50   M    M   0        21  50
 4  49  27  38   6  27   0 0.00  0.0    0  7.3 14 180   M    M   5        21 180
 5  57  35  46  14  19   0 0.01  0.0    0  3.8 13  20   M    M   3 1      17 360
 6  36  25  31  -1  34   0 0.00  0.0    0  7.0 14  10   M    M   8 18     17  20
 7  42  34  38   6  27   0 0.00  0.0    0  8.8 18 150   M    M   9 12     23 150
 8  54  30  42  11  23   0 0.00  0.0    0  8.6 14  40   M    M   1 12     17  30
 9  39  20  30  -1  35   0 0.00  0.0    0  5.7 12  20   M    M   0        15  10
10  41  23  32   1  33   0 0.00  0.0    0  7.5 12 140   M    M   9 1      13 140
11  40  33  37   7  28   0 0.00  0.0    0  4.3 10 190   M    M  10 1      12 190
12  58  37  48  18  17   0 0.00  0.0    0  6.9 17 180   M    M  10 18     22 180
13  55  48  52  22  13   0 0.00  0.0    0 14.3 21 180   M    M  10 1      28 160
14  58  45  52  22  13   0 0.16  0.0    0 13.1 23 180   M    M   9 13     31 190
15  49  29  39   9  26   0 0.02    T    0 18.7 32 340   M    M  10 1      45 330
16  33  24  29   0  36   0 0.00  0.0    0 12.4 29 340   M    M  10        39 330
17  28  22  25  -4  40   0 0.02  0.5    0  7.8 12 130   M    M  10 1      14 100
18  32  25  29   0  36   0 0.38  4.5    5  3.1  7 170   M    M  10 12      9  80
19  33  28  31   2  34   0 0.00  0.0    3  8.0 16 180   M    M   9 1      17 170
20  43  27  35   6  30   0 0.00  0.0    2  8.5 21 190   M    M   1 1      26 180
21  43  35  39  10  26   0 0.01  0.0    T 13.3 20 190   M    M   8 1      26 200
22  51  38  45  16  20   0 0.03  0.0    0 12.0 24 320   M    M   8 1      36 310
23  40  32  36   7  29   0 0.09    T    0 15.5 24 340   M    M  10 1      32 340
24  41  29  35   6  30   0    T    T    T 12.2 23 340   M    M   6        31 340
25  51  33  42  14  23   0 0.00  0.0    0 13.9 28 180   M    M   0        34 180
26  40  26  33   5  32   0 0.02    T    T 12.3 22  20   M    M   9 16     28 360
27  31  18  25  -3  40   0 0.00  0.0    0  8.5 16 320   M    M   0        22 310
28  40  17  29   1  36   0 0.00  0.0    0  4.6 13 250   M    M   2        16 250
================================================================================
SM 1198  791       819   0  0.74     5.0 266.2          M      167
================================================================================
AV 42.8 28.2                               9.5 FASTST   M    M   6    MAX(MPH)
                                 MISC ---->  # 32 340               # 45  330
================================================================================
NOTES:
# LAST OF SEVERAL OCCURRENCES

COLUMN 17 PEAK WIND IN M.P.H.

PRELIMINARY LOCAL CLIMATOLOGICAL DATA (WS FORM: F-6) , PAGE 2

                                          STATION:  Concordia KS
                                          MONTH:    DECEMBER
                                          YEAR:     2014
                                          LATITUDE:   39 32 N
                                          LONGITUDE:  97 39 W

[TEMPERATURE DATA]      [PRECIPITATION DATA]       SYMBOLS USED IN COLUMN 16

AVERAGE MONTHLY: 35.5   TOTAL FOR MONTH:   0.74    1 = FOG OR MIST
DPTR FM NORMAL:   5.4   DPTR FM NORMAL:   -0.06    2 = FOG REDUCING VISIBILITY
HIGHEST:    58 ON 14,12 GRTST 24HR  0.40 ON 17-18      TO 1/4 MILE OR LESS
LOWEST:     14 ON  1                               3 = THUNDER
                        SNOW, ICE PELLETS, HAIL    4 = ICE PELLETS
                        TOTAL MONTH:   5.0 INCHES  5 = HAIL
                        GRTST 24HR   4.5 ON 18-18  6 = FREEZING RAIN OR DRIZZLE
                        GRTST DEPTH:   5 ON 18     7 = DUSTSTORM OR SANDSTORM:
                                                       VSBY 1/2 MILE OR LESS
                                                   8 = SMOKE OR HAZE
[NO. OF DAYS WITH]      [WEATHER - DAYS WITH]      9 = BLOWING SNOW
                                                   X = TORNADO
MAX 32 OR BELOW:   4    0.01 INCH OR MORE:   9
MAX 90 OR ABOVE:   0    0.10 INCH OR MORE:   2
MIN 32 OR BELOW:  19    0.50 INCH OR MORE:   0
MIN  0 OR BELOW:   0    1.00 INCH OR MORE:   0

[HDD (BASE 65) ]
TOTAL THIS MO.   819    CLEAR  (SCALE 0-3)   9
DPTR FM NORMAL  -155    PTCLDY (SCALE 4-7)   5
TOTAL FM JUL 1  1982    CLOUDY (SCALE 8-10) 14
DPTR FM NORMAL   -84

[CDD (BASE 65) ]
TOTAL THIS MO.     0
DPTR FM NORMAL     0    [PRESSURE DATA]
TOTAL FM JAN 1  1368    HIGHEST SLP M ON M
DPTR FM NORMAL    19    LOWEST  SLP 29.45 ON 22

[REMARKS]
