697
CXUS55 KPUB 201059
CF6COS
PRELIMINARY LOCAL CLIMATOLOGICAL DATA (WS FORM: F-6)

                                          STATION:   COLORADO SPRINGS CO
                                          MONTH:     OCTOBER
                                          YEAR:      2017
                                          LATITUDE:   38 49 N
                                          LONGITUDE: 104 43 W

  TEMPERATURE IN F:       :PCPN:    SNOW:  WIND      :SUNSHINE: SKY     :PK WND
================================================================================
1   2   3   4   5  6A  6B    7    8   9   10  11  12  13   14  15   16   17  18
                                     12Z  AVG MX 2MIN
DY MAX MIN AVG DEP HDD CDD  WTR  SNW DPTH SPD SPD DIR MIN PSBL S-S WX    SPD DR
================================================================================

 1  72  43  58   3   7   0 0.00  0.0    0 12.7 37 230   M    M   4        45 230
 2  61  40  51  -3  14   0 0.00  0.0    0  8.4 26 340   M    M   6        30 340
 3  57  40  49  -5  16   0 0.02  0.0    0  7.9 18 180   M    M   8 18     23 200
 4  59  49  54   0  11   0 0.04  0.0    0  7.6 20 150   M    M  10 12     24 120
 5  70  47  59   6   6   0 0.02  0.0    0  7.6 21 170   M    M   5 1      26 160
 6  67  38  53   0  12   0    T  0.0    0  9.2 37 290   M    M   7 1238   45 290
 7  77  35  56   4   9   0 0.00  0.0    0  7.8 21 170   M    M   2        23 160
 8  75  38  57   5   8   0    T    T    0 16.1 35 350   M    M   4        44 360
 9  40  30  35 -17  30   0 0.09  0.3    0 15.3 33 330   M    M   9 1      40 340
10  58  25  42  -9  23   0 0.00  0.0    0  6.9 18 160   M    M   1        23 150
11  75  30  53   2  12   0 0.00  0.0    0  6.8 17 130   M    M   3        23 150
12  79  43  61  10   4   0 0.00  0.0    0 15.6 33 340   M    M   2        42 350
13  64  41  53   3  12   0 0.00  0.0    0  9.7 21 170   M    M   2        25 150
14  71  37  54   4  11   0 0.00  0.0    0 14.7 37  20   M    M   1        45  30
15  61  24  43  -7  22   0 0.00  0.0    0  5.9 12 160   M    M   0        16 130
16  77  33  55   6  10   0 0.00  0.0    0  6.9 14  10   M    M   5        16 160
17  74  40  57   8   8   0 0.00  0.0    0  6.7 13 360   M    M   2        17 220
18  77  41  59  10   6   0 0.00  0.0    0  7.4 17 350   M    M   5 8      23 360
19  73  39  56   8   9   0 0.00  0.0    0  8.4 18 150   M    M   6        24 170
================================================================================
SM 1287  713       230   0  0.17     0.3 181.6          M       82
================================================================================
AV 67.7 37.5                               9.6 FASTST   M    M   4    MAX(MPH)
                                 MISC ---->  # 37 230               # 45  230
================================================================================
NOTES:
# LAST OF SEVERAL OCCURRENCES

COLUMN 17 PEAK WIND IN M.P.H.

PRELIMINARY LOCAL CLIMATOLOGICAL DATA (WS FORM: F-6) , PAGE 2

                                          STATION:  COLORADO SPRINGS CO
                                          MONTH:    OCTOBER
                                          YEAR:     2017
                                          LATITUDE:   38 49 N
                                          LONGITUDE: 104 43 W

[TEMPERATURE DATA]      [PRECIPITATION DATA]       SYMBOLS USED IN COLUMN 16

AVERAGE MONTHLY: 52.6   TOTAL FOR MONTH:   0.17    1 = FOG OR MIST
DPTR FM NORMAL:   1.2   DPTR FM NORMAL:   -0.36    2 = FOG REDUCING VISIBILITY
HIGHEST:    79 ON 12    GRTST 24HR  0.09 ON  9- 9      TO 1/4 MILE OR LESS
LOWEST:     24 ON 15                               3 = THUNDER
                        SNOW, ICE PELLETS, HAIL    4 = ICE PELLETS
                        TOTAL MONTH:   0.3 INCH    5 = HAIL
                        GRTST 24HR   0.3 ON  9- 9  6 = FREEZING RAIN OR DRIZZLE
                        GRTST DEPTH:   0           7 = DUSTSTORM OR SANDSTORM:
                                                       VSBY 1/2 MILE OR LESS
                                                   8 = SMOKE OR HAZE
[NO. OF DAYS WITH]      [WEATHER - DAYS WITH]      9 = BLOWING SNOW
                                                   X = TORNADO
MAX 32 OR BELOW:   0    0.01 INCH OR MORE:   4
MAX 90 OR ABOVE:   0    0.10 INCH OR MORE:   0
MIN 32 OR BELOW:   4    0.50 INCH OR MORE:   0
MIN  0 OR BELOW:   0    1.00 INCH OR MORE:   0

[HDD (BASE 65) ]
TOTAL THIS MO.   230    CLEAR  (SCALE 0-3)   8
DPTR FM NORMAL   -29    PTCLDY (SCALE 4-7)   9
TOTAL FM JUL 1   371    CLOUDY (SCALE 8-10)  2
DPTR FM NORMAL   -78

[CDD (BASE 65) ]
TOTAL THIS MO.     0
DPTR FM NORMAL     0    [PRESSURE DATA]
TOTAL FM JAN 1   639    HIGHEST SLP M ON M
DPTR FM NORMAL   185    LOWEST  SLP 29.57 ON  8

[REMARKS]
