000
CXUS55 KLOX 011655
CF6CQT
PRELIMINARY LOCAL CLIMATOLOGICAL DATA (WS FORM: F-6)

                                          STATION:   DOWNTOWN LOS ANGELES (USC) CA
                                          MONTH:     JUNE
                                          YEAR:      2015
                                          LATITUDE:   34  1 N
                                          LONGITUDE: 118 17 W

  TEMPERATURE IN F:       :PCPN:    SNOW:  WIND      :SUNSHINE: SKY     :PK WND
================================================================================
1   2   3   4   5  6A  6B    7    8   9   10  11  12  13   14  15   16   17  18
                                     12Z  AVG MX 2MIN
DY MAX MIN AVG DEP HDD CDD  WTR  SNW DPTH SPD SPD DIR MIN PSBL S-S WX    SPD DR
================================================================================

 1  75  59  67   0   0   2 0.00  0.0    0  1.4 10 280   M    M   4 18     15 270
 2  76  60  68   1   0   3 0.00  0.0    0  2.0  8 270   M    M   1        14 280
 3  74  61  68   1   0   3    T  0.0    0  2.6  9 270   M    M   6 18     14 280
 4  70  61  66  -1   0   1    T  0.0    0  0.9  7 290   M    M   8 18     10 260
 5  73  60  67   0   0   2    T  0.0    0  2.6 10 270   M    M   5        18 260
 6  72  58  65  -3   0   0 0.00  0.0    0  1.7  9 270   M    M   4        14 270
 7  77  60  69   1   0   4 0.00  0.0    0  1.5 10 280   M    M   3        16 270
 8  85  60  73   5   0   8 0.00  0.0    0  1.7  9 270   M    M   1 18     13 280
 9  86  62  74   6   0   9 0.01  0.0    M  3.1  9 280   M    M   4 1      16 310
10  73  62  68   0   0   3 0.00  0.0    0  2.0  9 270   M    M   7 18     16 270
11  75  62  69   1   0   4 0.00  0.0    0  1.5  8 270   M    M   8 18     14 270
12  72  63  68   0   0   3 0.00  0.0    0  1.2  7 300   M    M   7 18     11 260
13  72  63  68  -1   0   3 0.00  0.0    0  1.3  7 270   M    M   9 18     11 270
14  77  63  70   1   0   5 0.00  0.0    0  1.7  9 270   M    M   8 18     15 280
15  78  62  70   1   0   5 0.00  0.0    0  1.7  9 270   M    M   4 18     14 270
16  79  61  70   1   0   5 0.00  0.0    0  1.6  8 270   M    M   3 18     12 270
17  78  62  70   1   0   5 0.00  0.0    0  1.6  8 270   M    M   5 18     12 270
18  81  62  72   2   0   7 0.00  0.0    0  1.2  9 280   M    M   3 18     14 270
19  82  58  70   0   0   5 0.00  0.0    0  1.1  9 280   M    M   0 18     13 270
20  85  63  74   4   0   9 0.00  0.0    0  1.4 10 280   M    M   1 18     14 270
21  82  64  73   3   0   8 0.00  0.0    0  1.9  9 280   M    M   2 18     16 270
22  83  62  73   3   0   8 0.00  0.0    0  1.3  8 280   M    M   0 1      14 270
23  84  63  74   3   0   9 0.00  0.0    0  1.5 10 280   M    M   0        15 280
24  83  63  73   2   0   8 0.00  0.0    0  1.0 12 280   M    M   0 8      18 270
25  81  62  72   1   0   7 0.00  0.0    0  2.0  8 270   M    M   1 1      14 280
26  78  60  69  -2   0   4 0.00  0.0    0  1.6 10 270   M    M   3 18     13 270
27  77  62  70  -1   0   5    T  0.0    0  0.8  9 270   M    M   1        15 270
28  86  67  77   5   0  12    T  0.0    0  1.1  9 280   M    M   0        14 280
29  91  68  80   8   0  15 0.00  0.0    0  1.3  8 260   M    M   0 8      12 270
30  89  67  78   6   0  13    T  0.0    0  0.8 12 140   M    M   0 8      20 170
================================================================================
SM 2374 1860         0 175  0.01     0.0  47.1          M       98
================================================================================
AV 79.1 62.0                               1.6 FASTST   M    M   3    MAX(MPH)
                                 MISC ---->    12   M                 20    M
================================================================================
NOTES:
# LAST OF SEVERAL OCCURRENCES

COLUMN 17 PEAK WIND IN M.P.H.

PRELIMINARY LOCAL CLIMATOLOGICAL DATA (WS FORM: F-6) , PAGE 2

                                          STATION:  DOWNTOWN LOS ANGELES (USC) CA
                                          MONTH:    JUNE
                                          YEAR:     2015
                                          LATITUDE:   34  1 N
                                          LONGITUDE: 118 17 W

[TEMPERATURE DATA]      [PRECIPITATION DATA]       SYMBOLS USED IN COLUMN 16

AVERAGE MONTHLY: 70.6   TOTAL FOR MONTH:   0.01    1 = FOG OR MIST
DPTR FM NORMAL:   1.4   DPTR FM NORMAL:   -0.08    2 = FOG REDUCING VISIBILITY
HIGHEST:    91 ON 29    GRTST 24HR  0.01 ON  9- 9      TO 1/4 MILE OR LESS
LOWEST:     58 ON 19, 6                            3 = THUNDER
                        SNOW, ICE PELLETS, HAIL    4 = ICE PELLETS
                        TOTAL MONTH:   0.0 INCH    5 = HAIL
                        GRTST 24HR     0.0         6 = FREEZING RAIN OR DRIZZLE
                        GRTST DEPTH:   0           7 = DUSTSTORM OR SANDSTORM:
                                                       VSBY 1/2 MILE OR LESS
                                                   8 = SMOKE OR HAZE
[NO. OF DAYS WITH]      [WEATHER - DAYS WITH]      9 = BLOWING SNOW
                                                   X = TORNADO
MAX 32 OR BELOW:   0    0.01 INCH OR MORE:   1
MAX 90 OR ABOVE:   1    0.10 INCH OR MORE:   0
MIN 32 OR BELOW:   0    0.50 INCH OR MORE:   0
MIN  0 OR BELOW:   0    1.00 INCH OR MORE:   0

[HDD (BASE 65) ]
TOTAL THIS MO.     0    CLEAR  (SCALE 0-3)  15
DPTR FM NORMAL    -8    PTCLDY (SCALE 4-7)  14
TOTAL FM JUL 1   470    CLOUDY (SCALE 8-10)  1
DPTR FM NORMAL  -614

[CDD (BASE 65) ]
TOTAL THIS MO.   175
DPTR FM NORMAL    41    [PRESSURE DATA]
TOTAL FM JAN 1   463    HIGHEST SLP 30.03 ON 27
DPTR FM NORMAL   175    LOWEST  SLP 29.75 ON 14

[REMARKS]
#FINAL-06-15#
