000
CXUS52 KILM 291000
CF6CRE
PRELIMINARY LOCAL CLIMATOLOGICAL DATA (WS FORM: F-6)

                                          STATION:   NORTH MYRTLE BEACH SC
                                          MONTH:     AUGUST
                                          YEAR:      2015
                                          LATITUDE:   33 49 N
                                          LONGITUDE:  78 43 W

  TEMPERATURE IN F:       :PCPN:    SNOW:  WIND      :SUNSHINE: SKY     :PK WND
================================================================================
1   2   3   4   5  6A  6B    7    8   9   10  11  12  13   14  15   16   17  18
                                     12Z  AVG MX 2MIN
DY MAX MIN AVG DEP HDD CDD  WTR  SNW DPTH SPD SPD DIR MIN PSBL S-S WX    SPD DR
================================================================================

 1  87  74  81   1   0  16    T    M    M  6.9 16 190   M    M   1 1      20 210
 2  88  74  81   1   0  16    T    M    M  7.2 23 200   M    M   4        29 210
 3  88  75  82   2   0  17 0.31    M    M  7.7 26 220   M    M   5 13     35 200
 4  87  72  80   0   0  15 1.84    M    M 10.8 30 200   M    M   6 13     37 200
 5  90  78  84   4   0  19 0.00    M    M 11.2 22 210   M    M   0        26 220
 6  88  74  81   2   0  16    T    M    M 11.3 31 220   M    M   1 3      38 220
 7  88  74  81   2   0  16 0.01    M    M  6.4 14 280   M    M   6 8      20 290
 8  86  73  80   1   0  15 0.00    M    M  6.4 14  10   M    M   7 1      19 320
 9  84  68  76  -3   0  11 0.00    M    M  6.9 15  50   M    M   0        17  50
10  84  70  77  -2   0  12 0.00    M    M  6.7 13 200   M    M   0        16 140
11  87  75  81   2   0  16 0.27    M    M 12.6 22 210   M    M   3 13     30 220
12  87  73  80   1   0  15 0.03    M    M  4.0 12 160   M    M   4 1      15 150
13  88  69  79   0   0  14 0.00    M    M  6.4 15 120   M    M   3 12     20 120
14  88  67  78  -1   0  13 0.03    M    M  7.8 16 110   M    M   0        22 100
15  88  67  78  -1   0  13 0.00    M    M  5.5 14 160   M    M   0        18 120
16  85  68  77  -2   0  12 0.00    M    M  5.1 13 170   M    M   0        16 160
17  88  69  79   0   0  14 0.00    M    M  5.3 13 190   M    M   0 1      17 180
18  81  74  78  -1   0  13 0.14    M    M  5.4 13 210   M    M   5 1      16 200
19  85  77  81   2   0  16 0.29    M    M  7.2 18 240   M    M   4 138    23 230
20  87  75  81   2   0  16 0.01    M    M  5.8 18 220   M    M   1 13     23 220
21  88  73  81   2   0  16 0.02    M    M  4.7 13  50   M    M   2 123    18  30
22  90  70  80   1   0  15 0.00    M    M  5.5 13  40   M    M   1        18  40
23  88  67  78  -1   0  13 0.00    M    M  4.6 13  20   M    M   0        15  20
24  87  73  80   2   0  15 0.00    M    M  6.5 15 180   M    M   1        18 160
25  87  76  82   4   0  17 0.07    M    M  7.1 14 180   M    M   3 13     18 180
26  87  72  80   2   0  15 0.50    M    M  3.4 24 190   M    M   5 13     28 210
27  83  72  78   0   0  13 1.51    M    M  5.9 13  10   M    M   6 1      17 360
28  86  69  78   0   0  13 0.00    M    M  7.7 16  40   M    M   2        21  50
================================================================================
SM 2430 2018         0 412  5.03    M    192.0          M       70
================================================================================
AV 86.8 72.1                               6.9 FASTST   M    M   3    MAX(MPH)
                                 MISC ---->  # 31 220               # 38  220
================================================================================
NOTES:
# LAST OF SEVERAL OCCURRENCES

COLUMN 17 PEAK WIND IN M.P.H.

PRELIMINARY LOCAL CLIMATOLOGICAL DATA (WS FORM: F-6) , PAGE 2

                                          STATION:  NORTH MYRTLE BEACH SC
                                          MONTH:    AUGUST
                                          YEAR:     2015
                                          LATITUDE:   33 49 N
                                          LONGITUDE:  78 43 W

[TEMPERATURE DATA]      [PRECIPITATION DATA]       SYMBOLS USED IN COLUMN 16

AVERAGE MONTHLY: 79.4   TOTAL FOR MONTH:   5.03    1 = FOG OR MIST
DPTR FM NORMAL:   0.4   DPTR FM NORMAL:   -1.65    2 = FOG REDUCING VISIBILITY
HIGHEST:    90 ON 22, 5 GRTST 24HR  2.15 ON  3- 4      TO 1/4 MILE OR LESS
LOWEST:     67 ON 23,15                            3 = THUNDER
                        SNOW, ICE PELLETS, HAIL    4 = ICE PELLETS
                        TOTAL MONTH:    M          5 = HAIL
                        GRTST 24HR    M  ON   M    6 = FREEZING RAIN OR DRIZZLE
                        GRTST DEPTH:  M  ON   M    7 = DUSTSTORM OR SANDSTORM:
                                                       VSBY 1/2 MILE OR LESS
                                                   8 = SMOKE OR HAZE
[NO. OF DAYS WITH]      [WEATHER - DAYS WITH]      9 = BLOWING SNOW
                                                   X = TORNADO
MAX 32 OR BELOW:   0    0.01 INCH OR MORE:  13
MAX 90 OR ABOVE:   2    0.10 INCH OR MORE:   7
MIN 32 OR BELOW:   0    0.50 INCH OR MORE:   3
MIN  0 OR BELOW:   0    1.00 INCH OR MORE:   2

[HDD (BASE 65) ]
TOTAL THIS MO.     0    CLEAR  (SCALE 0-3)  16
DPTR FM NORMAL     0    PTCLDY (SCALE 4-7)  12
TOTAL FM JUL 1     0    CLOUDY (SCALE 8-10)  0
DPTR FM NORMAL     0

[CDD (BASE 65) ]
TOTAL THIS MO.   412
DPTR FM NORMAL    19    [PRESSURE DATA]
TOTAL FM JAN 1  1671    HIGHEST SLP 30.06 ON 17
DPTR FM NORMAL   233    LOWEST  SLP  0.00 ON 10

[REMARKS]
