000
CXUS52 KJAX 270532
CF6CRG
PRELIMINARY LOCAL CLIMATOLOGICAL DATA (WS FORM: F-6)

                                          STATION:   CRAIG MUNI ARPT FL
                                          MONTH:     DECEMBER
                                          YEAR:      2014
                                          LATITUDE:   30 19 N
                                          LONGITUDE:  81 31 W

  TEMPERATURE IN F:       :PCPN:    SNOW:  WIND      :SUNSHINE: SKY     :PK WND
================================================================================
1   2   3   4   5  6A  6B    7    8   9   10  11  12  13   14  15   16   17  18
                                     12Z  AVG MX 2MIN
DY MAX MIN AVG DEP HDD CDD  WTR  SNW DPTH SPD SPD DIR MIN PSBL S-S WX    SPD DR
================================================================================

 1  75  53  64   5   1   0 0.00  0.0    0  6.0 15  60   M    M   3 12     19  60
 2  77  57  67   8   0   2    T  0.0    0  4.7 12  70   M    M   3 12     15  70
 3  73  58  66   7   0   1 0.00  0.0    0  5.6 12  40   M    M   7 128    16  40
 4  73  58  66   7   0   1 0.00  0.0    0  7.1 15  30   M    M   5 1      20  30
 5  66  60  63   5   2   0 0.00  0.0    0  8.9 15  30   M    M  10 12     19  20
 6  78  61  70  12   0   5 0.00  0.0    0  3.7  9 290   M    M   6 128    13 250
 7  66  56  61   3   4   0 0.01  0.0    0 12.2 22  20   M    M   9 1      28  40
 8  59  50  55  -3  10   0 0.00  0.0    0 13.4 24  30   M    M  10        34  40
 9  61  45  53  -5  12   0 0.00  0.0    0 11.3 18 330   M    M   4        23 320
10  60  39  50  -7  15   0 0.00  0.0    0  6.0 13 320   M    M   0        17 320
11  60  36  48  -9  17   0 0.00  0.0    0  4.6 15 250   M    M   0        21 250
12  63  39  51  -6  14   0 0.00  0.0    0  4.3 10 320   M    M   0        14 320
13  69  34  52  -5  13   0 0.00  0.0    0  2.1  9 330   M    M   0 18     13 320
14  71  36  54  -2  11   0 0.00  0.0    0  1.7 10 250   M    M   0        14 240
15  70  37  54  -2  11   0 0.00  0.0    0  1.5  9 330   M    M   0 1      11 330
16  76  38  57   1   8   0 0.00  0.0    0  6.3 17 230   M    M   1 12     21 220
17  67  45  56   0   9   0 0.00  0.0    0  3.3 10 330   M    M   0        14 290
18  63  42  53  -3  12   0 0.00  0.0    0  2.6 10 300   M    M   0        13 290
19  69  44  57   2   8   0 0.00  0.0    0  2.5  9  80   M    M   0        12  90
20  69  52  61   6   4   0 0.00  0.0    0  6.9 14  30   M    M   7        19  30
21  61  58  60   5   5   0 0.11  0.0    0  7.7 15  40   M    M  10 1      20  40
22  73  58  66  11   0   1 0.75  0.0    0  6.2 24 320   M    M   9 13     30 320
23  76  65  71  16   0   6 0.45  0.0    0  6.4 16 300   M    M   5 123    23 300
24  80  65  73  18   0   8 0.73  0.0    0 13.8 22 190   M    M   6 13     29 210
25  65  44  55   0  10   0 0.00  0.0    0  6.2 21 320   M    M   5 1      29 320
26  64  41  53  -1  12   0 0.00  0.0    0  4.0 14  50   M    M   2 1      18  50
================================================================================
SM 1784 1271       178  24  2.05     0.0 159.0          M      102
================================================================================
AV 68.6 48.9                               6.1 FASTST   M    M   4    MAX(MPH)
                                 MISC ---->  # 24  30               # 34   40
================================================================================
NOTES:
# LAST OF SEVERAL OCCURRENCES

COLUMN 17 PEAK WIND IN M.P.H.

PRELIMINARY LOCAL CLIMATOLOGICAL DATA (WS FORM: F-6) , PAGE 2

                                          STATION:  CRAIG MUNI ARPT FL
                                          MONTH:    DECEMBER
                                          YEAR:     2014
                                          LATITUDE:   30 19 N
                                          LONGITUDE:  81 31 W

[TEMPERATURE DATA]      [PRECIPITATION DATA]       SYMBOLS USED IN COLUMN 16

AVERAGE MONTHLY: 58.8   TOTAL FOR MONTH:   2.05    1 = FOG OR MIST
DPTR FM NORMAL:   2.1   DPTR FM NORMAL:   -0.69    2 = FOG REDUCING VISIBILITY
HIGHEST:    80 ON 24    GRTST 24HR  1.08 ON 22-23      TO 1/4 MILE OR LESS
LOWEST:     34 ON 13                               3 = THUNDER
                        SNOW, ICE PELLETS, HAIL    4 = ICE PELLETS
                        TOTAL MONTH:   0.0 INCH    5 = HAIL
                        GRTST 24HR     0.0         6 = FREEZING RAIN OR DRIZZLE
                        GRTST DEPTH:   0           7 = DUSTSTORM OR SANDSTORM:
                                                       VSBY 1/2 MILE OR LESS
                                                   8 = SMOKE OR HAZE
[NO. OF DAYS WITH]      [WEATHER - DAYS WITH]      9 = BLOWING SNOW
                                                   X = TORNADO
MAX 32 OR BELOW:   0    0.01 INCH OR MORE:   5
MAX 90 OR ABOVE:   0    0.10 INCH OR MORE:   4
MIN 32 OR BELOW:   0    0.50 INCH OR MORE:   2
MIN  0 OR BELOW:   0    1.00 INCH OR MORE:   0

[HDD (BASE 65) ]
TOTAL THIS MO.   178    CLEAR  (SCALE 0-3)  12
DPTR FM NORMAL   -59    PTCLDY (SCALE 4-7)   9
TOTAL FM JUL 1   399    CLOUDY (SCALE 8-10)  5
DPTR FM NORMAL    27

[CDD (BASE 65) ]
TOTAL THIS MO.    24
DPTR FM NORMAL     3    [PRESSURE DATA]
TOTAL FM JAN 1  2924    HIGHEST SLP M ON M
DPTR FM NORMAL   303    LOWEST  SLP 29.74 ON 24

[REMARKS]
