000
CXUS52 KTAE 190800
CF6CTY
PRELIMINARY LOCAL CLIMATOLOGICAL DATA (WS FORM: F-6)

                                          STATION:   CROSS CITY
                                          MONTH:     JANUARY
                                          YEAR:      2017
                                          LATITUDE:   29 37 N
                                          LONGITUDE:  83  6 W

  TEMPERATURE IN F:       :PCPN:    SNOW:  WIND      :SUNSHINE: SKY     :PK WND
================================================================================
1   2   3   4   5  6A  6B    7    8   9   10  11  12  13   14  15   16   17  18
                                     12Z  AVG MX 2MIN
DY MAX MIN AVG DEP HDD CDD  WTR  SNW DPTH SPD SPD DIR MIN PSBL S-S WX    SPD DR
================================================================================

 1  79  46  63  11   2   0 0.00  0.0    0  5.3 15 210   M    M   3 1      21 170
 2  82  59  71  19   0   6 0.00  0.0    0  6.4 16 190   M    M   3 12     21 210
 3  77  66  72  20   0   7 0.04  0.0    0 10.4 17 230   M    M   8 13     25 240
 4  73  50  62  10   3   0 0.00  0.0    0  4.7 13 270   M    M   2 12     16 270
 5  70  43  57   5   8   0 0.00  0.0    0  4.2 13 270   M    M   1         M  M
 6  73  45  59   7   6   0 0.72  0.0    0  4.4 13 170   M    M   7 13     21 170
 7  68  36  52   0  13   0 0.53  0.0    0 12.1 18 210   M    M   6 13     29 210
 8  46  25  36 -16  29   0 0.00  0.0    0  7.4 15  40   M    M   0        20  40
 9  59  23  41 -11  24   0 0.00  0.0    0  5.9 12  50   M    M   0         M  M
10  72  34  53   0  12   0 0.00  0.0    0  3.8  9 220   M    M   1 1       M  M
11  75  41  58   5   7   0 0.00  0.0    0  2.5  8 160   M    M   2         M  M
12  79  45  62   9   3   0 0.00  0.0    0  2.0  7 160   M    M   2 1       M  M
13  81  50  66  13   0   1 0.00  0.0    0  4.4  9  40   M    M   4         M  M
14  77  52  65  12   0   0 0.00  0.0    0  2.9  7 310   M    M   7         M  M
15  77  50  64  11   1   0 0.00  0.0    0  1.5  7 280   M    M   7 12      M  M
16  79  52  66  13   0   1 0.00  0.0    0  2.6  9 180   M    M   5 1       M  M
17  79  50  65  12   0   0 0.00  0.0    0  3.4  M   M   M    M   2         M  M
18  77  48  63  10   2   0 0.00  0.0    0  2.9 10 250   M    M   6 1      17 270
================================================================================
SM 1323  815       110  15  1.29     0.0  86.8          M       66
================================================================================
AV 73.5 45.3                               4.8 FASTST   M    M   4    MAX(MPH)
                                 MISC ---->    18   M                 29    M
================================================================================
NOTES:
# LAST OF SEVERAL OCCURRENCES

COLUMN 17 PEAK WIND IN M.P.H.

PRELIMINARY LOCAL CLIMATOLOGICAL DATA (WS FORM: F-6) , PAGE 2

                                          STATION:  CROSS CITY
                                          MONTH:    JANUARY
                                          YEAR:     2017
                                          LATITUDE:   29 37 N
                                          LONGITUDE:  83  6 W

[TEMPERATURE DATA]      [PRECIPITATION DATA]       SYMBOLS USED IN COLUMN 16

AVERAGE MONTHLY: 59.4   TOTAL FOR MONTH:   1.29    1 = FOG OR MIST
DPTR FM NORMAL:   6.9   DPTR FM NORMAL:   -1.05    2 = FOG REDUCING VISIBILITY
HIGHEST:    82 ON  2    GRTST 24HR  0.72 ON  6- 6      TO 1/4 MILE OR LESS
LOWEST:     23 ON  9                               3 = THUNDER
                        SNOW, ICE PELLETS, HAIL    4 = ICE PELLETS
                        TOTAL MONTH:   0.0 INCH    5 = HAIL
                        GRTST 24HR     0.0         6 = FREEZING RAIN OR DRIZZLE
                        GRTST DEPTH:   0           7 = DUSTSTORM OR SANDSTORM:
                                                       VSBY 1/2 MILE OR LESS
                                                   8 = SMOKE OR HAZE
[NO. OF DAYS WITH]      [WEATHER - DAYS WITH]      9 = BLOWING SNOW
                                                   X = TORNADO
MAX 32 OR BELOW:   0    0.01 INCH OR MORE:   3
MAX 90 OR ABOVE:   0    0.10 INCH OR MORE:   2
MIN 32 OR BELOW:   2    0.50 INCH OR MORE:   2
MIN  0 OR BELOW:   0    1.00 INCH OR MORE:   0

[HDD (BASE 65) ]
TOTAL THIS MO.   110    CLEAR  (SCALE 0-3)   9
DPTR FM NORMAL  -117    PTCLDY (SCALE 4-7)   8
TOTAL FM JUL 1   396    CLOUDY (SCALE 8-10)  1
DPTR FM NORMAL  -336

[CDD (BASE 65) ]
TOTAL THIS MO.    15
DPTR FM NORMAL    15    [PRESSURE DATA]
TOTAL FM JAN 1    15    HIGHEST SLP M ON M
DPTR FM NORMAL    15    LOWEST  SLP 29.88 ON  3

[REMARKS]
