000
CXUS52 KTAE 210638
CF6CTY
PRELIMINARY LOCAL CLIMATOLOGICAL DATA (WS FORM: F-6)

                                          STATION:   CROSS CITY
                                          MONTH:     JANUARY
                                          YEAR:      2015
                                          LATITUDE:   29 37 N
                                          LONGITUDE:  83  6 W

  TEMPERATURE IN F:       :PCPN:    SNOW:  WIND      :SUNSHINE: SKY     :PK WND
================================================================================
1   2   3   4   5  6A  6B    7    8   9   10  11  12  13   14  15   16   17  18
                                     12Z  AVG MX 2MIN
DY MAX MIN AVG DEP HDD CDD  WTR  SNW DPTH SPD SPD DIR MIN PSBL S-S WX    SPD DR
================================================================================

 1  66  49  58   6   7   0 0.00  0.0    0  6.3 13  20   M    M   0        15  20
 2  74  57  66  14   0   1 0.00  0.0    0  4.4  8 100   M    M   0        11  50
 3  81  63  72  20   0   7 0.03  0.0    0  6.2 21 200   M    M   0        29 190
 4  77  62  70  18   0   5 0.22  0.0    0  8.1 22 200   M    M   0        29 200
 5  66  42  54   2  11   0 0.00  0.0    0  5.7 10  17   M    M   M        10  24
 6  71  36  54   2  11   0 0.00  0.0    0  3.4 13 300   M    M   0        15 270
 7  67  33  50  -2  15   0 0.00  0.0    0  5.8 23  10   M    M   0        32 360
 8  48  28  38 -14  27   0 0.00  0.0    0 10.3 24  10   M    M   0        31  20
 9  59  37  48  -4  17   0 0.00  0.0    0  6.9 15 340   M    M   0        22 330
10  61  33  47  -6  18   0 0.00  0.0    0  5.3 14  30   M    M   0        19  40
11  71  48  60   7   5   0 0.01  0.0    0  6.0 10  90   M    M   0        16 110
12  65  59  62   9   3   0 0.98  0.0    0  2.4  9  30   M    M   0        11  30
13  73  58  66  13   0   1 0.00  0.0    0  4.7 12  10   M    M   0        16  20
14  63  51  57   4   8   0 0.00  0.0    0  6.6 13  30   M    M   0        16  20
15  51  48  50  -3  15   0 0.32  0.0    0  5.1 12  30   M    M   0        14  10
16  63  38  51  -2  14   0 0.03  0.0    0  5.0 14  10   M    M   0        26  30
17  70  32  51  -2  14   0 0.00  0.0    0  1.7  7  30   M    M   0        10 120
18  69  40  55   2  10   0 0.00  0.0    0  3.5 15 260   M    M   0        21 290
19  71  30  51  -2  14   0 0.00  0.0    0  1.0  8  70   M    M   0        10  70
20  71  35  53  -1  12   0 0.00  0.0    0  1.9  8 250   M    M   0        10 250
21  78  46  62   8   3   0 0.00  0.0    0  1.1  8 260   M    M   0        10 270
22  78  46  62   8   3   0 0.00  0.0    0  3.3  9  70   M    M   0        15 140
23  71  63  67  13   0   2 1.26  0.0    0 10.7 22 180   M    M   0        30 190
24  69  35  52  -2  13   0 0.08  0.0    0 11.5 28 280   M    M   0        37 280
25  64  31  48  -6  17   0 0.00  0.0    0  4.8 14 240   M    M   0        20 280
26  61  43  52  -2  13   0 0.01  0.0    0 10.0 23 300   M    M   0        30 280
27  66  34  50  -4  15   0 0.00  0.0    0  6.9 24 250   M    M   0        31 270
28  59  31  45  -9  20   0 0.00  0.0    0   M   M   M   M    M   M         M  M
29  69  28  49  -6  16   0 0.00  0.0    0  3.2 13 270   M    M   0        17  90
30  70  38  54  -1  11   0 0.00  0.0    0  5.3 17  10   M    M   0        23  10
31  69  31  50  -5  15   0 0.00  0.0    0  3.7 10 100   M    M   0        16  60
================================================================================
SM 2091 1305       327  16  2.94     0.0 160.8          M        0
================================================================================
AV 67.5 42.1                               5.4 FASTST   M    M   0    MAX(MPH)
                                 MISC ---->  # 28 280               # 37  280
================================================================================
NOTES:
# LAST OF SEVERAL OCCURRENCES

COLUMN 17 PEAK WIND IN M.P.H.

PRELIMINARY LOCAL CLIMATOLOGICAL DATA (WS FORM: F-6) , PAGE 2

                                          STATION:  CROSS CITY
                                          MONTH:    JANUARY
                                          YEAR:     2015
                                          LATITUDE:   29 37 N
                                          LONGITUDE:  83  6 W

[TEMPERATURE DATA]      [PRECIPITATION DATA]       SYMBOLS USED IN COLUMN 16

AVERAGE MONTHLY: 54.8   TOTAL FOR MONTH:   2.94    1 = FOG OR MIST
DPTR FM NORMAL:   1.5   DPTR FM NORMAL:   -1.10    2 = FOG REDUCING VISIBILITY
HIGHEST:    81 ON  3    GRTST 24HR  1.32 ON 23-24      TO 1/4 MILE OR LESS
LOWEST:     28 ON 29, 8                            3 = THUNDER
                        SNOW, ICE PELLETS, HAIL    4 = ICE PELLETS
                        TOTAL MONTH:   0.0 INCH    5 = HAIL
                        GRTST 24HR     0.0         6 = FREEZING RAIN OR DRIZZLE
                        GRTST DEPTH:   0           7 = DUSTSTORM OR SANDSTORM:
                                                       VSBY 1/2 MILE OR LESS
                                                   8 = SMOKE OR HAZE
[NO. OF DAYS WITH]      [WEATHER - DAYS WITH]      9 = BLOWING SNOW
                                                   X = TORNADO
MAX 32 OR BELOW:   0    0.01 INCH OR MORE:   9
MAX 90 OR ABOVE:   0    0.10 INCH OR MORE:   4
MIN 32 OR BELOW:   7    0.50 INCH OR MORE:   2
MIN  0 OR BELOW:   0    1.00 INCH OR MORE:   1

[HDD (BASE 65) ]
TOTAL THIS MO.   327    CLEAR  (SCALE 0-3)  29
DPTR FM NORMAL   -46    PTCLDY (SCALE 4-7)   0
TOTAL FM JUL 1   821    CLOUDY (SCALE 8-10)  0
DPTR FM NORMAL   -57

[CDD (BASE 65) ]
TOTAL THIS MO.    16
DPTR FM NORMAL     5    [PRESSURE DATA]
TOTAL FM JAN 1    16    HIGHEST SLP 30.54 ON  8
DPTR FM NORMAL    13    LOWEST  SLP 29.77 ON 24

[REMARKS]
#FINAL-01-15#
