000
CXUS55 KCAE 011400
CF6CUB
PRELIMINARY LOCAL CLIMATOLOGICAL DATA (WS FORM: F-6)

                                          STATION:   HAMILTON - OWENS AIRPORT SC
                                          MONTH:     SEPTEMBER
                                          YEAR:      2014
                                          LATITUDE:   33 58 N
                                          LONGITUDE:  80 59 W

  TEMPERATURE IN F:       :PCPN:    SNOW:  WIND      :SUNSHINE: SKY     :PK WND
================================================================================
1   2   3   4   5  6A  6B    7    8   9   10  11  12  13   14  15   16   17  18
                                     12Z  AVG MX 2MIN
DY MAX MIN AVG DEP HDD CDD  WTR  SNW DPTH SPD SPD DIR MIN PSBL S-S WX    SPD DR
================================================================================

 1  98  74  86   7   0  21 0.67    M    M  1.5 14 320   M    M   0 13     24 310
 2  96  74  85   6   0  20 0.18    M    M  2.6 22 170   M    M   0 13     30 160
 3  94  72  83   4   0  18 0.00    M    M  1.7 12 180   M    M   1        17 190
 4  94  75  85   6   0  20 0.00    M    M  3.2 15 170   M    M   2        21 180
 5  93  74  84   5   0  19 0.00    M    M  1.9 13  60   M    M   2        19  70
 6  91  74  83   5   0  18 0.01    M    M  1.8 12 170   M    M   5        18 170
 7  92  73  83   5   0  18 1.99    M    M  2.5 16 140   M    M   5 138    26 150
 8  78  72  75  -3   0  10 0.06    M    M  3.4  8  40   M    M  10 18     14  40
 9  79  71  75  -3   0  10 0.00    M    M  1.4  7 340   M    M  10 1      10 300
10  85  71  78   0   0  13 0.00    M    M  0.8  6  10   M    M   7        10  40
11  93  70  82   5   0  17 0.00    M    M  2.4 12 270   M    M   3 1      15 300
12  94  75  85   8   0  20 0.03    M    M  1.7 18 200   M    M   2 3      25 200
13  86  74  80   3   0  15 0.09    M    M  1.3  8 120   M    M   6 13     11 150
14  78  68  73  -4   0   8 0.01    M    M  3.5  9  70   M    M  10 1      15  70
15  76  68  72  -4   0   7 0.11    M    M  0.4  6  70   M    M  10 18      8  70
16  90  73  82   6   0  17 0.09    M    M  1.6  9 160   M    M   6 18     17 180
17  81  67  74  -2   0   9 0.00    M    M  2.3  8  30   M    M   4        13  80
18  85  66  76   1   0  11 0.00    M    M  1.2  7  70   M    M   4 12     11  70
19  83  65  74  -1   0   9 2.07    M    M  2.8 18  20   M    M   5 13     30  70
20  82  65  74  -1   0   9 0.00    M    M  4.2 10  70   M    M   0        17  40
21  89  62  76   2   0  11 0.00    M    M  3.4 15 280   M    M   1        21 270
22  77  65  71  -3   0   6 0.08    M    M  3.3 13  70   M    M   7 1      22  80
23  71  59  65  -9   0   0 0.05    M    M  4.7 13  60   M    M   5        22  60
24  64  57  61 -13   4   0 0.08    M    M  3.6 12  30   M    M  10 18     18  40
25  73  64  69  -4   0   4 0.00    M    M  2.9  8  70   M    M  10 18     15  40
26  75  66  71  -2   0   6 0.00    M    M  3.4  9  20   M    M  10        15  70
27  81  65  73   1   0   8    T    M    M  3.5  9  60   M    M   9        15  80
28  81  69  75   3   0  10 0.00    M    M  3.1  8  70   M    M   8        13  70
29  75  67  71  -1   0   6 0.02    M    M  1.8  7  70   M    M   9        10 140
30  84  62  73   2   0   8 0.00    M    M  1.6  8  70   M    M   2 1      10  70
================================================================================
SM 2518 2057         4 348  5.54    M     73.5          M      163
================================================================================
AV 83.9 68.6                               2.5 FASTST   M    M   5    MAX(MPH)
                                 MISC ---->  # 22 170               # 30  160
================================================================================
NOTES:
# LAST OF SEVERAL OCCURRENCES

COLUMN 17 PEAK WIND IN M.P.H.

PRELIMINARY LOCAL CLIMATOLOGICAL DATA (WS FORM: F-6) , PAGE 2

                                          STATION:  HAMILTON - OWENS AIRPORT SC
                                          MONTH:    SEPTEMBER
                                          YEAR:     2014
                                          LATITUDE:   33 58 N
                                          LONGITUDE:  80 59 W

[TEMPERATURE DATA]      [PRECIPITATION DATA]       SYMBOLS USED IN COLUMN 16

AVERAGE MONTHLY: 76.2   TOTAL FOR MONTH:   5.54    1 = FOG OR MIST
DPTR FM NORMAL:   0.4   DPTR FM NORMAL:    1.50    2 = FOG REDUCING VISIBILITY
HIGHEST:    98 ON  1    GRTST 24HR  2.07 ON 19-19      TO 1/4 MILE OR LESS
LOWEST:     57 ON 24                               3 = THUNDER
                        SNOW, ICE PELLETS, HAIL    4 = ICE PELLETS
                        TOTAL MONTH:    M          5 = HAIL
                        GRTST 24HR    M  ON   M    6 = FREEZING RAIN OR DRIZZLE
                        GRTST DEPTH:  M  ON   M    7 = DUSTSTORM OR SANDSTORM:
                                                       VSBY 1/2 MILE OR LESS
                                                   8 = SMOKE OR HAZE
[NO. OF DAYS WITH]      [WEATHER - DAYS WITH]      9 = BLOWING SNOW
                                                   X = TORNADO
MAX 32 OR BELOW:   0    0.01 INCH OR MORE:  15
MAX 90 OR ABOVE:  10    0.10 INCH OR MORE:   5
MIN 32 OR BELOW:   0    0.50 INCH OR MORE:   3
MIN  0 OR BELOW:   0    1.00 INCH OR MORE:   2

[HDD (BASE 65) ]
TOTAL THIS MO.     4    CLEAR  (SCALE 0-3)  10
DPTR FM NORMAL     1    PTCLDY (SCALE 4-7)  10
TOTAL FM JUL 1     4    CLOUDY (SCALE 8-10) 10
DPTR FM NORMAL     1

[CDD (BASE 65) ]
TOTAL THIS MO.   348
DPTR FM NORMAL    19    [PRESSURE DATA]
TOTAL FM JAN 1  2275    HIGHEST SLP 30.28 ON 24
DPTR FM NORMAL   128    LOWEST  SLP 29.85 ON 30

[REMARKS]
#FINAL-09-14#
