000
CXUS51 KILN 240553
CF6CVG
PRELIMINARY LOCAL CLIMATOLOGICAL DATA (WS FORM: F-6)

                                          STATION:   CINCINNATI OH
                                          MONTH:     JULY
                                          YEAR:      2014
                                          LATITUDE:   39  2 N
                                          LONGITUDE:  84 40 W

  TEMPERATURE IN F:       :PCPN:    SNOW:  WIND      :SUNSHINE: SKY     :PK WND
================================================================================
1   2   3   4   5  6A  6B    7    8   9   10  11  12  13   14  15   16   17  18
                                     12Z  AVG MX 2MIN
DY MAX MIN AVG DEP HDD CDD  WTR  SNW DPTH SPD SPD DIR MIN PSBL S-S WX    SPD DR
================================================================================

 1  89  70  80   5   0  15 0.56  0.0    0  8.1 38 280   M    M   7 138    47 280
 2  83  66  75   0   0  10 0.05  0.0    0  6.8 20 270   M    M   6 138    24 270
 3  73  60  67  -9   0   2    T  0.0    0  7.9 15 320   M    M   6 8      22 350
 4  79  51  65 -11   0   0 0.00  0.0    0  7.2 16 340   M    M   1        24 320
 5  82  56  69  -7   0   4 0.00  0.0    0  3.8 14 150   M    M   4 8      17 150
 6  83  57  70  -6   0   5 0.00  0.0    0  6.4 18 230   M    M   6        24 220
 7  86  69  78   2   0  13    T  0.0    0 11.3 22 230   M    M   7 3      32 210
 8  83  69  76   0   0  11    T  0.0    0 10.1 17 250   M    M   7 1      29 250
 9  83  64  74  -2   0   9 0.07  0.0    0  7.0 17 300   M    M   4 1      22 270
10  83  63  73  -3   0   8 0.00  0.0    0  5.5 17 220   M    M   5        24 150
11  86  62  74  -2   0   9 0.00  0.0    0  3.8 10 270   M    M   3        23  30
12  86  61  74  -2   0   9 0.00  0.0    0  4.6 15 250   M    M   7 18     20 260
13  89  72  81   5   0  16 0.39  0.0    0  8.1 26 320   M    M   9 138    33 280
14  83  67  75  -1   0  10 0.45  0.0    0  7.4 31 290   M    M   9 1      43 270
15  75  58  67  -9   0   2    T  0.0    0 10.1 21 300   M    M   5        29 300
16  74  52  63 -13   2   0 0.00  0.0    0  5.6 14 330   M    M   4 1      17 360
17  77  52  65 -11   0   0 0.00  0.0    0  3.6 12 340   M    M   2 1      17 350
18  76  62  69  -7   0   4 0.13  0.0    0  6.3 15 120   M    M   9 1      20 140
19  74  63  69  -7   0   4 0.01  0.0    0  4.5 10 160   M    M  10 18     14 160
20  83  66  75  -1   0  10    T  0.0    0  4.7 12  50   M    M   7 128    21 200
21  88  65  77   1   0  12 0.00  0.0    0  3.5  9 350   M    M   2 1      12  30
22  91  66  79   3   0  14 0.00  0.0    0  4.6 14 270   M    M   1 18     17 270
23  83  69  76   0   0  11 0.55  0.0    0  8.1 18  10   M    M   8 13     23 290
================================================================================
SM 1889 1440         2 178  2.21     0.0 149.0          M      129
================================================================================
AV 82.1 62.6                               6.5 FASTST   M    M   6    MAX(MPH)
                                 MISC ---->  # 38 280               # 47  280
================================================================================
NOTES:
# LAST OF SEVERAL OCCURRENCES

COLUMN 17 PEAK WIND IN M.P.H.

PRELIMINARY LOCAL CLIMATOLOGICAL DATA (WS FORM: F-6) , PAGE 2

                                          STATION:  CINCINNATI OH
                                          MONTH:    JULY
                                          YEAR:     2014
                                          LATITUDE:   39  2 N
                                          LONGITUDE:  84 40 W

[TEMPERATURE DATA]      [PRECIPITATION DATA]       SYMBOLS USED IN COLUMN 16

AVERAGE MONTHLY: 72.4   TOTAL FOR MONTH:   2.21    1 = FOG OR MIST
DPTR FM NORMAL:  -3.5   DPTR FM NORMAL:   -0.56    2 = FOG REDUCING VISIBILITY
HIGHEST:    91 ON 22    GRTST 24HR  0.84 ON 13-14      TO 1/4 MILE OR LESS
LOWEST:     51 ON  4                               3 = THUNDER
                        SNOW, ICE PELLETS, HAIL    4 = ICE PELLETS
                        TOTAL MONTH:   0.0 INCH    5 = HAIL
                        GRTST 24HR     0.0         6 = FREEZING RAIN OR DRIZZLE
                        GRTST DEPTH:   0           7 = DUSTSTORM OR SANDSTORM:
                                                       VSBY 1/2 MILE OR LESS
                                                   8 = SMOKE OR HAZE
[NO. OF DAYS WITH]      [WEATHER - DAYS WITH]      9 = BLOWING SNOW
                                                   X = TORNADO
MAX 32 OR BELOW:   0    0.01 INCH OR MORE:   8
MAX 90 OR ABOVE:   1    0.10 INCH OR MORE:   5
MIN 32 OR BELOW:   0    0.50 INCH OR MORE:   2
MIN  0 OR BELOW:   0    1.00 INCH OR MORE:   0

[HDD (BASE 65) ]
TOTAL THIS MO.     2    CLEAR  (SCALE 0-3)   4
DPTR FM NORMAL     2    PTCLDY (SCALE 4-7)  15
TOTAL FM JUL 1     2    CLOUDY (SCALE 8-10)  4
DPTR FM NORMAL     2

[CDD (BASE 65) ]
TOTAL THIS MO.   178
DPTR FM NORMAL   -73    [PRESSURE DATA]
TOTAL FM JAN 1   586    HIGHEST SLP 30.31 ON  5
DPTR FM NORMAL    15    LOWEST  SLP 29.75 ON  8

[REMARKS]
