000
CXUS51 KILN 180556
CF6CVG
PRELIMINARY LOCAL CLIMATOLOGICAL DATA (WS FORM: F-6)

                                          STATION:   CINCINNATI OH
                                          MONTH:     JANUARY
                                          YEAR:      2017
                                          LATITUDE:   39  2 N
                                          LONGITUDE:  84 40 W

  TEMPERATURE IN F:       :PCPN:    SNOW:  WIND      :SUNSHINE: SKY     :PK WND
================================================================================
1   2   3   4   5  6A  6B    7    8   9   10  11  12  13   14  15   16   17  18
                                     12Z  AVG MX 2MIN
DY MAX MIN AVG DEP HDD CDD  WTR  SNW DPTH SPD SPD DIR MIN PSBL S-S WX    SPD DR
================================================================================

 1  45  28  37   6  28   0 0.02  0.0    0  5.6 13  90   M    M   9 128    14  90
 2  56  42  49  18  16   0 0.00  0.0    0  6.3 14 140   M    M  10 12     17 140
 3  57  41  49  18  16   0 0.82  0.0    0  8.4 25 290   M    M  10 12     29 280
 4  41  19  30  -1  35   0    T  0.0    0 14.7 25 280   M    M   3 1      32 300
 5  22  14  18 -13  47   0 0.17  2.5    T  8.1 17 310   M    M  10 18     20 310
 6  14   7  11 -20  54   0    T    T    1  8.1 14 310   M    M   8 18     17 310
 7  14   3   9 -22  56   0 0.00  0.0    1  8.5 17 300   M    M   5 8      20 310
 8  22   6  14 -17  51   0 0.00  0.0    T  5.8 13 280   M    M   4        16 260
 9  35  17  26  -5  39   0 0.00  0.0    T 10.5 16 180   M    M  10        21 220
10  53  35  44  13  21   0 0.11  0.0    0 20.1 33 190   M    M  10 138    45 210
11  62  30  46  15  19   0 0.50  0.0    0 11.3 25 190   M    M   8 1      34 190
12  66  35  51  20  14   0 0.25  0.0    0 15.8 33 320   M    M  10 1      40 300
13  36  33  35   4  30   0 0.08    T    0 10.4 17  70   M    M  10 14     20  60
14  36  33  35   4  30   0 0.34  0.0    0  5.8 12 320   M    M   9 1      14 340
15  38  33  36   5  29   0 0.07  0.0    0  6.3 10  20   M    M  10 1      11  20
16  55  37  46  15  19   0 0.13  0.0    0  6.1 13 140   M    M   9 1      16 140
17  63  44  54  23  11   0 0.21  0.0    0 14.2 24 270   M    M   9 1      32 270
================================================================================
SM  715  457       515   0  2.70     2.5 166.0          M      144
================================================================================
AV 42.1 26.9                               9.8 FASTST   M    M   8    MAX(MPH)
                                 MISC ---->  # 33 190               # 45  210
================================================================================
NOTES:
# LAST OF SEVERAL OCCURRENCES

COLUMN 17 PEAK WIND IN M.P.H.

PRELIMINARY LOCAL CLIMATOLOGICAL DATA (WS FORM: F-6) , PAGE 2

                                          STATION:  CINCINNATI OH
                                          MONTH:    JANUARY
                                          YEAR:     2017
                                          LATITUDE:   39  2 N
                                          LONGITUDE:  84 40 W

[TEMPERATURE DATA]      [PRECIPITATION DATA]       SYMBOLS USED IN COLUMN 16

AVERAGE MONTHLY: 34.5   TOTAL FOR MONTH:   2.70    1 = FOG OR MIST
DPTR FM NORMAL:   3.5   DPTR FM NORMAL:    1.03    2 = FOG REDUCING VISIBILITY
HIGHEST:    66 ON 12    GRTST 24HR  0.82 ON  3- 3      TO 1/4 MILE OR LESS
LOWEST:      3 ON  7                               3 = THUNDER
                        SNOW, ICE PELLETS, HAIL    4 = ICE PELLETS
                        TOTAL MONTH:   2.5 INCHES  5 = HAIL
                        GRTST 24HR   2.5 ON  5- 5  6 = FREEZING RAIN OR DRIZZLE
                        GRTST DEPTH:   1 ON  7, 6  7 = DUSTSTORM OR SANDSTORM:
                                                       VSBY 1/2 MILE OR LESS
                                                   8 = SMOKE OR HAZE
[NO. OF DAYS WITH]      [WEATHER - DAYS WITH]      9 = BLOWING SNOW
                                                   X = TORNADO
MAX 32 OR BELOW:   4    0.01 INCH OR MORE:  11
MAX 90 OR ABOVE:   0    0.10 INCH OR MORE:   8
MIN 32 OR BELOW:   8    0.50 INCH OR MORE:   2
MIN  0 OR BELOW:   0    1.00 INCH OR MORE:   0

[HDD (BASE 65) ]
TOTAL THIS MO.   515    CLEAR  (SCALE 0-3)   1
DPTR FM NORMAL   -63    PTCLDY (SCALE 4-7)   3
TOTAL FM JUL 1  2166    CLOUDY (SCALE 8-10) 13
DPTR FM NORMAL  -331

[CDD (BASE 65) ]
TOTAL THIS MO.     0
DPTR FM NORMAL     0    [PRESSURE DATA]
TOTAL FM JAN 1     0    HIGHEST SLP 30.78 ON  8
DPTR FM NORMAL     0    LOWEST  SLP 29.61 ON  3

[REMARKS]
