000
CXUS54 KHGX 301415
CF6CXO
PRELIMINARY LOCAL CLIMATOLOGICAL DATA (WS FORM: F-6)

                                          STATION:   CONROE
                                          MONTH:     SEPTEMBER
                                          YEAR:      2014
                                          LATITUDE:   30 21 N
                                          LONGITUDE:  95 25 W

  TEMPERATURE IN F:       :PCPN:    SNOW:  WIND      :SUNSHINE: SKY     :PK WND
================================================================================
1   2   3   4   5  6A  6B    7    8   9   10  11  12  13   14  15   16   17  18
                                     12Z  AVG MX 2MIN
DY MAX MIN AVG DEP HDD CDD  WTR  SNW DPTH SPD SPD DIR MIN PSBL S-S WX    SPD DR
================================================================================

 1  95  73  84   3   0  19 0.00  0.0    0  6.1 23 160   M    M   4 12     30 140
 2  96  74  85   4   0  20    T  0.0    0  7.4 21 160   M    M   2 13     29 170
 3  96  71  84   3   0  19    T  0.0    0  5.5 22 150   M    M   2 13     27 130
 4  96  73  85   5   0  20 0.00  0.0    0  4.9 22 190   M    M   3 12     27 180
 5  95  71  83   3   0  18 0.00  0.0    0  3.7 16 150   M    M   2 3      22 150
 6  97  70  84   4   0  19 0.12  0.0    0  3.3 18 160   M    M   2        22 160
 7  91  71  81   1   0  16 0.48  0.0    0  4.1 32 150   M    M   3 13     39 150
 8  92  69  81   1   0  16    T  0.0    0  0.9  9 120   M    M   2 1      13 140
 9  94  70  82   3   0  17    T  0.0    0  4.0 15 130   M    M   1 18     19 140
10  96  72  84   5   0  19 0.00  0.0    0  7.7 16 140   M    M   3        21 190
11  96  72  84   5   0  19 0.00  0.0    0  4.0 13 150   M    M   1        15 230
12  90  73  82   4   0  17 0.16  0.0    0  3.1 12 360   M    M   5 13     17 360
13  76  66  71  -7   0   6 0.01  0.0    0  8.7 14 360   M    M  10 1      19  10
14  80  64  72  -6   0   7 0.00  0.0    0  3.3 12 350   M    M   8 1      15 350
15  91  64  78   0   0  13 0.00  0.0    0  1.8 10 130   M    M   2 1      14 140
16  93  74  84   7   0  19 0.05  0.0    0  2.9 20 150   M    M   3 13     24 160
17  89  73  81   4   0  16 0.64  0.0    0  2.2 13 150   M    M   6 123    17 150
18  75  73  74  -3   0   9 1.42  0.0    0  2.3 10 140   M    M  10 13     12 130
19  85  71  78   1   0  13 0.62  0.0    0  2.6 12 140   M    M   7 13     15 110
20  88  70  79   3   0  14 0.00  0.0    0  2.5  9 120   M    M   2 1      14 100
21  90  68  79   3   0  14 0.00  0.0    0  1.4  9 100   M    M   1 1      14  40
22  90  66  78   2   0  13 0.00  0.0    0  3.4 13  10   M    M   1 1      19 360
23  83  61  72  -4   0   7 0.00  0.0    0  3.1 10 360   M    M   0        17  80
24  85  58  72  -3   0   7 0.00  0.0    0  1.7 10 130   M    M   0        15  30
25  81  63  72  -3   0   7    T  0.0    0  2.9 12 130   M    M   4        18  80
26  85  66  76   1   0  11 0.00  0.0    0  2.2 10 130   M    M   2        16 140
27  82  66  74   0   0   9    T  0.0    0  1.7 10 110   M    M   3        14  30
28  89  68  79   5   0  14    T  0.0    0  3.4 10  20   M    M   4        15  10
29  89  66  78   4   0  13 0.00  0.0    0  2.4 12 360   M    M   2 1      17  10
================================================================================
SM 2585 1996         0 411  3.50     0.0 103.2          M       95
================================================================================
AV 89.1 68.8                               3.6 FASTST   M    M   3    MAX(MPH)
                                 MISC ---->  # 32 150               # 39  150
================================================================================
NOTES:
# LAST OF SEVERAL OCCURRENCES

COLUMN 17 PEAK WIND IN M.P.H.

PRELIMINARY LOCAL CLIMATOLOGICAL DATA (WS FORM: F-6) , PAGE 2

                                          STATION:  CONROE
                                          MONTH:    SEPTEMBER
                                          YEAR:     2014
                                          LATITUDE:   30 21 N
                                          LONGITUDE:  95 25 W

[TEMPERATURE DATA]      [PRECIPITATION DATA]       SYMBOLS USED IN COLUMN 16

AVERAGE MONTHLY: 79.0   TOTAL FOR MONTH:   3.50    1 = FOG OR MIST
DPTR FM NORMAL:   1.4   DPTR FM NORMAL:   -0.22    2 = FOG REDUCING VISIBILITY
HIGHEST:    97 ON  6    GRTST 24HR  2.00 ON 17-18      TO 1/4 MILE OR LESS
LOWEST:     58 ON 24                               3 = THUNDER
                        SNOW, ICE PELLETS, HAIL    4 = ICE PELLETS
                        TOTAL MONTH:   0.0 INCH    5 = HAIL
                        GRTST 24HR     0.0         6 = FREEZING RAIN OR DRIZZLE
                        GRTST DEPTH:   0           7 = DUSTSTORM OR SANDSTORM:
                                                       VSBY 1/2 MILE OR LESS
                                                   8 = SMOKE OR HAZE
[NO. OF DAYS WITH]      [WEATHER - DAYS WITH]      9 = BLOWING SNOW
                                                   X = TORNADO
MAX 32 OR BELOW:   0    0.01 INCH OR MORE:   8
MAX 90 OR ABOVE:  16    0.10 INCH OR MORE:   6
MIN 32 OR BELOW:   0    0.50 INCH OR MORE:   3
MIN  0 OR BELOW:   0    1.00 INCH OR MORE:   1

[HDD (BASE 65) ]
TOTAL THIS MO.     0    CLEAR  (SCALE 0-3)  19
DPTR FM NORMAL     0    PTCLDY (SCALE 4-7)   8
TOTAL FM JUL 1     0    CLOUDY (SCALE 8-10)  2
DPTR FM NORMAL     0

[CDD (BASE 65) ]
TOTAL THIS MO.   411
DPTR FM NORMAL    45    [PRESSURE DATA]
TOTAL FM JAN 1  2345    HIGHEST SLP M ON M
DPTR FM NORMAL   -57    LOWEST  SLP 29.82 ON 10

[REMARKS]
