000
CXUS54 KHGX 271415
CF6CXO
PRELIMINARY LOCAL CLIMATOLOGICAL DATA (WS FORM: F-6)

                                          STATION:   CONROE
                                          MONTH:     MARCH
                                          YEAR:      2015
                                          LATITUDE:   30 21 N
                                          LONGITUDE:  95 25 W

  TEMPERATURE IN F:       :PCPN:    SNOW:  WIND      :SUNSHINE: SKY     :PK WND
================================================================================
1   2   3   4   5  6A  6B    7    8   9   10  11  12  13   14  15   16   17  18
                                     12Z  AVG MX 2MIN
DY MAX MIN AVG DEP HDD CDD  WTR  SNW DPTH SPD SPD DIR MIN PSBL S-S WX    SPD DR
================================================================================

 1  53  46  50  -7  15   0 0.18    M    0  5.3 10 360   M    M  10 1      14 350
 2  53  46  50  -7  15   0 0.01    M    0  4.6 10 350   M    M  10 1      15 350
 3  77  51  64   7   1   0 0.00  0.0    0  8.1 22 200   M    M   8 128    30 190
 4  78  39  59   2   6   0 0.04  0.0    0 10.5 23 330   M    M  10 18     33 330
 5  47  30  39 -19  26   0 0.13  0.0    0 10.4 24 320   M    M   6 1      33 330
 6  55  28  42 -16  23   0 0.00  0.0    0  3.6 14  70   M    M   0        19  10
 7  57  29  43 -15  22   0    T    M    0  1.7  9  50   M    M   7 13     12  50
 8  51  43  47 -11  18   0 1.79  0.0    0  4.6 10  90   M    M  10 13     16 100
 9  64  49  57  -2   8   0 2.14  0.0    0  7.7 17 160   M    M  10 1      23 150
10  57  51  54  -5  11   0 0.00  0.0    0  6.6 13 310   M    M  10 1      19 310
11  59  52  56  -3   9   0 0.06  0.0    0  7.1 15  10   M    M  10        20  20
12  60  53  57  -2   8   0 0.28  0.0    M  6.7 13 340   M    M  10 1      18 350
13  64  54  59  -1   6   0 0.04  0.0    0  4.8 14 280   M    M   8 1      19 270
14  71  48  60   0   5   0    T    M    0  4.6 18 330   M    M   3 128    22 330
15  71  50  61   1   4   0 0.00  0.0    0  3.0 13 330   M    M   6        15 320
16  75  51  63   3   2   0 0.00  0.0    0  3.0 10 170   M    M   5 1      12 200
17  80  56  68   7   0   3 0.00  0.0    0  2.7 10 250   M    M   4 1      14 290
18  79  60  70   9   0   5 0.08  0.0    0  4.2 15 210   M    M   8 1      19 180
19  77  61  69   8   0   4 0.03  0.0    0  4.3 16 160   M    M   7 18     18 160
20  78  62  70   9   0   5 0.79  0.0    0  5.6 15 340   M    M   9 12     21 340
21  63  61  62   0   3   0 0.42  0.0    0  4.9 12  80   M    M  10 1      15  10
22  71  53  62   0   3   0 0.00  0.0    0  6.4 16 320   M    M   7 1      22 320
23  77  48  63   1   2   0 0.00  0.0    0  2.8 12 350   M    M   0 1      15  30
24  78  50  64   2   1   0 0.00  0.0    0  6.0 14 140   M    M   3 12     20 170
25  80  57  69   7   0   4 0.00  0.0    0  7.0 20 150   M    M   4 12     24 140
26  65  48  57  -6   8   0 0.05    M    0  8.3 24 320   M    M   5 18     35 340
================================================================================
SM 1740 1276       196  21  6.04     0.0 144.5          M      180
================================================================================
AV 66.9 49.1                               5.6 FASTST   M    M   7    MAX(MPH)
                                 MISC ---->  # 24 320               # 35  340
================================================================================
NOTES:
# LAST OF SEVERAL OCCURRENCES

COLUMN 17 PEAK WIND IN M.P.H.

PRELIMINARY LOCAL CLIMATOLOGICAL DATA (WS FORM: F-6) , PAGE 2

                                          STATION:  CONROE
                                          MONTH:    MARCH
                                          YEAR:     2015
                                          LATITUDE:   30 21 N
                                          LONGITUDE:  95 25 W

[TEMPERATURE DATA]      [PRECIPITATION DATA]       SYMBOLS USED IN COLUMN 16

AVERAGE MONTHLY: 58.0   TOTAL FOR MONTH:   6.04    1 = FOG OR MIST
DPTR FM NORMAL:  -1.7   DPTR FM NORMAL:    3.24    2 = FOG REDUCING VISIBILITY
HIGHEST:    80 ON 25,17 GRTST 24HR  2.14 ON  9- 9      TO 1/4 MILE OR LESS
LOWEST:     28 ON  6                               3 = THUNDER
                        SNOW, ICE PELLETS, HAIL    4 = ICE PELLETS
                        TOTAL MONTH:   0.0 INCH    5 = HAIL
                        GRTST 24HR     0.0         6 = FREEZING RAIN OR DRIZZLE
                        GRTST DEPTH:   0           7 = DUSTSTORM OR SANDSTORM:
                                                       VSBY 1/2 MILE OR LESS
                                                   8 = SMOKE OR HAZE
[NO. OF DAYS WITH]      [WEATHER - DAYS WITH]      9 = BLOWING SNOW
                                                   X = TORNADO
MAX 32 OR BELOW:   0    0.01 INCH OR MORE:  14
MAX 90 OR ABOVE:   0    0.10 INCH OR MORE:   7
MIN 32 OR BELOW:   3    0.50 INCH OR MORE:   3
MIN  0 OR BELOW:   0    1.00 INCH OR MORE:   2

[HDD (BASE 65) ]
TOTAL THIS MO.   196    CLEAR  (SCALE 0-3)   4
DPTR FM NORMAL    24    PTCLDY (SCALE 4-7)  10
TOTAL FM JUL 1  1847    CLOUDY (SCALE 8-10) 12
DPTR FM NORMAL   195

[CDD (BASE 65) ]
TOTAL THIS MO.    21
DPTR FM NORMAL   -11    [PRESSURE DATA]
TOTAL FM JAN 1    24    HIGHEST SLP M ON M
DPTR FM NORMAL   -31    LOWEST  SLP 29.78 ON  4

[REMARKS]
