000
CXUS54 KHGX 281426
CF6CXO
PRELIMINARY LOCAL CLIMATOLOGICAL DATA (WS FORM: F-6)

                                          STATION:   CONROE
                                          MONTH:     FEBRUARY
                                          YEAR:      2015
                                          LATITUDE:   30 21 N
                                          LONGITUDE:  95 25 W

  TEMPERATURE IN F:       :PCPN:    SNOW:  WIND      :SUNSHINE: SKY     :PK WND
================================================================================
1   2   3   4   5  6A  6B    7    8   9   10  11  12  13   14  15   16   17  18
                                     12Z  AVG MX 2MIN
DY MAX MIN AVG DEP HDD CDD  WTR  SNW DPTH SPD SPD DIR MIN PSBL S-S WX    SPD DR
================================================================================

 1  74  45  60   8   5   0    T    M    0 10.6 24 340   M    M   7 1      33 330
 2  48  33  41 -11  24   0 0.00  0.0    0  8.0 20 340   M    M   0        31 350
 3  44  38  41 -11  24   0 0.19    M    0  2.0  8 110   M    M   4 1      10 120
 4  58  40  49  -3  16   0 0.12  0.0    0  2.5  9 140   M    M  10 1      13  90
 5  51  38  45  -7  20   0 0.01  0.0    0  8.3 17 330   M    M   9 1      24 330
 6  55  39  47  -5  18   0 0.00  0.0    0  3.4 10 150   M    M   9 1      12 190
 7  66  33  50  -2  15   0 0.00  0.0    0  6.9 21 180   M    M   2 12     31 210
 8  74  45  60   8   5   0 0.00  0.0    0  6.9 23 210   M    M   6 12     29 210
 9  81  45  63  10   2   0 0.00  0.0    0  4.9 24 330   M    M   3 12     32 320
10  74  39  57   4   8   0 0.00  0.0    0  3.6 12 160   M    M   0 8      16 150
11  73  45  59   6   6   0 0.00  0.0    0  2.2 13 130   M    M   5 12     16 120
12  64  40  52  -1  13   0 0.00  0.0    0  7.0 15 330   M    M   0        22 330
13  64  36  50  -3  15   0 0.00  0.0    0  3.8 13 170   M    M   1        15 160
14  76  39  58   5   7   0 0.00  0.0    0  2.7 14 280   M    M   0 18     20 290
15  68  49  59   5   6   0 0.09    M    0  5.6 15 160   M    M   6 128    18 150
16  66  36  51  -3  14   0 0.16    M    0 11.7 25 320   M    M   9 1      32 320
17  49  30  40 -14  25   0 0.00  0.0    0  6.4 14 340   M    M   6        22 320
18  62  28  45  -9  20   0 0.00  0.0    0  2.3 12 280   M    M   0        17 240
19  63  32  48  -6  17   0 0.00  0.0    0  8.0 18 140   M    M   2        23 140
20  68  50  59   4   6   0    T  0.0    0 13.0 29 180   M    M  10        35 180
21  76  60  68  13   0   3 0.02  0.0    0 11.7 24 190   M    M  10 1      32 200
22  65  43  54  -1  11   0 0.01    M    0  6.5 15 360   M    M  10 18     23  20
23  43  33  38 -17  27   0 0.04  0.0    0  9.1 15  10   M    M  10 1      22  10
24  42  31  37 -18  28   0    T    M    0  5.6 10 340   M    M  10 1      16  10
25  45  31  38 -18  27   0 0.05  0.0    0  5.0 15 320   M    M   8 13     20 330
26  48  27  38 -18  27   0 0.00  0.0    0  6.2 18 350   M    M   5 1      25 330
27  47  34  41 -15  24   0 0.00  0.0    0  6.9 13  90   M    M   7        18  80
================================================================================
SM 1644 1039       410   3  0.69     0.0 170.8          M      149
================================================================================
AV 60.9 38.5                               6.3 FASTST   M    M   6    MAX(MPH)
                                 MISC ---->  # 29 180               # 35  180
================================================================================
NOTES:
# LAST OF SEVERAL OCCURRENCES

COLUMN 17 PEAK WIND IN M.P.H.

PRELIMINARY LOCAL CLIMATOLOGICAL DATA (WS FORM: F-6) , PAGE 2

                                          STATION:  CONROE
                                          MONTH:    FEBRUARY
                                          YEAR:     2015
                                          LATITUDE:   30 21 N
                                          LONGITUDE:  95 25 W

[TEMPERATURE DATA]      [PRECIPITATION DATA]       SYMBOLS USED IN COLUMN 16

AVERAGE MONTHLY: 49.7   TOTAL FOR MONTH:   0.69    1 = FOG OR MIST
DPTR FM NORMAL:  -3.9   DPTR FM NORMAL:   -2.47    2 = FOG REDUCING VISIBILITY
HIGHEST:    81 ON  9    GRTST 24HR  0.31 ON  3- 4      TO 1/4 MILE OR LESS
LOWEST:     27 ON 26                               3 = THUNDER
                        SNOW, ICE PELLETS, HAIL    4 = ICE PELLETS
                        TOTAL MONTH:   0.0 INCH    5 = HAIL
                        GRTST 24HR     0.0         6 = FREEZING RAIN OR DRIZZLE
                        GRTST DEPTH:   0           7 = DUSTSTORM OR SANDSTORM:
                                                       VSBY 1/2 MILE OR LESS
                                                   8 = SMOKE OR HAZE
[NO. OF DAYS WITH]      [WEATHER - DAYS WITH]      9 = BLOWING SNOW
                                                   X = TORNADO
MAX 32 OR BELOW:   0    0.01 INCH OR MORE:   9
MAX 90 OR ABOVE:   0    0.10 INCH OR MORE:   3
MIN 32 OR BELOW:   6    0.50 INCH OR MORE:   0
MIN  0 OR BELOW:   0    1.00 INCH OR MORE:   0

[HDD (BASE 65) ]
TOTAL THIS MO.   410    CLEAR  (SCALE 0-3)   9
DPTR FM NORMAL    86    PTCLDY (SCALE 4-7)   9
TOTAL FM JUL 1  1631    CLOUDY (SCALE 8-10)  9
DPTR FM NORMAL   160

[CDD (BASE 65) ]
TOTAL THIS MO.     3
DPTR FM NORMAL   -11    [PRESSURE DATA]
TOTAL FM JAN 1     3    HIGHEST SLP M ON M
DPTR FM NORMAL   -19    LOWEST  SLP 29.82 ON 25

[REMARKS]
