000
CXUS56 KSGX 181545
CF6CZZ
PRELIMINARY LOCAL CLIMATOLOGICAL DATA (WS FORM: F-6)

                                          STATION:   CAMPO ASOS CA
                                          MONTH:     JANUARY
                                          YEAR:      2018
                                          LATITUDE:   32 37 N
                                          LONGITUDE: 116 28 W

  TEMPERATURE IN F:       :PCPN:    SNOW:  WIND      :SUNSHINE: SKY     :PK WND
================================================================================
1   2   3   4   5  6A  6B    7    8   9   10  11  12  13   14  15   16   17  18
                                     12Z  AVG MX 2MIN
DY MAX MIN AVG DEP HDD CDD  WTR  SNW DPTH SPD SPD DIR MIN PSBL S-S WX    SPD DR
================================================================================

 1  75  32  54   6  11   0 0.00  0.0    0  7.7 20  70   M    M   0        24  80
 2  75  40  58  10   7   0 0.00  0.0    0  7.1 25  50   M    M   0        35  40
 3  69  45  57   9   8   0 0.00  0.0    0  7.7 18  70   M    M   0        23  70
 4  76  38  57   9   8   0 0.00  0.0    0  6.4 15 200   M    M   0        17 190
 5  75  36  56   8   9   0 0.00  0.0    0  5.8 15 220   M    M   0        19 230
 6  72  47  60  12   5   0 0.00  0.0    0  5.4 16 220   M    M   0        21 240
 7  71  42  57   9   8   0 0.00  0.0    0  8.7 22  90   M    M   0        27  80
 8  70  54  62  14   3   0 0.03  0.0    0  6.1 18 230   M    M   0        22 230
 9  56  47  52   4  13   0 1.97    M    0 16.3 36 230   M    M   0        47 210
10  51  45  48   0  17   0 0.07    M    0  8.9 18 220   M    M   0        26 250
11  66  36  51   3  14   0 0.00  0.0    0  9.6 25  80   M    M   0        31  80
12  76  37  57   9   8   0 0.00  0.0    0  6.3 21  80   M    M   0        24  90
13  71  55  63  14   2   0 0.00  0.0    0 12.2 24  60   M    M   0        32  40
14  71  40  56   7   9   0 0.00  0.0    0  8.3 22  80   M    M   0        27  80
15  72  34  53   4  12   0 0.00  0.0    0   M  17 220   M    M   M        22 220
16  72  36  54   5  11   0 0.00  0.0    M  5.9 17 230   M    M   0        21 230
17  70  40  55   6  10   0 0.00  0.0    0  9.8 25  80   M    M   0        31  70
================================================================================
SM 1188  704       155   0  2.07     0.0 132.2          M        0
================================================================================
AV 69.9 41.4                               8.3 FASTST   M    M   0    MAX(MPH)
                                 MISC ---->  # 36 230               # 47  210
================================================================================
NOTES:
# LAST OF SEVERAL OCCURRENCES

COLUMN 17 PEAK WIND IN M.P.H.

PRELIMINARY LOCAL CLIMATOLOGICAL DATA (WS FORM: F-6) , PAGE 2

                                          STATION:  CAMPO ASOS CA
                                          MONTH:    JANUARY
                                          YEAR:     2018
                                          LATITUDE:   32 37 N
                                          LONGITUDE: 116 28 W

[TEMPERATURE DATA]      [PRECIPITATION DATA]       SYMBOLS USED IN COLUMN 16

AVERAGE MONTHLY: 55.7   TOTAL FOR MONTH:   2.07    1 = FOG OR MIST
DPTR FM NORMAL:   7.4   DPTR FM NORMAL:    0.40    2 = FOG REDUCING VISIBILITY
HIGHEST:    76 ON 12, 4 GRTST 24HR  1.97 ON  9- 9      TO 1/4 MILE OR LESS
LOWEST:     32 ON  1                               3 = THUNDER
                        SNOW, ICE PELLETS, HAIL    4 = ICE PELLETS
                        TOTAL MONTH:   0.0 INCH    5 = HAIL
                        GRTST 24HR     0.0         6 = FREEZING RAIN OR DRIZZLE
                        GRTST DEPTH:   0           7 = DUSTSTORM OR SANDSTORM:
                                                       VSBY 1/2 MILE OR LESS
                                                   8 = SMOKE OR HAZE
[NO. OF DAYS WITH]      [WEATHER - DAYS WITH]      9 = BLOWING SNOW
                                                   X = TORNADO
MAX 32 OR BELOW:   0    0.01 INCH OR MORE:   3
MAX 90 OR ABOVE:   0    0.10 INCH OR MORE:   1
MIN 32 OR BELOW:   1    0.50 INCH OR MORE:   1
MIN  0 OR BELOW:   0    1.00 INCH OR MORE:   1

[HDD (BASE 65) ]
TOTAL THIS MO.   155    CLEAR  (SCALE 0-3)  16
DPTR FM NORMAL  -128    PTCLDY (SCALE 4-7)   0
TOTAL FM JUL 1   943    CLOUDY (SCALE 8-10)  0
DPTR FM NORMAL  -446

[CDD (BASE 65) ]
TOTAL THIS MO.     0
DPTR FM NORMAL     0    [PRESSURE DATA]
TOTAL FM JAN 1     0    HIGHEST SLP M ON M
DPTR FM NORMAL     0    LOWEST  SLP 29.68 ON  9

[REMARKS]
