000
CXUS56 KSGX 231445
CF6CZZ

PRELIMINARY LOCAL CLIMATOLOGICAL DATA (WS FORM: F-6)

                                          STATION:   CAMPO ASOS CA
                                          MONTH:     APRIL
                                          YEAR:      2014
                                          LATITUDE:   32 37 N
                                          LONGITUDE: 116 28 W

  TEMPERATURE IN F:       :PCPN:    SNOW:  WIND      :SUNSHINE: SKY     :PK WND
================================================================================
1   2   3   4   5  6A  6B    7    8   9   10  11  12  13   14  15   16   17  18
                                     12Z  AVG MX 2MIN
DY MAX MIN AVG DEP HDD CDD  WTR  SNW DPTH SPD SPD DIR MIN PSBL S-S WX    SPD DR
================================================================================

 1  54  42  48  -5  17   0 0.13  0.0    0 15.4 25 240   M    M   0        35 240
 2  52  32  42 -11  23   0 0.15  0.0    0 13.8 28 250   M    M   0        36 250
 3  68  28  48  -5  17   0 0.00  0.0    0  5.5 18 290   M    M   0        22 290
 4  61  30  46  -7  19   0 0.00  0.0    0  7.9 18 230   M    M   0        25 260
 5  59  36  48  -5  17   0 0.00  0.0    0  7.5 17 260   M    M   0        23 250
 6  76  32  54   1  11   0 0.00  0.0    0  9.0 22  30   M    M   0        27  40
 7  81  35  58   4   7   0 0.00  0.0    0 10.3 30  60   M    M   0        38  70
 8  90  42  66  12   0   1 0.00  0.0    0  7.7 16  70   M    M   0        21  80
 9  88  41  65  11   0   0 0.00  0.0    0  6.9 18 220   M    M   0        23 240
10  86  36  61   7   4   0 0.00  0.0    0  7.2 16 290   M    M   0        22 300
11  80  40  60   6   5   0 0.00  0.0    0  7.9 21 230   M    M   0        25 220
12  67  34  51  -3  14   0 0.00  0.0    0  8.2 22 250   M    M   0        33 240
13  68  41  55   1  10   0 0.00  0.0    0 10.4 22 210   M    M   0        31 240
14  76  39  58   3   7   0 0.00  0.0    0 15.3 38  60   M    M   0        49  60
15  82  38  60   5   5   0 0.00  0.0    0  8.6 24 250   M    M   0        30 250
16  79  34  57   2   8   0 0.00  0.0    0  9.0 20 210   M    M   0        27 230
17  81  39  60   5   5   0 0.00  0.0    0  7.1 22 220   M    M   0        24 220
18  72  48  60   5   5   0 0.00  0.0    0  4.9 17 220   M    M   0        19 210
19  77  40  59   3   6   0 0.00  0.0    0  7.8 22 230   M    M   0        26 230
20  84  42  63   7   2   0 0.00  0.0    0  7.2 20 250   M    M   0        26 220
21  86  44  65   9   0   0 0.00  0.0    0  7.1 21 240   M    M   0        27 240
22  71  41  56   0   9   0 0.00  0.0    0 10.0 26 230   M    M   0        32 230
================================================================================
SM 1638  834       191   1  0.28     0.0 194.7          M        0
================================================================================
AV 74.5 37.9                               8.9 FASTST   M    M   0    MAX(MPH)
                                 MISC ---->  # 38  60               # 49   60
================================================================================
NOTES:
# LAST OF SEVERAL OCCURRENCES

COLUMN 17 PEAK WIND IN M.P.H.

PRELIMINARY LOCAL CLIMATOLOGICAL DATA (WS FORM: F-6) , PAGE 2

                                          STATION:  CAMPO ASOS CA
                                          MONTH:    APRIL
                                          YEAR:     2014
                                          LATITUDE:   32 37 N
                                          LONGITUDE: 116 28 W

[TEMPERATURE DATA]      [PRECIPITATION DATA]       SYMBOLS USED IN COLUMN 16

AVERAGE MONTHLY: 56.2   TOTAL FOR MONTH:   0.28    1 = FOG OR MIST
DPTR FM NORMAL:   1.9   DPTR FM NORMAL:   -0.50    2 = FOG REDUCING VISIBILITY
HIGHEST:    90 ON  8    GRTST 24HR  0.26 ON  1- 2      TO 1/4 MILE OR LESS
LOWEST:     28 ON  3                               3 = THUNDER
                        SNOW, ICE PELLETS, HAIL    4 = ICE PELLETS
                        TOTAL MONTH:   0.0 INCH    5 = HAIL
                        GRTST 24HR     0.0         6 = FREEZING RAIN OR DRIZZLE
                        GRTST DEPTH:   0           7 = DUSTSTORM OR SANDSTORM:
                                                       VSBY 1/2 MILE OR LESS
                                                   8 = SMOKE OR HAZE
[NO. OF DAYS WITH]      [WEATHER - DAYS WITH]      9 = BLOWING SNOW
                                                   X = TORNADO
MAX 32 OR BELOW:   0    0.01 INCH OR MORE:   2
MAX 90 OR ABOVE:   1    0.10 INCH OR MORE:   2
MIN 32 OR BELOW:   4    0.50 INCH OR MORE:   0
MIN  0 OR BELOW:   0    1.00 INCH OR MORE:   0

[HDD (BASE 65) ]
TOTAL THIS MO.   191    CLEAR  (SCALE 0-3)  22
DPTR FM NORMAL   -45    PTCLDY (SCALE 4-7)   0
TOTAL FM JUL 1  2433    CLOUDY (SCALE 8-10)  0
DPTR FM NORMAL  -271

[CDD (BASE 65) ]
TOTAL THIS MO.     1
DPTR FM NORMAL     1    [PRESSURE DATA]
TOTAL FM JAN 1     1    HIGHEST SLP M ON M
DPTR FM NORMAL     1    LOWEST  SLP 29.75 ON 17

[REMARKS]
