000
CXUS54 KFWD 160730
CF6DAL
PRELIMINARY LOCAL CLIMATOLOGICAL DATA (WS FORM: F-6)

                                          STATION:   DALLAS LOVE FIELD
                                          MONTH:     AUGUST
                                          YEAR:      2017
                                          LATITUDE:   32 50 N
                                          LONGITUDE:  96 51 W

  TEMPERATURE IN F:       :PCPN:    SNOW:  WIND      :SUNSHINE: SKY     :PK WND
================================================================================
1   2   3   4   5  6A  6B    7    8   9   10  11  12  13   14  15   16   17  18
                                     12Z  AVG MX 2MIN
DY MAX MIN AVG DEP HDD CDD  WTR  SNW DPTH SPD SPD DIR MIN PSBL S-S WX    SPD DR
================================================================================

 1  93  75  84  -3   0  19 0.03  0.0    0  5.9 16  50   M    M   9        22  50
 2  84  74  79  -9   0  14 1.95  0.0    0  4.1 15  60   M    M   9 18     19  60
 3  93  75  84  -4   0  19 0.05  0.0    0  3.8 10 140   M    M   6 18     14 140
 4  97  77  87  -1   0  22 0.00  0.0    0  3.8 23  20   M    M   4 3      29  20
 5  97  78  88   0   0  23 0.00  0.0    0 12.3 24 150   M    M   4        34 150
 6  99  79  89   1   0  24 0.08  0.0    0 11.9 20 170   M    M   7 3      27 180
 7  94  75  85  -3   0  20    T  0.0    0  5.8 22  50   M    M   8 3      29  40
 8  90  75  83  -5   0  18 0.02  0.0    0  8.7 16  40   M    M   6 1      23  40
 9  91  76  84  -4   0  19 0.00  0.0    0  7.0 14 130   M    M   6        21 120
10  99  77  88   1   0  23 0.00  0.0    0  6.9 17 170   M    M   4        22 160
11 101  82  92   5   0  27 0.00  0.0    0  8.1 21  10   M    M   6        28  10
12  97  76  87   0   0  22 1.59  0.0    0  7.5 30 360   M    M   6 1238   38 310
13  91  77  84  -3   0  19 0.21  0.0    0  6.2 14 140   M    M   7 13     16 140
14  92  74  83  -4   0  18 1.13  0.0    0  9.0 17 160   M    M   7 13     23 270
15  96  80  88   1   0  23 0.00  0.0    0 10.4 18 170   M    M   7        23 170
================================================================================
SM 1414 1150         0 310  5.06     0.0 111.4          M       96
================================================================================
AV 94.3 76.7                               7.4 FASTST   M    M   6    MAX(MPH)
                                 MISC ---->  # 30 360               # 38  310
================================================================================
NOTES:
# LAST OF SEVERAL OCCURRENCES

COLUMN 17 PEAK WIND IN M.P.H.

PRELIMINARY LOCAL CLIMATOLOGICAL DATA (WS FORM: F-6) , PAGE 2

                                          STATION:  DALLAS LOVE FIELD
                                          MONTH:    AUGUST
                                          YEAR:     2017
                                          LATITUDE:   32 50 N
                                          LONGITUDE:  96 51 W

[TEMPERATURE DATA]      [PRECIPITATION DATA]       SYMBOLS USED IN COLUMN 16

AVERAGE MONTHLY: 85.5   TOTAL FOR MONTH:   5.06    1 = FOG OR MIST
DPTR FM NORMAL:  -2.1   DPTR FM NORMAL:    4.28    2 = FOG REDUCING VISIBILITY
HIGHEST:   101 ON 11    GRTST 24HR  2.00 ON  2- 3      TO 1/4 MILE OR LESS
LOWEST:     74 ON 14, 2                            3 = THUNDER
                        SNOW, ICE PELLETS, HAIL    4 = ICE PELLETS
                        TOTAL MONTH:   0.0 INCH    5 = HAIL
                        GRTST 24HR     0.0         6 = FREEZING RAIN OR DRIZZLE
                        GRTST DEPTH:   0           7 = DUSTSTORM OR SANDSTORM:
                                                       VSBY 1/2 MILE OR LESS
                                                   8 = SMOKE OR HAZE
[NO. OF DAYS WITH]      [WEATHER - DAYS WITH]      9 = BLOWING SNOW
                                                   X = TORNADO
MAX 32 OR BELOW:   0    0.01 INCH OR MORE:   8
MAX 90 OR ABOVE:  14    0.10 INCH OR MORE:   4
MIN 32 OR BELOW:   0    0.50 INCH OR MORE:   3
MIN  0 OR BELOW:   0    1.00 INCH OR MORE:   3

[HDD (BASE 65) ]
TOTAL THIS MO.     0    CLEAR  (SCALE 0-3)   0
DPTR FM NORMAL     0    PTCLDY (SCALE 4-7)  13
TOTAL FM JUL 1     0    CLOUDY (SCALE 8-10)  2
DPTR FM NORMAL     0

[CDD (BASE 65) ]
TOTAL THIS MO.   310
DPTR FM NORMAL   -22    [PRESSURE DATA]
TOTAL FM JAN 1  2209    HIGHEST SLP M ON M
DPTR FM NORMAL   222    LOWEST  SLP 29.70 ON  6

[REMARKS]
