000
CXUS54 KSHV 301300
CF6DEQ
PRELIMINARY LOCAL CLIMATOLOGICAL DATA (WS FORM: F-6)

                                          STATION:   DE QUEEN
                                          MONTH:     OCTOBER
                                          YEAR:      2014
                                          LATITUDE:   34  2 N
                                          LONGITUDE:  94 24 W

  TEMPERATURE IN F:       :PCPN:    SNOW:  WIND      :SUNSHINE: SKY     :PK WND
================================================================================
1   2   3   4   5  6A  6B    7    8   9   10  11  12  13   14  15   16   17  18
                                     12Z  AVG MX 2MIN
DY MAX MIN AVG DEP HDD CDD  WTR  SNW DPTH SPD SPD DIR MIN PSBL S-S WX    SPD DR
================================================================================

 1  87  66  77   9   0  12 0.00  0.0    0  4.4 15 200   M    M   2 18     20 210
 2  90  62  76   9   0  11 0.30  0.0    0  4.7 31 290   M    M   4 13     47 300
 3  77  46  62  -5   3   0 0.00  0.0    0  6.2 17 320   M    M   1 1      25 300
 4  73  39  56 -11   9   0 0.00  0.0    0  2.8 14 320   M    M   3 12     18 310
 5  80  45  63  -3   2   0 0.00  0.0    0  2.3  9 230   M    M   0 1      13 240
 6  81  58  70   4   0   5 0.12  0.0    0  2.8 14 150   M    M   3 1238   21  20
 7  87  57  72   6   0   7 0.00  0.0    0  2.7  9 240   M    M   5 128    16 210
 8  83  64  74   9   0   9 0.00  0.0    0  2.6  9 190   M    M   6 128    15 190
 9  86  63  75  10   0  10 0.00  0.0    0  3.2 13 170   M    M   6 128    15 160
10  87  65  76  11   0  11 2.20  0.0    0  4.0 17 230   M    M   6 123    26  10
11  69  59  64  -1   1   0 2.02  0.0    0  6.8 18 110   M    M   9 13     23 130
12  68  56  62  -2   3   0 0.00  0.0    0  4.3 12 110   M    M  10 1      16 130
13  74  58  66   2   0   1 0.44  0.0    0  9.9 23 250   M    M  10 13     29 240
14  71  46  59  -5   6   0 0.00  0.0    0  9.5 22 310   M    M   1 1      30 310
15  76  40  58  -6   7   0 0.00  0.0    0  3.4 15 280   M    M   3 128    19 300
16  82  43  63   0   2   0 0.00  0.0    0  2.5 10 110   M    M   2 12     14 120
17  81  50  66   3   0   1 0.00  0.0    0  1.1  7 130   M    M   1 12      9 110
18  77  50  64   1   1   0 0.00  0.0    0  2.9 12 100   M    M   1 12     15 100
19  71  46  59  -3   6   0 0.00  0.0    0  2.6 12 100   M    M   0 12     16 120
20  76  47  62   0   3   0 0.00  0.0    0  0.8  9 240   M    M   4 128    11 280
21  82  53  68   6   0   3 0.00  0.0    0  0.9  8 220   M    M   5 12     11 220
22  76  53  65   3   0   0 0.00  0.0    0  3.5 13 120   M    M   3 12     15 120
23  69  52  61   0   4   0 0.00  0.0    0  1.9  8 110   M    M   1 12     11  80
24  75  47  61   0   4   0 0.00  0.0    0  1.1  7 260   M    M   4 128    11 270
25  83  52  68   7   0   3 0.00  0.0    0  1.8 10 220   M    M   5 128    13 250
26  85  53  69   9   0   4 0.00  0.0    0  3.6 12 190   M    M   4 128    16 200
27  81  51  66   6   0   1 0.00  0.0    0  5.2 17 190   M    M   2 12     25 230
28  73  55  64   4   1   0 0.07  0.0    0  2.0 10  20   M    M   8 1238   13  20
29  74  45  60   1   5   0 0.00  0.0    0  1.4  9  90   M    M   4 128    12  80
================================================================================
SM 2274 1521        57  78  5.15     0.0 100.9          M      113
================================================================================
AV 78.4 52.4                               3.5 FASTST   M    M   4    MAX(MPH)
                                 MISC ---->  # 31 290               # 47  300
================================================================================
NOTES:
# LAST OF SEVERAL OCCURRENCES

COLUMN 17 PEAK WIND IN M.P.H.

PRELIMINARY LOCAL CLIMATOLOGICAL DATA (WS FORM: F-6) , PAGE 2

                                          STATION:  DE QUEEN
                                          MONTH:    OCTOBER
                                          YEAR:     2014
                                          LATITUDE:   34  2 N
                                          LONGITUDE:  94 24 W

[TEMPERATURE DATA]      [PRECIPITATION DATA]       SYMBOLS USED IN COLUMN 16

AVERAGE MONTHLY: 65.4   TOTAL FOR MONTH:   5.15    1 = FOG OR MIST
DPTR FM NORMAL:   1.9   DPTR FM NORMAL:    0.86    2 = FOG REDUCING VISIBILITY
HIGHEST:    90 ON  2    GRTST 24HR  4.19 ON 10-11      TO 1/4 MILE OR LESS
LOWEST:     39 ON  4                               3 = THUNDER
                        SNOW, ICE PELLETS, HAIL    4 = ICE PELLETS
                        TOTAL MONTH:   0.0 INCH    5 = HAIL
                        GRTST 24HR     0.0         6 = FREEZING RAIN OR DRIZZLE
                        GRTST DEPTH:   0           7 = DUSTSTORM OR SANDSTORM:
                                                       VSBY 1/2 MILE OR LESS
                                                   8 = SMOKE OR HAZE
[NO. OF DAYS WITH]      [WEATHER - DAYS WITH]      9 = BLOWING SNOW
                                                   X = TORNADO
MAX 32 OR BELOW:   0    0.01 INCH OR MORE:   6
MAX 90 OR ABOVE:   1    0.10 INCH OR MORE:   5
MIN 32 OR BELOW:   0    0.50 INCH OR MORE:   2
MIN  0 OR BELOW:   0    1.00 INCH OR MORE:   2

[HDD (BASE 65) ]
TOTAL THIS MO.    57    CLEAR  (SCALE 0-3)  14
DPTR FM NORMAL   -54    PTCLDY (SCALE 4-7)  12
TOTAL FM JUL 1    58    CLOUDY (SCALE 8-10)  3
DPTR FM NORMAL   -62

[CDD (BASE 65) ]
TOTAL THIS MO.    78
DPTR FM NORMAL     9    [PRESSURE DATA]
TOTAL FM JAN 1  1710    HIGHEST SLP M ON M
DPTR FM NORMAL  -224    LOWEST  SLP 29.65 ON 13

[REMARKS]
