036
CXUS54 KFWD 180730
CF6DFW
PRELIMINARY LOCAL CLIMATOLOGICAL DATA (WS FORM: F-6)

                                          STATION:   DALLAS FORT WORTH
                                          MONTH:     AUGUST
                                          YEAR:      2017
                                          LATITUDE:   32 54 N
                                          LONGITUDE:  97  2 W

  TEMPERATURE IN F:       :PCPN:    SNOW:  WIND      :SUNSHINE: SKY     :PK WND
================================================================================
1   2   3   4   5  6A  6B    7    8   9   10  11  12  13   14  15   16   17  18
                                     12Z  AVG MX 2MIN
DY MAX MIN AVG DEP HDD CDD  WTR  SNW DPTH SPD SPD DIR MIN PSBL S-S WX    SPD DR
================================================================================

 1  91  75  83  -3   0  18 0.04  0.0    0  6.3 18  40   M    M   9 1      22  30
 2  81  73  77  -9   0  12 0.43  0.0    0  4.2 12  50   M    M   9 18     13  60
 3  94  75  85  -1   0  20    T  0.0    0  4.2  9 180   M    M   6 18     12 170
 4  96  75  86   0   0  21 0.00  0.0    0  4.5 23  60   M    M   4 138    30  50
 5  97  76  87   1   0  22 0.00  0.0    0 12.2 24 150   M    M   5        32 160
 6  99  78  89   3   0  24 0.04  0.0    0 13.4 22 180   M    M   8 3      29 160
 7  94  75  85  -1   0  20    T  0.0    0  8.2 22  70   M    M   6        28  20
 8  91  75  83  -3   0  18 0.01  0.0    0  9.6 18  50   M    M   6 1      25  40
 9  94  74  84  -2   0  19 0.00  0.0    0  6.0 13  60   M    M   5        16  60
10 100  75  88   2   0  23 0.00  0.0    0  5.5 15 160   M    M   4        20 160
11 100  81  91   5   0  26 0.00  0.0    0  8.8 22 360   M    M   5        25  10
12  98  76  87   1   0  22 1.78  0.0    0  7.5 29 330   M    M   6 13     35 330
13  92  77  85  -1   0  20 0.29  0.0    0  4.8 10 130   M    M   7 13     14 230
14  93  74  84  -2   0  19 0.62  0.0    0  9.1 21 290   M    M   8 13     30 310
15  95  80  88   2   0  23 0.00  0.0    0 11.5 20 190   M    M   7        25 170
16  96  81  89   3   0  24 0.00  0.0    0 15.0 24 190   M    M   6        28 190
17  93  73  83  -3   0  18 0.17  0.0    0  9.7 30  30   M    M   7 13     38  30
================================================================================
SM 1604 1293         0 349  3.38     0.0 140.5          M      108
================================================================================
AV 94.4 76.1                               8.3 FASTST   M    M   6    MAX(MPH)
                                 MISC ---->  # 30  30               # 38   30
================================================================================
NOTES:
# LAST OF SEVERAL OCCURRENCES

COLUMN 17 PEAK WIND IN M.P.H.

PRELIMINARY LOCAL CLIMATOLOGICAL DATA (WS FORM: F-6) , PAGE 2

                                          STATION:  DALLAS FORT WORTH
                                          MONTH:    AUGUST
                                          YEAR:     2017
                                          LATITUDE:   32 54 N
                                          LONGITUDE:  97  2 W

[TEMPERATURE DATA]      [PRECIPITATION DATA]       SYMBOLS USED IN COLUMN 16

AVERAGE MONTHLY: 85.2   TOTAL FOR MONTH:   3.38    1 = FOG OR MIST
DPTR FM NORMAL:  -0.8   DPTR FM NORMAL:    2.47    2 = FOG REDUCING VISIBILITY
HIGHEST:   100 ON 11,10 GRTST 24HR  2.07 ON 12-13      TO 1/4 MILE OR LESS
LOWEST:     73 ON 17, 2                            3 = THUNDER
                        SNOW, ICE PELLETS, HAIL    4 = ICE PELLETS
                        TOTAL MONTH:   0.0 INCH    5 = HAIL
                        GRTST 24HR     0.0         6 = FREEZING RAIN OR DRIZZLE
                        GRTST DEPTH:   0           7 = DUSTSTORM OR SANDSTORM:
                                                       VSBY 1/2 MILE OR LESS
                                                   8 = SMOKE OR HAZE
[NO. OF DAYS WITH]      [WEATHER - DAYS WITH]      9 = BLOWING SNOW
                                                   X = TORNADO
MAX 32 OR BELOW:   0    0.01 INCH OR MORE:   8
MAX 90 OR ABOVE:  16    0.10 INCH OR MORE:   5
MIN 32 OR BELOW:   0    0.50 INCH OR MORE:   2
MIN  0 OR BELOW:   0    1.00 INCH OR MORE:   1

[HDD (BASE 65) ]
TOTAL THIS MO.     0    CLEAR  (SCALE 0-3)   0
DPTR FM NORMAL     0    PTCLDY (SCALE 4-7)  15
TOTAL FM JUL 1     0    CLOUDY (SCALE 8-10)  2
DPTR FM NORMAL     0

[CDD (BASE 65) ]
TOTAL THIS MO.   349
DPTR FM NORMAL    -8    [PRESSURE DATA]
TOTAL FM JAN 1  2240    HIGHEST SLP M ON M
DPTR FM NORMAL   339    LOWEST  SLP 29.70 ON  6

[REMARKS]
