000
CXUS54 KFWD 230730
CF6DFW
PRELIMINARY LOCAL CLIMATOLOGICAL DATA (WS FORM: F-6)

                                          STATION:   DALLAS FORT WORTH
                                          MONTH:     JULY
                                          YEAR:      2014
                                          LATITUDE:   32 54 N
                                          LONGITUDE:  97  2 W

  TEMPERATURE IN F:       :PCPN:    SNOW:  WIND      :SUNSHINE: SKY     :PK WND
================================================================================
1   2   3   4   5  6A  6B    7    8   9   10  11  12  13   14  15   16   17  18
                                     12Z  AVG MX 2MIN
DY MAX MIN AVG DEP HDD CDD  WTR  SNW DPTH SPD SPD DIR MIN PSBL S-S WX    SPD DR
================================================================================

 1  94  74  84   0   0  19 0.00  0.0    0 13.0 26 180   M    M   6 8      33 190
 2  93  77  85   1   0  20 0.00  0.0    0  9.2 20 360   M    M   9        22 360
 3  87  71  79  -5   0  14 0.00  0.0    0  7.6 26 360   M    M   8 3      32  20
 4  93  74  84   0   0  19 0.00  0.0    0  7.1 18 120   M    M   6        22 110
 5  93  73  83  -1   0  18 0.00  0.0    0  9.6 16 160   M    M   4 1      23 140
 6  95  74  85   1   0  20 0.00  0.0    0 10.2 16 160   M    M   5        20 190
 7  99  76  88   3   0  23 0.00  0.0    0 12.0 21 190   M    M   6 3      25 190
 8  98  78  88   3   0  23 0.00  0.0    0 11.2 21 200   M    M   5        26 190
 9  97  76  87   2   0  22    T  0.0    0  9.1 16 200   M    M   7        20 200
10  98  78  88   3   0  23 0.00  0.0    0 12.9 22 180   M    M   4        28 190
11  96  74  85   0   0  20 0.00  0.0    0 12.4 22 170   M    M   1        32 190
12  99  75  87   2   0  22 0.00  0.0    0 10.6 18 180   M    M   1        26 170
13 100  77  89   4   0  24 0.00  0.0    0  7.7 16 190   M    M   2        26 140
14 101  78  90   5   0  25 0.08  0.0    0  8.6 24 350   M    M   6 3      30 230
15  94  73  84  -1   0  19 0.00  0.0    0 12.7 23  20   M    M   7        28  10
16  92  69  81  -4   0  16 0.03  0.0    0  9.6 25 190   M    M   8 138    31 200
17  79  68  74 -12   0   9 0.70  0.0    0 10.7 17  70   M    M  10 138    22 160
18  77  65  71 -15   0   6 0.00  0.0    0  9.9 15 360   M    M  10        19 360
19  78  68  73 -13   0   8 0.00  0.0    0  5.4 10 130   M    M   9        13 130
20  93  65  79  -7   0  14 0.00  0.0    0  7.9 15 130   M    M   6 1      19 130
21  98  74  86   0   0  21 0.00  0.0    0  8.2 16 130   M    M   4 18     20 130
22  98  77  88   2   0  23 0.00  0.0    0  7.1 15  70   M    M   6 8      17 110
================================================================================
SM 2052 1614         0 408  0.81     0.0 212.7          M      130
================================================================================
AV 93.3 73.4                               9.7 FASTST   M    M   6    MAX(MPH)
                                 MISC ---->  # 26 180               # 33  190
================================================================================
NOTES:
# LAST OF SEVERAL OCCURRENCES

COLUMN 17 PEAK WIND IN M.P.H.

PRELIMINARY LOCAL CLIMATOLOGICAL DATA (WS FORM: F-6) , PAGE 2

                                          STATION:  DALLAS FORT WORTH
                                          MONTH:    JULY
                                          YEAR:     2014
                                          LATITUDE:   32 54 N
                                          LONGITUDE:  97  2 W

[TEMPERATURE DATA]      [PRECIPITATION DATA]       SYMBOLS USED IN COLUMN 16

AVERAGE MONTHLY: 83.3   TOTAL FOR MONTH:   0.81    1 = FOG OR MIST
DPTR FM NORMAL:  -1.7   DPTR FM NORMAL:   -0.87    2 = FOG REDUCING VISIBILITY
HIGHEST:   101 ON 14    GRTST 24HR  0.73 ON 16-17      TO 1/4 MILE OR LESS
LOWEST:     65 ON 20,18                            3 = THUNDER
                        SNOW, ICE PELLETS, HAIL    4 = ICE PELLETS
                        TOTAL MONTH:   0.0 INCH    5 = HAIL
                        GRTST 24HR     0.0         6 = FREEZING RAIN OR DRIZZLE
                        GRTST DEPTH:   0           7 = DUSTSTORM OR SANDSTORM:
                                                       VSBY 1/2 MILE OR LESS
                                                   8 = SMOKE OR HAZE
[NO. OF DAYS WITH]      [WEATHER - DAYS WITH]      9 = BLOWING SNOW
                                                   X = TORNADO
MAX 32 OR BELOW:   0    0.01 INCH OR MORE:   3
MAX 90 OR ABOVE:  18    0.10 INCH OR MORE:   1
MIN 32 OR BELOW:   0    0.50 INCH OR MORE:   1
MIN  0 OR BELOW:   0    1.00 INCH OR MORE:   0

[HDD (BASE 65) ]
TOTAL THIS MO.     0    CLEAR  (SCALE 0-3)   3
DPTR FM NORMAL     0    PTCLDY (SCALE 4-7)  14
TOTAL FM JUL 1     0    CLOUDY (SCALE 8-10)  5
DPTR FM NORMAL     0

[CDD (BASE 65) ]
TOTAL THIS MO.   408
DPTR FM NORMAL   -33    [PRESSURE DATA]
TOTAL FM JAN 1  1411    HIGHEST SLP M ON M
DPTR FM NORMAL    57    LOWEST  SLP 29.80 ON  1

[REMARKS]
