000
CXUS52 KTAE 220800
CF6DHN
PRELIMINARY LOCAL CLIMATOLOGICAL DATA (WS FORM: F-6)

                                          STATION:   DOTHAN
                                          MONTH:     FEBRUARY
                                          YEAR:      2018
                                          LATITUDE:   31 19 N
                                          LONGITUDE:  85 27 W

  TEMPERATURE IN F:       :PCPN:    SNOW:  WIND      :SUNSHINE: SKY     :PK WND
================================================================================
1   2   3   4   5  6A  6B    7    8   9   10  11  12  13   14  15   16   17  18
                                     12Z  AVG MX 2MIN
DY MAX MIN AVG DEP HDD CDD  WTR  SNW DPTH SPD SPD DIR MIN PSBL S-S WX    SPD DR
================================================================================

 1  66  40  53   3  12   0 0.02  0.0    0  7.4 15 210   M    M   7 1      18 170
 2  60  38  49  -1  16   0    T  0.0    0 13.1 26 330   M    M   4 12     34 340
 3  59  32  46  -5  19   0    T  0.0    0  8.5 15  80   M    M   2        19 130
 4  72  47  60   9   5   0 0.50  0.0    0 12.3 22 280   M    M   4 1      32 160
 5  68  40  54   3  11   0 0.00  0.0    0  3.2 10  30   M    M   0 1      13  10
 6  78  43  61  10   4   0 0.00  0.0    0  7.0 15 140   M    M   2        19 140
 7  73  55  64  13   1   0 1.63  0.0    0  9.8 32 240   M    M  10 138    44 230
 8  66  44  55   3  10   0 0.01  0.0    0  9.7 20 350   M    M   2        24 340
 9  59  47  53   1  12   0 0.01  0.0    0  6.9 13 110   M    M   8 1      17 110
10  69  55  62  10   3   0 0.38  0.0    0  7.9 20 170   M    M   9 13     24 160
11  68  63  66  14   0   1 5.24  0.0    0  9.2 21 140   M    M  10 13     27 140
12  70  62  66  14   0   1 0.30  0.0    0  5.5 20 150   M    M  10 1      22 160
13  68  57  63  10   2   0 0.00  0.0    0  7.9 13  70   M    M  10 12     18  60
14  70  54  62   9   3   0 0.00  0.0    0  3.7 13  90   M    M  10 1      14  80
15  73  59  66  13   0   1    T  0.0    0  7.4 14 210   M    M   7 12     18 220
16  81  62  72  19   0   7 0.00  0.0    0  9.0 21 260   M    M   6 1      26 260
17  80  58  69  15   0   4    T  0.0    0  8.1 20 240   M    M   5 12     24 240
18  81  65  73  19   0   8 0.00  0.0    0  4.2 12 230   M    M   9 1      14 140
19  83  61  72  18   0   7 0.00  0.0    0  8.9 18 140   M    M   6 18     23 140
20  82  61  72  18   0   7    T  0.0    0  9.2 18 170   M    M   6 18     25 170
21  85  64  75  21   0  10 0.00  0.0    0  8.9 18 150   M    M   5 18     24 180
================================================================================
SM 1511 1107        98  46  8.09     0.0 167.8          M      132
================================================================================
AV 72.0 52.7                               8.0 FASTST   M    M   6    MAX(MPH)
                                 MISC ---->  # 32 240               # 44  230
================================================================================
NOTES:
# LAST OF SEVERAL OCCURRENCES

COLUMN 17 PEAK WIND IN M.P.H.

PRELIMINARY LOCAL CLIMATOLOGICAL DATA (WS FORM: F-6) , PAGE 2

                                          STATION:  DOTHAN
                                          MONTH:    FEBRUARY
                                          YEAR:     2018
                                          LATITUDE:   31 19 N
                                          LONGITUDE:  85 27 W

[TEMPERATURE DATA]      [PRECIPITATION DATA]       SYMBOLS USED IN COLUMN 16

AVERAGE MONTHLY: 62.3   TOTAL FOR MONTH:   8.09    1 = FOG OR MIST
DPTR FM NORMAL:  10.1   DPTR FM NORMAL:    4.46    2 = FOG REDUCING VISIBILITY
HIGHEST:    85 ON 21    GRTST 24HR  5.24 ON 11-11      TO 1/4 MILE OR LESS
LOWEST:     32 ON  3                               3 = THUNDER
                        SNOW, ICE PELLETS, HAIL    4 = ICE PELLETS
                        TOTAL MONTH:   0.0 INCH    5 = HAIL
                        GRTST 24HR     0.0         6 = FREEZING RAIN OR DRIZZLE
                        GRTST DEPTH:   0           7 = DUSTSTORM OR SANDSTORM:
                                                       VSBY 1/2 MILE OR LESS
                                                   8 = SMOKE OR HAZE
[NO. OF DAYS WITH]      [WEATHER - DAYS WITH]      9 = BLOWING SNOW
                                                   X = TORNADO
MAX 32 OR BELOW:   0    0.01 INCH OR MORE:   8
MAX 90 OR ABOVE:   0    0.10 INCH OR MORE:   5
MIN 32 OR BELOW:   1    0.50 INCH OR MORE:   3
MIN  0 OR BELOW:   0    1.00 INCH OR MORE:   2

[HDD (BASE 65) ]
TOTAL THIS MO.    98    CLEAR  (SCALE 0-3)   4
DPTR FM NORMAL  -174    PTCLDY (SCALE 4-7)   9
TOTAL FM JUL 1  1275    CLOUDY (SCALE 8-10)  8
DPTR FM NORMAL  -213

[CDD (BASE 65) ]
TOTAL THIS MO.    46
DPTR FM NORMAL    46    [PRESSURE DATA]
TOTAL FM JAN 1    49    HIGHEST SLP M ON M
DPTR FM NORMAL    45    LOWEST  SLP 29.88 ON  4

[REMARKS]
