000
CXUS54 KAMA 181015
CF6DHT
PRELIMINARY LOCAL CLIMATOLOGICAL DATA (WS FORM: F-6)

                                          STATION:   DALHART
                                          MONTH:     APRIL
                                          YEAR:      2014
                                          LATITUDE:   36  1 N
                                          LONGITUDE: 102 33 W

  TEMPERATURE IN F:       :PCPN:    SNOW:  WIND      :SUNSHINE: SKY     :PK WND
================================================================================
1   2   3   4   5  6A  6B    7    8   9   10  11  12  13   14  15   16   17  18
                                     12Z  AVG MX 2MIN
DY MAX MIN AVG DEP HDD CDD  WTR  SNW DPTH SPD SPD DIR MIN PSBL S-S WX    SPD DR
================================================================================

 1  75  30  53   3  12   0 0.00  0.0    0 12.3 25 170   M    M   0        31  50
 2  82  38  60  10   5   0 0.00  0.0    0 17.1 38 230   M    M   0 8      46 230
 3  56  29  43  -7  22   0 0.00  0.0    0 14.6 36 360   M    M   2 8      43  10
 4  65  28  47  -3  18   0 0.00  0.0    0 10.7 25 210   M    M   0        32 210
 5  64  30  47  -3  18   0 0.00  0.0    0 15.2 33 150   M    M   4        46 140
 6  60  33  47  -4  18   0 0.05  0.0    0  7.8 21 360   M    M   4 138    24  10
 7  59  37  48  -3  17   0    T  0.0    0 18.4 36  10   M    M   2 8      47  10
 8  73  31  52   1  13   0 0.00  0.0    0 11.7 24 270   M    M   0 8      30 270
 9  85  35  60   8   5   0 0.00  0.0    0  8.5 18 210   M    M   0 8      23 270
10  75  45  60   8   5   0 0.00  0.0    0 14.1 31  10   M    M   0        37  20
11  82  39  61   9   4   0 0.00  0.0    0  8.1 22 170   M    M   0        24 150
12  88  45  67  15   0   2 0.00  0.0    0 14.5 32 220   M    M   0        46 220
13  63  28  46  -7  19   0 0.06  1.0    0 22.2 41  10   M    M   2 1      51  10
14  44  26  35 -18  30   0    T    T    1 19.6 36  10   M    M   6 1      43 360
15  69  25  47  -6  18   0 0.00  0.0    0 17.3 29 210   M    M   0        36 200
16  70  34  52  -2  13   0 0.00  0.0    0 17.0 31  50   M    M   0        41  50
17  56  38  47  -7  18   0 0.00  0.0    0 13.9 29  40   M    M   4        37  40
================================================================================
SM 1166  571       235   2  0.11     1.0 243.0          M       24
================================================================================
AV 68.6 33.6                              14.3 FASTST   M    M   1    MAX(MPH)
                                 MISC ---->  # 41  10               # 51   10
================================================================================
NOTES:
# LAST OF SEVERAL OCCURRENCES

COLUMN 17 PEAK WIND IN M.P.H.

PRELIMINARY LOCAL CLIMATOLOGICAL DATA (WS FORM: F-6) , PAGE 2

                                          STATION:  DALHART
                                          MONTH:    APRIL
                                          YEAR:     2014
                                          LATITUDE:   36  1 N
                                          LONGITUDE: 102 33 W

[TEMPERATURE DATA]      [PRECIPITATION DATA]       SYMBOLS USED IN COLUMN 16

AVERAGE MONTHLY: 51.1   TOTAL FOR MONTH:   0.11    1 = FOG OR MIST
DPTR FM NORMAL:  -0.6   DPTR FM NORMAL:   -0.44    2 = FOG REDUCING VISIBILITY
HIGHEST:    88 ON 12    GRTST 24HR  0.06 ON 13-13      TO 1/4 MILE OR LESS
LOWEST:     25 ON 15                               3 = THUNDER
                        SNOW, ICE PELLETS, HAIL    4 = ICE PELLETS
                        TOTAL MONTH:   1.0 INCH    5 = HAIL
                        GRTST 24HR   1.0 ON 13-13  6 = FREEZING RAIN OR DRIZZLE
                        GRTST DEPTH:   1 ON 14     7 = DUSTSTORM OR SANDSTORM:
                                                       VSBY 1/2 MILE OR LESS
                                                   8 = SMOKE OR HAZE
[NO. OF DAYS WITH]      [WEATHER - DAYS WITH]      9 = BLOWING SNOW
                                                   X = TORNADO
MAX 32 OR BELOW:   0    0.01 INCH OR MORE:   2
MAX 90 OR ABOVE:   0    0.10 INCH OR MORE:   0
MIN 32 OR BELOW:   8    0.50 INCH OR MORE:   0
MIN  0 OR BELOW:   0    1.00 INCH OR MORE:   0

[HDD (BASE 65) ]
TOTAL THIS MO.   235    CLEAR  (SCALE 0-3)  13
DPTR FM NORMAL     7    PTCLDY (SCALE 4-7)   4
TOTAL FM JUL 1  4418    CLOUDY (SCALE 8-10)  0
DPTR FM NORMAL   -64

[CDD (BASE 65) ]
TOTAL THIS MO.     2
DPTR FM NORMAL     2    [PRESSURE DATA]
TOTAL FM JAN 1     2    HIGHEST SLP M ON M
DPTR FM NORMAL     2    LOWEST  SLP 29.46 ON  2

[REMARKS]
