000
CXUS55 KVEF 250940
CF6DRA
PRELIMINARY LOCAL CLIMATOLOGICAL DATA (WS FORM: F-6)

                                          STATION:   DESERT ROCK-MERCURY NV
                                          MONTH:     AUGUST
                                          YEAR:      2016
                                          LATITUDE:   36 37 N
                                          LONGITUDE: 116  1 W

  TEMPERATURE IN F:       :PCPN:    SNOW:  WIND      :SUNSHINE: SKY     :PK WND
================================================================================
1   2   3   4   5  6A  6B    7    8   9   10  11  12  13   14  15   16   17  18
                                     12Z  AVG MX 2MIN
DY MAX MIN AVG DEP HDD CDD  WTR  SNW DPTH SPD SPD DIR MIN PSBL S-S WX    SPD DR
================================================================================

 1 103  77  90   5   0  25 0.00  0.0    0  7.3 20 240   M    M   0        27 230
 2 104  78  91   6   0  26 0.00  0.0    0  7.6 20 200   M    M   1        27 200
 3 102  79  91   6   0  26 0.00  0.0    0  9.5 22  90   M    M   0        29  90
 4  96  74  85   0   0  20 0.01  0.0    0  9.5 24 110   M    M   2        29 110
 5 100  72  86   1   0  21 0.00  0.0    0  9.4 23 210   M    M   0        35 170
 6 100  76  88   3   0  23 0.00  0.0    0 10.1 25 210   M    M   0        35 200
 7 100  77  89   4   0  24 0.00  0.0    0 13.3 29 210   M    M   0        38 180
 8 100  68  84  -1   0  19 0.00  0.0    0  9.9 28 210   M    M   0        41 220
 9  97  75  86   2   0  21 0.00  0.0    0 15.3 29 210   M    M   0        38 220
10  96  71  84   0   0  19 0.00  0.0    0 14.2 25 240   M    M   0        38 210
11  98  66  82  -2   0  17 0.00  0.0    0  8.5 23 220   M    M   0        32 230
12  99  62  81  -3   0  16 0.00  0.0    0  4.4 17 230   M    M   0        22 250
13 103  65  84   0   0  19 0.00  0.0    0  4.8 15 240   M    M   0        26 220
14 106  69  88   4   0  23 0.00  0.0    0  7.1 24 210   M    M   0        32 220
15 104  78  91   7   0  26 0.00  0.0    0 12.3 29 240   M    M   0        37 230
16 102  67  85   2   0  20 0.00  0.0    0  9.3 26 220   M    M   0        34 210
17 102  61  82  -1   0  17 0.00  0.0    0  8.2 26 230   M    M   0        35 220
18  99  66  83   0   0  18 0.00  0.0    0  8.6 22 100   M    M   0        29 230
19  99  72  86   3   0  21 0.00  0.0    0  6.8 17 220   M    M   0        22 220
20 100  75  88   5   0  23    T  0.0    0 10.9 20 210   M    M   0        26 200
21  98  77  88   6   0  23 0.00  0.0    0 14.8 32 110   M    M   0        40 110
22  95  67  81  -1   0  16 0.00  0.0    0  9.0 25 120   M    M   1        30  30
23  95  66  81  -1   0  16 0.00  0.0    0  9.9 30 110   M    M   0        37 120
24  98  68  83   1   0  18 0.00  0.0    0  9.2 20 210   M    M   0        26 210
================================================================================
SM 2396 1706         0 497  0.01     0.0 229.9          M        4
================================================================================
AV 99.8 71.1                               9.6 FASTST   M    M   0    MAX(MPH)
                                 MISC ---->  # 32 110               # 41  220
================================================================================
NOTES:
# LAST OF SEVERAL OCCURRENCES

COLUMN 17 PEAK WIND IN M.P.H.

PRELIMINARY LOCAL CLIMATOLOGICAL DATA (WS FORM: F-6) , PAGE 2

                                          STATION:  DESERT ROCK-MERCURY NV
                                          MONTH:    AUGUST
                                          YEAR:     2016
                                          LATITUDE:   36 37 N
                                          LONGITUDE: 116  1 W

[TEMPERATURE DATA]      [PRECIPITATION DATA]       SYMBOLS USED IN COLUMN 16

AVERAGE MONTHLY: 85.5   TOTAL FOR MONTH:   0.01    1 = FOG OR MIST
DPTR FM NORMAL:   1.7   DPTR FM NORMAL:   -0.52    2 = FOG REDUCING VISIBILITY
HIGHEST:   106 ON 14    GRTST 24HR  0.01 ON  4- 4      TO 1/4 MILE OR LESS
LOWEST:     61 ON 17                               3 = THUNDER
                        SNOW, ICE PELLETS, HAIL    4 = ICE PELLETS
                        TOTAL MONTH:   0.0 INCH    5 = HAIL
                        GRTST 24HR     0.0         6 = FREEZING RAIN OR DRIZZLE
                        GRTST DEPTH:   0           7 = DUSTSTORM OR SANDSTORM:
                                                       VSBY 1/2 MILE OR LESS
                                                   8 = SMOKE OR HAZE
[NO. OF DAYS WITH]      [WEATHER - DAYS WITH]      9 = BLOWING SNOW
                                                   X = TORNADO
MAX 32 OR BELOW:   0    0.01 INCH OR MORE:   1
MAX 90 OR ABOVE:  24    0.10 INCH OR MORE:   0
MIN 32 OR BELOW:   0    0.50 INCH OR MORE:   0
MIN  0 OR BELOW:   0    1.00 INCH OR MORE:   0

[HDD (BASE 65) ]
TOTAL THIS MO.     0    CLEAR  (SCALE 0-3)  24
DPTR FM NORMAL     0    PTCLDY (SCALE 4-7)   0
TOTAL FM JUL 1     0    CLOUDY (SCALE 8-10)  0
DPTR FM NORMAL     0

[CDD (BASE 65) ]
TOTAL THIS MO.   497
DPTR FM NORMAL    45    [PRESSURE DATA]
TOTAL FM JAN 1  1910    HIGHEST SLP M ON M
DPTR FM NORMAL   206    LOWEST  SLP 29.60 ON  7

[REMARKS]
