000
CXUS55 KGJT 191000
CF6DRO
PRELIMINARY LOCAL CLIMATOLOGICAL DATA (WS FORM: F-6)

                                          STATION:   DURANGO AIRPORT CO
                                          MONTH:     SEPTEMBER
                                          YEAR:      2017
                                          LATITUDE:   37  9 N
                                          LONGITUDE: 107 45 W

  TEMPERATURE IN F:       :PCPN:    SNOW:  WIND      :SUNSHINE: SKY     :PK WND
================================================================================
1   2   3   4   5  6A  6B    7    8   9   10  11  12  13   14  15   16   17  18
                                     12Z  AVG MX 2MIN
DY MAX MIN AVG DEP HDD CDD  WTR  SNW DPTH SPD SPD DIR MIN PSBL S-S WX    SPD DR
================================================================================

 1  86  52  69   5   0   4 0.02    M    M  5.8 25  40   M    M   1 3      32  40
 2  87  53  70   7   0   5 0.00    M    M  4.6 17  20   M    M   0        20  30
 3  90  51  71   8   0   6 0.00    M    M  5.0 17 290   M    M   0 3      23 290
 4  89  50  70   7   0   5    T    M    M  5.9 30  10   M    M   0 3      39  20
 5  86  47  67   5   0   2 0.00    M    M  3.7 16 320   M    M   0 8      18 310
 6  88  49  69   7   0   4 0.00    M    M  6.0 23 360   M    M   1 3      29 270
 7  86  58  72  10   0   7    T    M    M  8.6 24 260   M    M   2        32 250
 8  82  48  65   3   0   0    T    M    M  6.6 24 180   M    M   2 3      35 170
 9  83  53  68   7   0   3    T    M    M  6.9 22 160   M    M   3        30 150
10  81  51  66   5   0   1    T    M    M  3.6 14 270   M    M   1        16 270
11  84  49  67   7   0   2 0.00    M    M  6.2 26 350   M    M   0        32 350
12  86  49  68   8   0   3 0.01    M    M  4.5 33  50   M    M   1 3      40  50
13  86  44  65   5   0   0 0.00    M    M  7.0 28 260   M    M   0        34 250
14  79  47  63   4   2   0 0.35    M    M  6.3 30 290   M    M   5 13     38 290
15  71  45  58  -1   7   0 0.00    M    M  4.2 17 270   M    M   4 1      20 270
16  73  40  57  -2   8   0 0.00    M    M  5.1 22 230   M    M   1        29 220
17  74  39  57  -1   8   0    T    M    M  6.3 26 310   M    M   3 3      34 180
18  75  39  57  -1   8   0 0.00    M    M  3.7 15 270   M    M   1        20 210
================================================================================
SM 1486  864        33  42  0.38    M    100.0          M       25
================================================================================
AV 82.6 48.0                               5.6 FASTST   M    M   1    MAX(MPH)
                                 MISC ---->  # 33  50               # 40   50
================================================================================
NOTES:
# LAST OF SEVERAL OCCURRENCES

COLUMN 17 PEAK WIND IN M.P.H.

PRELIMINARY LOCAL CLIMATOLOGICAL DATA (WS FORM: F-6) , PAGE 2

                                          STATION:  DURANGO AIRPORT CO
                                          MONTH:    SEPTEMBER
                                          YEAR:     2017
                                          LATITUDE:   37  9 N
                                          LONGITUDE: 107 45 W

[TEMPERATURE DATA]      [PRECIPITATION DATA]       SYMBOLS USED IN COLUMN 16

AVERAGE MONTHLY: 65.3   TOTAL FOR MONTH:   0.38    1 = FOG OR MIST
DPTR FM NORMAL:   4.4   DPTR FM NORMAL:   -0.81    2 = FOG REDUCING VISIBILITY
HIGHEST:    90 ON  3    GRTST 24HR  0.35 ON 14-14      TO 1/4 MILE OR LESS
LOWEST:     39 ON 18,17                            3 = THUNDER
                        SNOW, ICE PELLETS, HAIL    4 = ICE PELLETS
                        TOTAL MONTH:    M          5 = HAIL
                        GRTST 24HR    M  ON   M    6 = FREEZING RAIN OR DRIZZLE
                        GRTST DEPTH:  M  ON   M    7 = DUSTSTORM OR SANDSTORM:
                                                       VSBY 1/2 MILE OR LESS
                                                   8 = SMOKE OR HAZE
[NO. OF DAYS WITH]      [WEATHER - DAYS WITH]      9 = BLOWING SNOW
                                                   X = TORNADO
MAX 32 OR BELOW:   0    0.01 INCH OR MORE:   3
MAX 90 OR ABOVE:   1    0.10 INCH OR MORE:   1
MIN 32 OR BELOW:   0    0.50 INCH OR MORE:   0
MIN  0 OR BELOW:   0    1.00 INCH OR MORE:   0

[HDD (BASE 65) ]
TOTAL THIS MO.    33    CLEAR  (SCALE 0-3)  15
DPTR FM NORMAL   -46    PTCLDY (SCALE 4-7)   3
TOTAL FM JUL 1    44    CLOUDY (SCALE 8-10)  0
DPTR FM NORMAL   -64

[CDD (BASE 65) ]
TOTAL THIS MO.    42
DPTR FM NORMAL    39    [PRESSURE DATA]
TOTAL FM JAN 1   351    HIGHEST SLP M ON M
DPTR FM NORMAL   111    LOWEST  SLP 29.66 ON 15

[REMARKS]
