000
CXUS54 KFWD 270730
CF6DTO
PRELIMINARY LOCAL CLIMATOLOGICAL DATA (WS FORM: F-6)

                                          STATION:   DENTON
                                          MONTH:     DECEMBER
                                          YEAR:      2014
                                          LATITUDE:   33 12 N
                                          LONGITUDE:  97 12 W

  TEMPERATURE IN F:       :PCPN:    SNOW:  WIND      :SUNSHINE: SKY     :PK WND
================================================================================
1   2   3   4   5  6A  6B    7    8   9   10  11  12  13   14  15   16   17  18
                                     12Z  AVG MX 2MIN
DY MAX MIN AVG DEP HDD CDD  WTR  SNW DPTH SPD SPD DIR MIN PSBL S-S WX    SPD DR
================================================================================

 1  47  27  37 -11  28   0 0.00  0.0    0 13.8 24 350   M    M   5        30 350
 2  48  25  37 -11  28   0 0.00  0.0    0  4.6 12 170   M    M   8        15 160
 3  58  48  53   5  12   0    T  0.0    0  8.1 15 150   M    M  10 18     18 150
 4  64  56  60  13   5   0    T  0.0    0  9.5 17 160   M    M   9 18     21 160
 5  77  54  66  19   0   1 0.02  0.0    0 11.2 20 220   M    M   7 1      27 310
 6  66  44  55   9  10   0 0.00  0.0    0 10.4 21  10   M    M   5 1      24 360
 7  52  42  47   1  18   0 0.00  0.0    0  5.7 12 130   M    M   8 1      14 130
 8  54  36  45  -1  20   0 0.00  0.0    0  3.3  9 350   M    M   7 12     12 350
 9  55  34  45  -1  20   0 0.00  0.0    0  2.1  9  30   M    M   8 128    10  30
10  57  36  47   2  18   0    T  0.0    0  4.7 10 140   M    M   9 12     13 120
11  66  51  59  14   6   0 0.05  0.0    0  5.8 13 190   M    M  10 18     15 190
12  71  54  63  18   2   0 0.01  0.0    0  5.6 15 170   M    M   9 1      17 170
13  71  56  64  19   1   0 0.00  0.0    0 11.7 21 210   M    M   6        25 180
14  66  60  63  19   2   0 0.16  0.0    0 15.6 24 200   M    M   8 1      31 210
15  62  44  53   9  12   0    T  0.0    0 11.7 23 300   M    M   0        29 300
16  53  32  43  -1  22   0 0.00  0.0    0  7.7 20 360   M    M   0        25 360
17  45  33  39  -5  26   0 0.17  0.0    0  7.2 20 110   M    M  10 13     24 100
18  50  40  45   1  20   0 0.00  0.0    0  5.0 12  30   M    M  10 1      14  30
19  49  44  47   4  18   0 0.11  0.0    0  7.6 13  20   M    M  10 1      15  30
20  47  43  45   2  20   0 0.00  0.0    0  4.5  9  70   M    M  10 1      13  20
21  52  46  49   6  16   0 0.00  0.0    0 11.9 22 160   M    M  10 18     25 170
22  63  44  54  11  11   0 0.00  0.0    0 10.4 21 310   M    M   2        25 310
23  53  42  48   5  17   0 0.18  0.0    0 10.3 21 320   M    M   7        26 310
24  50  34  42  -1  23   0    T  0.0    0 12.2 22 310   M    M   4        28 310
25  62  33  48   5  17   0 0.00  0.0    0 15.0 31 170   M    M   0        38 180
26  66  50  58  15   7   0 0.00  0.0    0 10.9 20 170   M    M   7 12     26 160
================================================================================
SM 1504 1108       379   1  0.70     0.0 226.5          M      179
================================================================================
AV 57.8 42.6                               8.7 FASTST   M    M   7    MAX(MPH)
                                 MISC ---->  # 31 170               # 38  180
================================================================================
NOTES:
# LAST OF SEVERAL OCCURRENCES

COLUMN 17 PEAK WIND IN M.P.H.

PRELIMINARY LOCAL CLIMATOLOGICAL DATA (WS FORM: F-6) , PAGE 2

                                          STATION:  DENTON
                                          MONTH:    DECEMBER
                                          YEAR:     2014
                                          LATITUDE:   33 12 N
                                          LONGITUDE:  97 12 W

[TEMPERATURE DATA]      [PRECIPITATION DATA]       SYMBOLS USED IN COLUMN 16

AVERAGE MONTHLY: 50.2   TOTAL FOR MONTH:   0.70    1 = FOG OR MIST
DPTR FM NORMAL:   5.4   DPTR FM NORMAL:   -1.47    2 = FOG REDUCING VISIBILITY
HIGHEST:    77 ON  5    GRTST 24HR  0.18 ON 23-23      TO 1/4 MILE OR LESS
LOWEST:     25 ON  2                               3 = THUNDER
                        SNOW, ICE PELLETS, HAIL    4 = ICE PELLETS
                        TOTAL MONTH:   0.0 INCH    5 = HAIL
                        GRTST 24HR     0.0         6 = FREEZING RAIN OR DRIZZLE
                        GRTST DEPTH:   0           7 = DUSTSTORM OR SANDSTORM:
                                                       VSBY 1/2 MILE OR LESS
                                                   8 = SMOKE OR HAZE
[NO. OF DAYS WITH]      [WEATHER - DAYS WITH]      9 = BLOWING SNOW
                                                   X = TORNADO
MAX 32 OR BELOW:   0    0.01 INCH OR MORE:   7
MAX 90 OR ABOVE:   0    0.10 INCH OR MORE:   4
MIN 32 OR BELOW:   3    0.50 INCH OR MORE:   0
MIN  0 OR BELOW:   0    1.00 INCH OR MORE:   0

[HDD (BASE 65) ]
TOTAL THIS MO.   379    CLEAR  (SCALE 0-3)   4
DPTR FM NORMAL  -146    PTCLDY (SCALE 4-7)  11
TOTAL FM JUL 1   863    CLOUDY (SCALE 8-10) 11
DPTR FM NORMAL  -109

[CDD (BASE 65) ]
TOTAL THIS MO.     1
DPTR FM NORMAL     1    [PRESSURE DATA]
TOTAL FM JAN 1  2497    HIGHEST SLP M ON M
DPTR FM NORMAL    77    LOWEST  SLP 29.54 ON 22

[REMARKS]
