000
CXUS54 KFWD 310730
CF6DTO
PRELIMINARY LOCAL CLIMATOLOGICAL DATA (WS FORM: F-6)

                                          STATION:   DENTON
                                          MONTH:     OCTOBER
                                          YEAR:      2014
                                          LATITUDE:   33 12 N
                                          LONGITUDE:  97 12 W

  TEMPERATURE IN F:       :PCPN:    SNOW:  WIND      :SUNSHINE: SKY     :PK WND
================================================================================
1   2   3   4   5  6A  6B    7    8   9   10  11  12  13   14  15   16   17  18
                                     12Z  AVG MX 2MIN
DY MAX MIN AVG DEP HDD CDD  WTR  SNW DPTH SPD SPD DIR MIN PSBL S-S WX    SPD DR
================================================================================

 1  93  71  82  12   0  17 0.00  0.0    0 12.2 24 150   M    M   1        33 160
 2  92  63  78   8   0  13 1.39  0.0    0 13.5 28 240   M    M   4 1235   37 230
 3  79  53  66  -4   0   1 0.00  0.0    0  8.5 21 360   M    M   0        27 330
 4  77  44  61  -8   4   0 0.00  0.0    0  5.8 16 190   M    M   0 1      24 190
 5  85  54  70   1   0   5 0.00  0.0    0  9.7 18 150   M    M   0        22 170
 6  85  65  75   7   0  10 0.02  0.0    0 10.6 21  40   M    M   2        30  30
 7  97  66  82  14   0  17 0.00  0.0    0 11.3 21 180   M    M   0        24 180
 8  89  72  81  13   0  16 0.00  0.0    0 12.5 20 140   M    M   1        25 160
 9  92  74  83  15   0  18 0.00  0.0    0 14.2 21 190   M    M   3        30 170
10  91  61  76   9   0  11 0.63  0.0    0 13.1 38 300   M    M   4 13     48 290
11  63  55  59  -8   6   0 0.18  0.0    0  8.1 18 320   M    M   9 1      24 310
12  75  51  63  -3   2   0 0.02  0.0    0 12.0 28 170   M    M   6 13     36 170
13  73  53  63  -3   2   0 0.64  0.0    0 14.2 35 310   M    M   6 13     46 310
14  75  49  62  -4   3   0 0.00  0.0    0 10.6 26 310   M    M   0        33 310
15  82  45  64  -1   1   0 0.00  0.0    0  1.0  7 120   M    M   0        10 100
16  88  50  69   4   0   4 0.00  0.0    0  9.2 23 190   M    M   0 8      29 190
17  84  53  69   4   0   4 0.00  0.0    0  6.0 14  30   M    M   0        21  30
18  79  58  69   5   0   4 0.00  0.0    0  9.3 17  50   M    M   0        22  40
19  75  53  64   0   1   0 0.00  0.0    0  5.8 15 130   M    M   2        18 130
20  83  53  68   4   0   3 0.00  0.0    0  3.8 12 200   M    M   0        15 200
21  81  54  68   5   0   3 0.00  0.0    0  4.2 13 140   M    M   0 18     21 140
22  79  54  67   4   0   2 0.01  0.0    0  5.4 15 160   M    M   1 18     19 160
23  79  63  71   8   0   6 0.05  0.0    0  7.5 14 150   M    M   5        16 160
24  84  59  72  10   0   7 0.00  0.0    0  8.2 15 190   M    M   1        19 150
25  88  60  74  12   0   9 0.00  0.0    0  6.3 12 180   M    M   0 1      15 170
26  87  60  74  12   0   9 0.00  0.0    0 12.2 24 180   M    M   0        31 180
27  84  63  74  12   0   9 0.00  0.0    0 15.7 26 170   M    M   0        33 170
28  78  60  69   8   0   4 0.00  0.0    0 10.1 22  30   M    M   3 3      26  30
29  76  48  62   1   3   0 0.00  0.0    0  5.4 13  70   M    M   0        15  60
30  78  45  62   2   3   0    T    M    0  3.9 16 180   M    M   1        20 200
================================================================================
SM 2471 1709        25 172  2.94     0.0 270.3          M       49
================================================================================
AV 82.4 57.0                               9.0 FASTST   M    M   2    MAX(MPH)
                                 MISC ---->  # 38 300               # 48  290
================================================================================
NOTES:
# LAST OF SEVERAL OCCURRENCES

COLUMN 17 PEAK WIND IN M.P.H.

PRELIMINARY LOCAL CLIMATOLOGICAL DATA (WS FORM: F-6) , PAGE 2

                                          STATION:  DENTON
                                          MONTH:    OCTOBER
                                          YEAR:     2014
                                          LATITUDE:   33 12 N
                                          LONGITUDE:  97 12 W

[TEMPERATURE DATA]      [PRECIPITATION DATA]       SYMBOLS USED IN COLUMN 16

AVERAGE MONTHLY: 69.7   TOTAL FOR MONTH:   2.94    1 = FOG OR MIST
DPTR FM NORMAL:   4.4   DPTR FM NORMAL:   -1.64    2 = FOG REDUCING VISIBILITY
HIGHEST:    97 ON  7    GRTST 24HR  1.39 ON  2- 2      TO 1/4 MILE OR LESS
LOWEST:     44 ON  4                               3 = THUNDER
                        SNOW, ICE PELLETS, HAIL    4 = ICE PELLETS
                        TOTAL MONTH:   0.0 INCH    5 = HAIL
                        GRTST 24HR     0.0         6 = FREEZING RAIN OR DRIZZLE
                        GRTST DEPTH:   0           7 = DUSTSTORM OR SANDSTORM:
                                                       VSBY 1/2 MILE OR LESS
                                                   8 = SMOKE OR HAZE
[NO. OF DAYS WITH]      [WEATHER - DAYS WITH]      9 = BLOWING SNOW
                                                   X = TORNADO
MAX 32 OR BELOW:   0    0.01 INCH OR MORE:   8
MAX 90 OR ABOVE:   5    0.10 INCH OR MORE:   4
MIN 32 OR BELOW:   0    0.50 INCH OR MORE:   3
MIN  0 OR BELOW:   0    1.00 INCH OR MORE:   1

[HDD (BASE 65) ]
TOTAL THIS MO.    25    CLEAR  (SCALE 0-3)  23
DPTR FM NORMAL   -70    PTCLDY (SCALE 4-7)   6
TOTAL FM JUL 1    28    CLOUDY (SCALE 8-10)  1
DPTR FM NORMAL   -75

[CDD (BASE 65) ]
TOTAL THIS MO.   172
DPTR FM NORMAL    67    [PRESSURE DATA]
TOTAL FM JAN 1  2494    HIGHEST SLP M ON M
DPTR FM NORMAL    92    LOWEST  SLP 29.51 ON 13

[REMARKS]
