000
CXUS53 KDTX 010800
CF6DTW
PRELIMINARY LOCAL CLIMATOLOGICAL DATA (WS FORM: F-6)

                                          STATION:   DETROIT MI
                                          MONTH:     JUNE
                                          YEAR:      2015
                                          LATITUDE:   42 13 N
                                          LONGITUDE:  83 20 W

  TEMPERATURE IN F:       :PCPN:    SNOW:  WIND      :SUNSHINE: SKY     :PK WND
================================================================================
1   2   3   4   5  6A  6B    7    8   9   10  11  12  13   14  15   16   17  18
                                     12Z  AVG MX 2MIN
DY MAX MIN AVG DEP HDD CDD  WTR  SNW DPTH SPD SPD DIR MIN PSBL S-S WX    SPD DR
================================================================================

 1  65  47  56  -9   9   0 0.00  0.0    0  8.1 28  70   M    M   9        33 220
 2  73  46  60  -5   5   0 0.00  0.0    0  5.4 15  70   M    M   5        22  50
 3  74  50  62  -4   3   0 0.00  0.0    0  4.7 13  90   M    M   6        16  90
 4  79  60  70   4   0   5 0.00  0.0    0  4.5 15 160   M    M   8        18 150
 5  80  61  71   5   0   6 0.05  0.0    0  7.5 23 360   M    M   8 138    29 340
 6  72  54  63  -4   2   0 0.00  0.0    0  7.7 17 360   M    M   4        22 360
 7  82  51  67   0   0   2 0.15  0.0    0  9.1 33 220   M    M   7 13     40 230
 8  80  62  71   4   0   6 0.45  0.0    0 11.8 23 240   M    M   9 13     30 230
 9  78  60  69   1   0   4 0.00  0.0    0  8.3 15 270   M    M   8        20 270
10  90  64  77   9   0  12 0.04  0.0    0 13.0 32 220   M    M   7 138    39 210
11  73  63  68   0   0   3 0.01  0.0    0  5.8 13  50   M    M   9 3      17  50
12  82  59  71   2   0   6 0.24  0.0    0  8.0 22 230   M    M  10 13     29 240
13  71  58  65  -4   0   0 0.27  0.0    0  4.8  9  70   M    M   9 138    13 110
14  83  63  73   4   0   8 1.37  0.0    0  4.8 17 300   M    M   9 138    25 160
15  83  71  77   7   0  12 0.51  0.0    0  6.5 21 210   M    M   8 13     28 190
16  82  66  74   4   0   9 0.09  0.0    0  8.1 12 290   M    M   8 1      17 320
17  73  61  67  -3   0   2 0.03  0.0    0  4.4 13 130   M    M   8 1      17 120
18  82  65  74   4   0   9 0.01  0.0    0  5.9 16 260   M    M  10 18     21 260
19  75  59  67  -4   0   2 0.00  0.0    0  6.9 14 360   M    M   8        20  10
20  77  56  67  -4   0   2    T  0.0    0  5.5 10  50   M    M   9 18     14  90
21  84  68  76   5   0  11 0.00  0.0    0  7.4 15 230   M    M   7 1      18 270
22  85  64  75   4   0  10    T  0.0    0 10.5 26 210   M    M   7 3      35 220
23  81  65  73   1   0   8 1.08  0.0    0 10.6 23 230   M    M   5 13     33 240
24  80  58  69  -3   0   4 0.00  0.0    0  3.7 10 180   M    M   6 8      16 210
25  73  63  68  -4   0   3    T  0.0    0  2.3 13 180   M    M   9 8      22 180
26  76  61  69  -3   0   4    T  0.0    0  6.9 14  60   M    M   9 18     20  50
27  68  56  62 -10   3   0 0.97  0.0    0 17.5 29 350   M    M  10 1      40 350
28  77  59  68  -5   0   3 0.01  0.0    0 10.5 21 330   M    M   8 18     30 320
29  77  61  69  -4   0   4    T  0.0    0  7.0 21 170   M    M   9 8      30  50
30  77  63  70  -3   0   5 0.04  0.0    0  4.2 14 200   M    M   9 138    16 200
================================================================================
SM 2332 1794        22 140  5.32     0.0 221.4          M      238
================================================================================
AV 77.7 59.8                               7.4 FASTST   M    M   8    MAX(MPH)
                                 MISC ---->  # 33 220               # 40  230
================================================================================
NOTES:
# LAST OF SEVERAL OCCURRENCES

COLUMN 17 PEAK WIND IN M.P.H.

PRELIMINARY LOCAL CLIMATOLOGICAL DATA (WS FORM: F-6) , PAGE 2

                                          STATION:  DETROIT MI
                                          MONTH:    JUNE
                                          YEAR:     2015
                                          LATITUDE:   42 13 N
                                          LONGITUDE:  83 20 W

[TEMPERATURE DATA]      [PRECIPITATION DATA]       SYMBOLS USED IN COLUMN 16

AVERAGE MONTHLY: 68.8   TOTAL FOR MONTH:   5.32    1 = FOG OR MIST
DPTR FM NORMAL:  -0.6   DPTR FM NORMAL:    1.80    2 = FOG REDUCING VISIBILITY
HIGHEST:    90 ON 10    GRTST 24HR  1.37 ON 14-14      TO 1/4 MILE OR LESS
LOWEST:     46 ON  2                               3 = THUNDER
                        SNOW, ICE PELLETS, HAIL    4 = ICE PELLETS
                        TOTAL MONTH:   0.0 INCH    5 = HAIL
                        GRTST 24HR     0.0         6 = FREEZING RAIN OR DRIZZLE
                        GRTST DEPTH:   0           7 = DUSTSTORM OR SANDSTORM:
                                                       VSBY 1/2 MILE OR LESS
                                                   8 = SMOKE OR HAZE
[NO. OF DAYS WITH]      [WEATHER - DAYS WITH]      9 = BLOWING SNOW
                                                   X = TORNADO
MAX 32 OR BELOW:   0    0.01 INCH OR MORE:  16
MAX 90 OR ABOVE:   1    0.10 INCH OR MORE:   8
MIN 32 OR BELOW:   0    0.50 INCH OR MORE:   4
MIN  0 OR BELOW:   0    1.00 INCH OR MORE:   2

[HDD (BASE 65) ]
TOTAL THIS MO.    22    CLEAR  (SCALE 0-3)   0
DPTR FM NORMAL   -13    PTCLDY (SCALE 4-7)  14
TOTAL FM JUL 1  6620    CLOUDY (SCALE 8-10) 16
DPTR FM NORMAL   483

[CDD (BASE 65) ]
TOTAL THIS MO.   140
DPTR FM NORMAL   -27    [PRESSURE DATA]
TOTAL FM JAN 1   244    HIGHEST SLP 30.25 ON  1
DPTR FM NORMAL    29    LOWEST  SLP 29.60 ON  8

[REMARKS]
#FINAL-06-15#
