000
CXUS53 KFGF 230915
CF6DVL
PRELIMINARY LOCAL CLIMATOLOGICAL DATA (WS FORM: F-6)

                                          STATION:   DEVIL`S LAKE
                                          MONTH:     JANUARY
                                          YEAR:      2017
                                          LATITUDE:   48  7 N
                                          LONGITUDE:  98 54 W

  TEMPERATURE IN F:       :PCPN:    SNOW:  WIND      :SUNSHINE: SKY     :PK WND
================================================================================
1   2   3   4   5  6A  6B    7    8   9   10  11  12  13   14  15   16   17  18
                                     12Z  AVG MX 2MIN
DY MAX MIN AVG DEP HDD CDD  WTR  SNW DPTH SPD SPD DIR MIN PSBL S-S WX    SPD DR
================================================================================

 1  21  14  18   M  47   0    T    M    0  6.9 15 330   M    M   9         M  M
 2  14   2   8   M  57   0    T    M    0 19.2 29 360   M    M  10 12     38 360
 3   2 -15  -6   M  71   0    T    M    0 20.4 28 340   M    M   5 18     39 350
 4  -6 -20 -13   M  78   0    T    M    0 11.3 16 290   M    M   5         M  M
 5  -3 -16  -9   M  74   0    T    M    0  9.4 15 290   M    M   6 1       M  M
 6  -1 -20 -10   M  75   0    T    M    0  7.2 14 280   M    M   2 1       M  M
 7  -9 -24 -16   M  81   0    T    M    0  5.4  8 250   M    M   0         M  M
 8   1 -22 -10   M  75   0    T    M    0 10.1 14 300   M    M   2         M  M
 9   3  -4   0   M  65   0    T    M    0 10.9 18 120   M    M  10 1       M  M
10   3  -7  -2   M  67   0    T    M    0 15.1 25 290   M    M   6 18     32 290
11  -2 -16  -9   M  74   0    T    M    0 13.4 20 220   M    M   2         M  M
12   M   M   M   M   M   M    T    M    0 21.0 43 300   M    M   4 128    51 300
13   8 -29 -10   M  75   0    T    M    0 10.5 17 170   M    M   2         M  M
14  11  -6   3   M  62   0 0.00  0.0    0  7.2 10 220   M    M   0         M  M
15  19   3  11   M  54   0 0.00  0.0    0 10.2 16 250   M    M   0         M  M
16  17   4  11   M  54   0 0.00  0.0    0  7.6 13 260   M    M   0         M  M
17  28   4  16   M  49   0 0.00  0.0    0 10.5 18 210   M    M   0         M  M
18  38  21  30   M  35   0    T    M    0  7.8 13 240   M    M   0         M  M
19  35  16  26   M  39   0    T    M    0  6.4 14 210   M    M   1 1       M  M
20  34  24  29   M  36   0    T    M    0  8.5 15 170   M    M  10 1       M  M
21  34  32  33   M  32   0    T    M    0  5.7 10 130   M    M   4 12      M  M
22  32  27  30   M  35   0 0.00  0.0    0 12.7 16 280   M    M  10 1       M  M
================================================================================
SM  279  -32      1235   0    T      0.0 237.4          M       88
================================================================================
AV 13.3 -1.5                              10.8 FASTST   M    M   4    MAX(MPH)
                                 MISC ---->    43   M                 51    M
================================================================================
NOTES:
# LAST OF SEVERAL OCCURRENCES

COLUMN 17 PEAK WIND IN M.P.H.

PRELIMINARY LOCAL CLIMATOLOGICAL DATA (WS FORM: F-6) , PAGE 2

                                          STATION:  DEVIL`S LAKE
                                          MONTH:    JANUARY
                                          YEAR:     2017
                                          LATITUDE:   48  7 N
                                          LONGITUDE:  98 54 W

[TEMPERATURE DATA]      [PRECIPITATION DATA]       SYMBOLS USED IN COLUMN 16

AVERAGE MONTHLY:  5.9   TOTAL FOR MONTH:      T    1 = FOG OR MIST
DPTR FM NORMAL:     M   DPTR FM NORMAL:       M    2 = FOG REDUCING VISIBILITY
HIGHEST:    38 ON 18    GRTST 24HR    T  ON 21-21      TO 1/4 MILE OR LESS
LOWEST:    -29 ON 13                               3 = THUNDER
                        SNOW, ICE PELLETS, HAIL    4 = ICE PELLETS
                        TOTAL MONTH:   0.0 INCH    5 = HAIL
                        GRTST 24HR     0.0         6 = FREEZING RAIN OR DRIZZLE
                        GRTST DEPTH:   0           7 = DUSTSTORM OR SANDSTORM:
                                                       VSBY 1/2 MILE OR LESS
                                                   8 = SMOKE OR HAZE
[NO. OF DAYS WITH]      [WEATHER - DAYS WITH]      9 = BLOWING SNOW
                                                   X = TORNADO
MAX 32 OR BELOW:  17    0.01 INCH OR MORE:   0
MAX 90 OR ABOVE:   0    0.10 INCH OR MORE:   0
MIN 32 OR BELOW:  21    0.50 INCH OR MORE:   0
MIN  0 OR BELOW:  11    1.00 INCH OR MORE:   0

[HDD (BASE 65) ]
TOTAL THIS MO.  1235    CLEAR  (SCALE 0-3)  11
DPTR FM NORMAL     M    PTCLDY (SCALE 4-7)   6
TOTAL FM JUL 1  4416    CLOUDY (SCALE 8-10)  5
DPTR FM NORMAL     M

[CDD (BASE 65) ]
TOTAL THIS MO.     0
DPTR FM NORMAL     M    [PRESSURE DATA]
TOTAL FM JAN 1     0    HIGHEST SLP M ON M
DPTR FM NORMAL     M    LOWEST  SLP M ON M

[REMARKS]
