000
CXUS55 KPSR 301005
CF6DVT
PRELIMINARY LOCAL CLIMATOLOGICAL DATA (WS FORM: F-6)

                                          STATION:   DEER VLY/PHOENIX AZ
                                          MONTH:     JUNE
                                          YEAR:      2015
                                          LATITUDE:   33 41 N
                                          LONGITUDE: 112  4 W

  TEMPERATURE IN F:       :PCPN:    SNOW:  WIND      :SUNSHINE: SKY     :PK WND
================================================================================
1   2   3   4   5  6A  6B    7    8   9   10  11  12  13   14  15   16   17  18
                                     12Z  AVG MX 2MIN
DY MAX MIN AVG DEP HDD CDD  WTR  SNW DPTH SPD SPD DIR MIN PSBL S-S WX    SPD DR
================================================================================

 1 101  69  85   2   0  20 0.00  0.0    0  6.3 23 250   M    M   0        28 250
 2  99  72  86   3   0  21 0.00  0.0    0  6.3 17 240   M    M   0        25 180
 3  98  66  82  -2   0  17 0.00  0.0    0  5.8 21 220   M    M   0        25 250
 4  93  64  79  -5   0  14    T  0.0    0  7.5 29 140   M    M   2 3      37 130
 5  84  68  76  -8   0  11 0.22  0.0    0  9.7 21 110   M    M   6 3      33 140
 6  94  70  82  -2   0  17    T  0.0    0  6.3 17 180   M    M   3 3      25 230
 7  97  64  81  -4   0  16 0.00  0.0    0  3.4 14 250   M    M   0        17 250
 8 104  74  89   4   0  24 0.00  0.0    0  4.6 15 220   M    M   0        18 220
 9  91  81  86   1   0  21    T  0.0    0  6.5 14 230   M    M   7        16 230
10  92  75  84  -2   0  19 0.03  0.0    0  4.5 14 230   M    M   6        18 230
11  97  77  87   1   0  22 0.00  0.0    0  5.9 16 240   M    M   2        22 240
12 100  71  86   0   0  21 0.00  0.0    0  4.8 12 220   M    M   0        17 220
13 102  74  88   2   0  23 0.00  0.0    0  4.6 16 250   M    M   0        21 240
14 104  77  91   4   0  26 0.00  0.0    0  5.7 14 230   M    M   0        25 220
15 109  77  93   6   0  28 0.00  0.0    0  4.6 17 220   M    M   0        21 230
16 109  77  93   6   0  28 0.00  0.0    0  5.7 17 260   M    M   0        21 260
17 110  79  95   7   0  30 0.00  0.0    0  5.8 17 240   M    M   0        22 250
18 114  81  98  10   0  33 0.00  0.0    0  6.9 21 250   M    M   0        29 210
19 109  79  94   6   0  29 0.00  0.0    0  5.7 18 210   M    M   0        24 230
20 109  73  91   3   0  26 0.00  0.0    0  4.9 15 240   M    M   0        20 230
21 105  81  93   4   0  28 0.00  0.0    0  5.8 15 230   M    M   0        21 250
22 106  80  93   4   0  28 0.00  0.0    0  4.4 15 270   M    M   0        20 270
23 108  80  94   5   0  29 0.00  0.0    0  4.9 18 270   M    M   0 8      23 250
24 110  83  97   8   0  32 0.00  0.0    0  6.9 18 120   M    M   0        23 120
25 108  85  97   7   0  32 0.00  0.0    0  6.5 16 250   M    M   0        21 220
26 105  85  95   5   0  30 0.00  0.0    0  8.5 16 230   M    M   M        21 220
27 106  83  95   5   0  30    T  0.0    0  7.5 28 100   M    M   M        43  80
28 107  84  96   6   0  31 0.00  0.0    0  6.7 23 230   M    M   0        29 230
29 108  86  97   7   0  32    T  0.0    0  6.0 30 300   M    M   0 3      41 280
================================================================================
SM 2979 2215         0 718  0.25     0.0 172.7          M       26
================================================================================
AV102.7 76.4                               6.0 FASTST   M    M   1    MAX(MPH)
                                 MISC ---->  # 30 300               # 43   80
================================================================================
NOTES:
# LAST OF SEVERAL OCCURRENCES

COLUMN 17 PEAK WIND IN M.P.H.

PRELIMINARY LOCAL CLIMATOLOGICAL DATA (WS FORM: F-6) , PAGE 2

                                          STATION:  DEER VLY/PHOENIX AZ
                                          MONTH:    JUNE
                                          YEAR:     2015
                                          LATITUDE:   33 41 N
                                          LONGITUDE: 112  4 W

[TEMPERATURE DATA]      [PRECIPITATION DATA]       SYMBOLS USED IN COLUMN 16

AVERAGE MONTHLY: 89.6   TOTAL FOR MONTH:   0.25    1 = FOG OR MIST
DPTR FM NORMAL:   2.7   DPTR FM NORMAL:    0.20    2 = FOG REDUCING VISIBILITY
HIGHEST:   114 ON 18    GRTST 24HR  0.22 ON  5- 5      TO 1/4 MILE OR LESS
LOWEST:     64 ON  7, 4                            3 = THUNDER
                        SNOW, ICE PELLETS, HAIL    4 = ICE PELLETS
                        TOTAL MONTH:   0.0 INCH    5 = HAIL
                        GRTST 24HR     0.0         6 = FREEZING RAIN OR DRIZZLE
                        GRTST DEPTH:   0           7 = DUSTSTORM OR SANDSTORM:
                                                       VSBY 1/2 MILE OR LESS
                                                   8 = SMOKE OR HAZE
[NO. OF DAYS WITH]      [WEATHER - DAYS WITH]      9 = BLOWING SNOW
                                                   X = TORNADO
MAX 32 OR BELOW:   0    0.01 INCH OR MORE:   2
MAX 90 OR ABOVE:  28    0.10 INCH OR MORE:   1
MIN 32 OR BELOW:   0    0.50 INCH OR MORE:   0
MIN  0 OR BELOW:   0    1.00 INCH OR MORE:   0

[HDD (BASE 65) ]
TOTAL THIS MO.     0    CLEAR  (SCALE 0-3)  24
DPTR FM NORMAL     0    PTCLDY (SCALE 4-7)   3
TOTAL FM JUL 1   825    CLOUDY (SCALE 8-10)  0
DPTR FM NORMAL  -465

[CDD (BASE 65) ]
TOTAL THIS MO.   718
DPTR FM NORMAL    83    [PRESSURE DATA]
TOTAL FM JAN 1  1332    HIGHEST SLP M ON M
DPTR FM NORMAL    67    LOWEST  SLP 29.52 ON 13

[REMARKS]
