000
CXUS55 KPSR 261005
CF6DVT
PRELIMINARY LOCAL CLIMATOLOGICAL DATA (WS FORM: F-6)

                                          STATION:   DEER VLY/PHOENIX AZ
                                          MONTH:     FEBRUARY
                                          YEAR:      2015
                                          LATITUDE:   33 41 N
                                          LONGITUDE: 112  4 W

  TEMPERATURE IN F:       :PCPN:    SNOW:  WIND      :SUNSHINE: SKY     :PK WND
================================================================================
1   2   3   4   5  6A  6B    7    8   9   10  11  12  13   14  15   16   17  18
                                     12Z  AVG MX 2MIN
DY MAX MIN AVG DEP HDD CDD  WTR  SNW DPTH SPD SPD DIR MIN PSBL S-S WX    SPD DR
================================================================================

 1  68  47  58   2   7   0 0.00    M    0  2.3  9 220   M    M   2 128    13 230
 2  71  46  59   3   6   0 0.00  0.0    0  1.8  9  30   M    M   0        12  30
 3  74  47  61   5   4   0 0.00  0.0    0  2.4 10  30   M    M   0        13  40
 4  75  49  62   6   3   0 0.00  0.0    0  2.6 13  30   M    M   0        16  30
 5  81  49  65   9   0   0 0.00  0.0    0  3.8 12  30   M    M   0        14  30
 6  81  53  67  11   0   2 0.00  0.0    0  2.3 12  30   M    M   0        14  30
 7  77  50  64   8   1   0 0.00  0.0    0  3.2 10  20   M    M   0        13  20
 8  79  51  65   9   0   0 0.00  0.0    0  2.3 14  40   M    M   0        16  30
 9  81  53  67  11   0   2 0.00  0.0    0  2.1 13  40   M    M   0        15  30
10  79  51  65   9   0   0 0.00  0.0    0  3.7 14  30   M    M   0        17 250
11  79  54  67  11   0   2 0.00  0.0    0  7.5 20  60   M    M   0        29  60
12  76  52  64   8   1   0 0.00  0.0    0  5.4 15  30   M    M   0        20 140
13  79  51  65   9   0   0 0.00  0.0    0  5.2 13  30   M    M   0        20 120
14  82  55  69  13   0   4 0.00  0.0    0  3.9 14  30   M    M   0        15  30
15  75  56  66  10   0   1 0.00  0.0    0  3.8 12 250   M    M   0        15 250
16  75  50  63   7   2   0 0.00  0.0    0  4.3 15 260   M    M   0        22 220
17  74  52  63   6   2   0 0.00  0.0    0  3.5 13  40   M    M   0        17  90
18  76  48  62   5   3   0 0.00  0.0    0  3.5 13  40   M    M   0        16  30
19  76  50  63   6   2   0 0.00  0.0    0  2.6 15  30   M    M   0        16  30
20  75  53  64   7   1   0 0.00  0.0    0  3.8 12  30   M    M   0        14  30
21  75  50  63   6   2   0 0.00  0.0    0  2.9 12 220   M    M   0        18 230
22  67  48  58   1   7   0 0.00  0.0    0  4.6 15 230   M    M   2 8       M  M
23  63  53  58   0   7   0 0.23  0.0    0  5.8 16 280   M    M   8        23 270
24  62  45  54  -4  11   0 0.01    M    0  5.1 26 290   M    M   2        32 290
25  67  42  55  -3  10   0 0.00  0.0    0  2.4  9 220   M    M   0        12 230
================================================================================
SM 1867 1255        69  11  0.24     0.0  90.8          M       14
================================================================================
AV 74.7 50.2                               3.6 FASTST   M    M   1    MAX(MPH)
                                 MISC ---->  # 26 290               # 32  290
================================================================================
NOTES:
# LAST OF SEVERAL OCCURRENCES

COLUMN 17 PEAK WIND IN M.P.H.

PRELIMINARY LOCAL CLIMATOLOGICAL DATA (WS FORM: F-6) , PAGE 2

                                          STATION:  DEER VLY/PHOENIX AZ
                                          MONTH:    FEBRUARY
                                          YEAR:     2015
                                          LATITUDE:   33 41 N
                                          LONGITUDE: 112  4 W

[TEMPERATURE DATA]      [PRECIPITATION DATA]       SYMBOLS USED IN COLUMN 16

AVERAGE MONTHLY: 62.4   TOTAL FOR MONTH:   0.24    1 = FOG OR MIST
DPTR FM NORMAL:   6.0   DPTR FM NORMAL:   -0.88    2 = FOG REDUCING VISIBILITY
HIGHEST:    82 ON 14    GRTST 24HR  0.24 ON 23-24      TO 1/4 MILE OR LESS
LOWEST:     42 ON 25                               3 = THUNDER
                        SNOW, ICE PELLETS, HAIL    4 = ICE PELLETS
                        TOTAL MONTH:   0.0 INCH    5 = HAIL
                        GRTST 24HR     0.0         6 = FREEZING RAIN OR DRIZZLE
                        GRTST DEPTH:   0           7 = DUSTSTORM OR SANDSTORM:
                                                       VSBY 1/2 MILE OR LESS
                                                   8 = SMOKE OR HAZE
[NO. OF DAYS WITH]      [WEATHER - DAYS WITH]      9 = BLOWING SNOW
                                                   X = TORNADO
MAX 32 OR BELOW:   0    0.01 INCH OR MORE:   2
MAX 90 OR ABOVE:   0    0.10 INCH OR MORE:   1
MIN 32 OR BELOW:   0    0.50 INCH OR MORE:   0
MIN  0 OR BELOW:   0    1.00 INCH OR MORE:   0

[HDD (BASE 65) ]
TOTAL THIS MO.    69    CLEAR  (SCALE 0-3)  24
DPTR FM NORMAL  -149    PTCLDY (SCALE 4-7)   0
TOTAL FM JUL 1   756    CLOUDY (SCALE 8-10)  1
DPTR FM NORMAL  -336

[CDD (BASE 65) ]
TOTAL THIS MO.    11
DPTR FM NORMAL    11    [PRESSURE DATA]
TOTAL FM JAN 1    11    HIGHEST SLP M ON M
DPTR FM NORMAL    10    LOWEST  SLP 29.70 ON 21

[REMARKS]
