000
CXUS54 KHGX 181415
CF6DWH
PRELIMINARY LOCAL CLIMATOLOGICAL DATA (WS FORM: F-6)

                                          STATION:   HOUSTON/D.W._HOOKS
                                          MONTH:     AUGUST
                                          YEAR:      2017
                                          LATITUDE:   30  4 N
                                          LONGITUDE:  95 33 W

  TEMPERATURE IN F:       :PCPN:    SNOW:  WIND      :SUNSHINE: SKY     :PK WND
================================================================================
1   2   3   4   5  6A  6B    7    8   9   10  11  12  13   14  15   16   17  18
                                     12Z  AVG MX 2MIN
DY MAX MIN AVG DEP HDD CDD  WTR  SNW DPTH SPD SPD DIR MIN PSBL S-S WX    SPD DR
================================================================================

 1  96  70  83   0   0  18 0.00  0.0    0  4.6 14 120   M    M   2        20 110
 2  91  75  83   0   0  18 0.74  0.0    0  3.2 15  60   M    M   4 13     23  60
 3  91  75  83   0   0  18 0.42  0.0    0  3.2 14 160   M    M   7 1      18 180
 4  91  75  83   0   0  18 0.01  0.0    0  2.7 14 310   M    M   3 1      18 300
 5  93  73  83   0   0  18 0.05  0.0    0  4.2 16 190   M    M   1 138    21 140
 6  92  77  85   2   0  20 0.06  0.0    0  6.9 26 180   M    M   3 13     36 180
 7  83  73  78  -5   0  13 3.03  0.0    0  4.5 14 270   M    M   6 13     19 280
 8  85  73  79  -4   0  14 1.39  0.0    0  3.0 14 310   M    M   7 138    16 310
 9  92  76  84   1   0  19 0.00  0.0    0  3.2 10 260   M    M   6        14  50
10  96  76  86   3   0  21    T  0.0    0  2.6 14 250   M    M   3 13     21 110
11  96  76  86   3   0  21 0.00  0.0    0  4.7 16 200   M    M   2 1      21 210
12  97  79  88   5   0  23 0.00  0.0    0  5.9 14 190   M    M   3        19 190
13  96  78  87   4   0  22 0.00  0.0    0  6.9 15 190   M    M   3        22 190
14  96  80  88   5   0  23 0.00  0.0    0  7.8 15 220   M    M   2        19 220
15  96  80  88   5   0  23 0.00  0.0    0  7.6 15 190   M    M   2        20 220
16  96  81  89   6   0  24 0.00  0.0    0  8.2 16 200   M    M   2        22 200
17  97  81  89   6   0  24 0.00  0.0    0  7.7 14 220   M    M   3        20 200
================================================================================
SM 1584 1298         0 337  5.70     0.0  86.9          M       59
================================================================================
AV 93.2 76.4                               5.1 FASTST   M    M   3    MAX(MPH)
                                 MISC ---->  # 26 180               # 36  180
================================================================================
NOTES:
# LAST OF SEVERAL OCCURRENCES

COLUMN 17 PEAK WIND IN M.P.H.

PRELIMINARY LOCAL CLIMATOLOGICAL DATA (WS FORM: F-6) , PAGE 2

                                          STATION:  HOUSTON/D.W._HOOKS
                                          MONTH:    AUGUST
                                          YEAR:     2017
                                          LATITUDE:   30  4 N
                                          LONGITUDE:  95 33 W

[TEMPERATURE DATA]      [PRECIPITATION DATA]       SYMBOLS USED IN COLUMN 16

AVERAGE MONTHLY: 84.8   TOTAL FOR MONTH:   5.70    1 = FOG OR MIST
DPTR FM NORMAL:   1.8   DPTR FM NORMAL:    3.92    2 = FOG REDUCING VISIBILITY
HIGHEST:    97 ON 17,12 GRTST 24HR  3.03 ON  7- 7      TO 1/4 MILE OR LESS
LOWEST:     70 ON  1                               3 = THUNDER
                        SNOW, ICE PELLETS, HAIL    4 = ICE PELLETS
                        TOTAL MONTH:   0.0 INCH    5 = HAIL
                        GRTST 24HR     0.0         6 = FREEZING RAIN OR DRIZZLE
                        GRTST DEPTH:   0           7 = DUSTSTORM OR SANDSTORM:
                                                       VSBY 1/2 MILE OR LESS
                                                   8 = SMOKE OR HAZE
[NO. OF DAYS WITH]      [WEATHER - DAYS WITH]      9 = BLOWING SNOW
                                                   X = TORNADO
MAX 32 OR BELOW:   0    0.01 INCH OR MORE:   7
MAX 90 OR ABOVE:  15    0.10 INCH OR MORE:   4
MIN 32 OR BELOW:   0    0.50 INCH OR MORE:   3
MIN  0 OR BELOW:   0    1.00 INCH OR MORE:   2

[HDD (BASE 65) ]
TOTAL THIS MO.     0    CLEAR  (SCALE 0-3)   9
DPTR FM NORMAL     0    PTCLDY (SCALE 4-7)   8
TOTAL FM JUL 1     0    CLOUDY (SCALE 8-10)  0
DPTR FM NORMAL     0

[CDD (BASE 65) ]
TOTAL THIS MO.   337
DPTR FM NORMAL    31    [PRESSURE DATA]
TOTAL FM JAN 1  2342    HIGHEST SLP M ON M
DPTR FM NORMAL   479    LOWEST  SLP 29.79 ON 14

[REMARKS]
