000
CXUS54 KMAF 301100
CF6E38
PRELIMINARY LOCAL CLIMATOLOGICAL DATA (WS FORM: F-6)

                                          STATION:   Alpine-Casparis Municipal
                                          MONTH:     SEPTEMBER
                                          YEAR:      2016
                                          LATITUDE:   30 23 N
                                          LONGITUDE: 103 41 W

  TEMPERATURE IN F:       :PCPN:    SNOW:  WIND      :SUNSHINE: SKY     :PK WND
================================================================================
1   2   3   4   5  6A  6B    7    8   9   10  11  12  13   14  15   16   17  18
                                     12Z  AVG MX 2MIN
DY MAX MIN AVG DEP HDD CDD  WTR  SNW DPTH SPD SPD DIR MIN PSBL S-S WX    SPD DR
================================================================================

 1  80  63  72   M   0   7 0.04  0.0    0  3.6 10  70   M    M   7 3       M  M
 2  81  59  70   M   0   5 0.07  0.0    0  2.3 10  90   M    M   2 3      17  90
 3  82  61  72   M   0   7 0.00  0.0    0  4.5 14 160   M    M   1         M  M
 4  84  64  74   M   0   9 0.00  0.0    0  8.3 16 150   M    M   0        20 150
 5  83  64  74   M   0   9 0.00  0.0    0  8.6 13 170   M    M   1        20 160
 6  83  66  75   M   0  10 0.00  0.0    0  7.9 14 180   M    M   3        20 180
 7  89  65  77   M   0  12 0.02  0.0    0  7.3 15 180   M    M   2 3      25 240
 8  89  63  76   M   0  11 0.00  0.0    0  5.9 13 240   M    M   0        18 240
 9  90  62  76   M   0  11 0.00  0.0    0  7.9 14 210   M    M   1        17 220
10  71  61  66   M   0   1 0.04  0.0    0  9.7 21  30   M    M   7 3      27 360
11  83  60  72   M   0   7 0.00  0.0    0  5.8 10 180   M    M   5        17 210
12  85  62  74   M   0   9 0.01  0.0    0  6.3 12 240   M    M   2 3      16 220
13  88  61  75   M   0  10 0.90  0.0    0  4.8 23  80   M    M   3 3      29  80
14  85  58  72   M   0   7 0.15  0.0    0  4.4 21 180   M    M   2 3      27 180
15  84  62  73   M   0   8 0.00  0.0    0  4.3 10 110   M    M   1         M  M
16  87  62  75   M   0  10 0.54  0.0    0  5.8 12  60   M    M   4 3       M  M
17  87  63  75   M   0  10 0.00  0.0    0  5.9 13 160   M    M   2 3      16 160
18  89  65  77   M   0  12 0.00  0.0    0  5.8 14 340   M    M   0 3       M  M
19  89  65  77   M   0  12 0.00  0.0    0  5.8 10 170   M    M   1 3      18 200
20  89  62  76   M   0  11 0.00  0.0    0  5.0 10 150   M    M   1        16 140
21  87  63  75   M   0  10 0.00  0.0    0  6.0 10 170   M    M   2         M  M
22  86  59  73   M   0   8 0.00  0.0    0  7.5 14 190   M    M   1        18 160
23  87  64  76   M   0  11 0.00  0.0    0  8.5 16 180   M    M   1        21 190
24  80  65  73   M   0   8 0.00  0.0    0  5.9 14 110   M    M   5 3      20 180
25  70  56  63   M   2   0 1.24  0.0    0  9.2 20  10   M    M  10        25  10
26  56  48  52   M  13   0 0.49    M    0 10.4 20  20   M    M  10        25  20
27  69  48  59   M   6   0 0.00  0.0    0  1.3  6 360   M    M   7         M  M
28  79  54  67   M   0   2 0.00  0.0    0  4.5  8  70   M    M   2         M  M
29  78  53  66   M   0   1 0.00  0.0    0  4.1 12  40   M    M   3        16  60
================================================================================
SM 2390 1758        21 218  3.50     0.0 177.3          M       86
================================================================================
AV 82.4 60.6                               6.1 FASTST   M    M   3    MAX(MPH)
                                 MISC ---->  # 23  80                 29    M
================================================================================
NOTES:
# LAST OF SEVERAL OCCURRENCES

COLUMN 17 PEAK WIND IN M.P.H.

PRELIMINARY LOCAL CLIMATOLOGICAL DATA (WS FORM: F-6) , PAGE 2

                                          STATION:  Alpine-Casparis Municipal
                                          MONTH:    SEPTEMBER
                                          YEAR:     2016
                                          LATITUDE:   30 23 N
                                          LONGITUDE: 103 41 W

[TEMPERATURE DATA]      [PRECIPITATION DATA]       SYMBOLS USED IN COLUMN 16

AVERAGE MONTHLY: 71.5   TOTAL FOR MONTH:   3.50    1 = FOG OR MIST
DPTR FM NORMAL:     M   DPTR FM NORMAL:       M    2 = FOG REDUCING VISIBILITY
HIGHEST:    90 ON  9    GRTST 24HR  1.24 ON 25-25      TO 1/4 MILE OR LESS
LOWEST:     48 ON 27,26                            3 = THUNDER
                        SNOW, ICE PELLETS, HAIL    4 = ICE PELLETS
                        TOTAL MONTH:   0.0 INCH    5 = HAIL
                        GRTST 24HR     0.0         6 = FREEZING RAIN OR DRIZZLE
                        GRTST DEPTH:   0           7 = DUSTSTORM OR SANDSTORM:
                                                       VSBY 1/2 MILE OR LESS
                                                   8 = SMOKE OR HAZE
[NO. OF DAYS WITH]      [WEATHER - DAYS WITH]      9 = BLOWING SNOW
                                                   X = TORNADO
MAX 32 OR BELOW:   0    0.01 INCH OR MORE:  10
MAX 90 OR ABOVE:   1    0.10 INCH OR MORE:   5
MIN 32 OR BELOW:   0    0.50 INCH OR MORE:   3
MIN  0 OR BELOW:   0    1.00 INCH OR MORE:   1

[HDD (BASE 65) ]
TOTAL THIS MO.    21    CLEAR  (SCALE 0-3)  21
DPTR FM NORMAL     M    PTCLDY (SCALE 4-7)   6
TOTAL FM JUL 1    21    CLOUDY (SCALE 8-10)  2
DPTR FM NORMAL     M

[CDD (BASE 65) ]
TOTAL THIS MO.   218
DPTR FM NORMAL     M    [PRESSURE DATA]
TOTAL FM JAN 1  1617    HIGHEST SLP M ON M
DPTR FM NORMAL     M    LOWEST  SLP M ON M

[REMARKS]
