000
CXUS54 KMAF 231100
CF6E38
PRELIMINARY LOCAL CLIMATOLOGICAL DATA (WS FORM: F-6)

                                          STATION:   Alpine-Casparis Municipal
                                          MONTH:     FEBRUARY
                                          YEAR:      2018
                                          LATITUDE:   30 23 N
                                          LONGITUDE: 103 41 W

  TEMPERATURE IN F:       :PCPN:    SNOW:  WIND      :SUNSHINE: SKY     :PK WND
================================================================================
1   2   3   4   5  6A  6B    7    8   9   10  11  12  13   14  15   16   17  18
                                     12Z  AVG MX 2MIN
DY MAX MIN AVG DEP HDD CDD  WTR  SNW DPTH SPD SPD DIR MIN PSBL S-S WX    SPD DR
================================================================================

 1  68  38  53   M  12   0 0.00  0.0    0  8.7 17 240   M    M   0        25 240
 2  60  28  44   M  21   0 0.00  0.0    0  4.5 14 240   M    M   2         M  M
 3  73  48  61   M   4   0 0.00  0.0    0 14.7 29 260   M    M   3        36 250
 4  77  41  59   M   6   0 0.00  0.0    0  8.1 17 250   M    M   0        24 260
 5  78  27  53   M  12   0 0.00  0.0    0  7.4 14 230   M    M   0        20 230
 6  73  45  59   M   6   0 0.00  0.0    0  9.5 21 270   M    M   1        25 270
 7  58  32  45   M  20   0 0.00  0.0    0  6.7 12  60   M    M   5        20  60
 8  70  29  50   M  15   0 0.00  0.0    0  7.1 15 240   M    M   0        20 240
 9  72  40  56   M   9   0 0.00  0.0    0 11.3 16 240   M    M   0        23 240
10  75  48  62   M   3   0 0.00  0.0    0 13.7 21 250   M    M   0        28 270
11  61  24  43   M  22   0 0.00  0.0    0  8.0 22  80   M    M   0        27  80
12  69  24  47   M  18   0 0.00  0.0    0  5.0 15 210   M    M   1        21 210
13  73  42  58   M   7   0 0.00  0.0    0  9.1 20 230   M    M   0        28 230
14  82  50  66   M   0   1 0.00  0.0    0  9.7 23 200   M    M   1        30 200
15  82  55  69   M   0   4 0.00  0.0    0 10.9 25 230   M    M   1        33 230
16  64  43  54   M  11   0 0.00  0.0    0  5.8 14  50   M    M   1        18  40
17  73  38  56   M   9   0 0.00  0.0    0  7.0 17 260   M    M   1        23 280
18  77  48  63   M   2   0 0.00  0.0    0 10.6 21 210   M    M   2        28 210
19  71  49  60   M   5   0 0.00  0.0    0 14.4 27 220   M    M   0        35 220
20  73  42  58   M   7   0 0.00  0.0    0 13.3 20 220   M    M   0        29 220
21  48  26  37   M  28   0 0.00  0.0    0  6.6 13  60   M    M   5         M  M
22  67  20  44   M  21   0 0.00  0.0    0  6.2 22 220   M    M   0        31 220
================================================================================
SM 1544  837       238   5  0.00     0.0 198.3          M       23
================================================================================
AV 70.2 38.1                               9.0 FASTST   M    M   1    MAX(MPH)
                                 MISC ---->  # 29 260               # 36  250
================================================================================
NOTES:
# LAST OF SEVERAL OCCURRENCES

COLUMN 17 PEAK WIND IN M.P.H.

PRELIMINARY LOCAL CLIMATOLOGICAL DATA (WS FORM: F-6) , PAGE 2

                                          STATION:  Alpine-Casparis Municipal
                                          MONTH:    FEBRUARY
                                          YEAR:     2018
                                          LATITUDE:   30 23 N
                                          LONGITUDE: 103 41 W

[TEMPERATURE DATA]      [PRECIPITATION DATA]       SYMBOLS USED IN COLUMN 16

AVERAGE MONTHLY: 54.1   TOTAL FOR MONTH:   0.00    1 = FOG OR MIST
DPTR FM NORMAL:     M   DPTR FM NORMAL:       M    2 = FOG REDUCING VISIBILITY
HIGHEST:    82 ON 15,14 GRTST 24HR  0.00 ON 22-22      TO 1/4 MILE OR LESS
LOWEST:     20 ON 22                               3 = THUNDER
                        SNOW, ICE PELLETS, HAIL    4 = ICE PELLETS
                        TOTAL MONTH:   0.0 INCH    5 = HAIL
                        GRTST 24HR     0.0         6 = FREEZING RAIN OR DRIZZLE
                        GRTST DEPTH:   0           7 = DUSTSTORM OR SANDSTORM:
                                                       VSBY 1/2 MILE OR LESS
                                                   8 = SMOKE OR HAZE
[NO. OF DAYS WITH]      [WEATHER - DAYS WITH]      9 = BLOWING SNOW
                                                   X = TORNADO
MAX 32 OR BELOW:   0    0.01 INCH OR MORE:   0
MAX 90 OR ABOVE:   0    0.10 INCH OR MORE:   0
MIN 32 OR BELOW:   8    0.50 INCH OR MORE:   0
MIN  0 OR BELOW:   0    1.00 INCH OR MORE:   0

[HDD (BASE 65) ]
TOTAL THIS MO.   238    CLEAR  (SCALE 0-3)  20
DPTR FM NORMAL     M    PTCLDY (SCALE 4-7)   2
TOTAL FM JUL 1  1709    CLOUDY (SCALE 8-10)  0
DPTR FM NORMAL     M

[CDD (BASE 65) ]
TOTAL THIS MO.     5
DPTR FM NORMAL     M    [PRESSURE DATA]
TOTAL FM JAN 1     5    HIGHEST SLP M ON M
DPTR FM NORMAL     M    LOWEST  SLP M ON M

[REMARKS]
