000
CXUS56 KOTX 290900
CF6EAT
PRELIMINARY LOCAL CLIMATOLOGICAL DATA (WS FORM: F-6)

                                          STATION:   WENATCHEE WA PANGBORN FIELD
                                          MONTH:     DECEMBER
                                          YEAR:      2014
                                          LATITUDE:   47 23 N
                                          LONGITUDE: 120 12 W

  TEMPERATURE IN F:       :PCPN:    SNOW:  WIND      :SUNSHINE: SKY     :PK WND
================================================================================
1   2   3   4   5  6A  6B    7    8   9   10  11  12  13   14  15   16   17  18
                                     12Z  AVG MX 2MIN
DY MAX MIN AVG DEP HDD CDD  WTR  SNW DPTH SPD SPD DIR MIN PSBL S-S WX    SPD DR
================================================================================

 1  26  11  19 -12  46   0 0.00    M    M  2.8  8 290   M    M   0        10 290
 2  28  13  21 -10  44   0 0.00    M    M  3.5 10 310   M    M   0        20 310
 3  32  18  25  -6  40   0 0.00    M    M  4.7 10 300   M    M   4        12 300
 4  35  30  33   3  32   0    T    M    M  1.0  5 310   M    M  10         6 250
 5  35  30  33   3  32   0    T    M    M  2.7  7 300   M    M  10         9 330
 6  40  33  37   7  28   0 0.14    M    M  3.5  9 310   M    M   9 126    11 120
 7  40  36  38   9  27   0 0.00    M    M  2.6  9 310   M    M  10 12     11 310
 8  42  37  40  11  25   0 0.00    M    M  4.3  9 120   M    M  10 12     11 120
 9  40  34  37   8  28   0 0.07    M    M  4.3 17 100   M    M   9 12     20 100
10  45  37  41  13  24   0 0.02    M    M  3.3 17 330   M    M  10 1      22 320
11  43  35  39  11  26   0 0.22    M    M  3.0 12 150   M    M   6 12     14 150
12  49  37  43  15  22   0 0.00    M    M  6.6 14 310   M    M   2        17 320
13  50  32  41  13  24   0 0.00    M    M  5.5 13 270   M    M   0        14 300
14  35  29  32   4  33   0 0.00    M    M  3.2  9 270   M    M   8 12     11 270
15  39  32  36   9  29   0 0.00    M    M  3.4  7 310   M    M  10         8 310
16  38  34  36   9  29   0 0.03    M    M  1.7  7 260   M    M  10 1       8 290
17  37  34  36   9  29   0 0.19    M    M  2.2  7 330   M    M  10 12     14 310
18  40  36  38  11  27   0 0.08    M    M  1.1  6 280   M    M  10 1       7  90
19  45  33  39  12  26   0 0.01    M    M  3.4 10 280   M    M   4 12     12 290
20  36  35  36   9  29   0 0.31    M    M  2.0  8 290   M    M  10 12      9 230
21  52  34  43  16  22   0 0.14    M    M  8.0 23 330   M    M   5 12     30 320
22  51  38  45  18  20   0 0.00    M    M 10.8 28 300   M    M   1        32 300
23  42  36  39  12  26   0 0.00    M    M  2.6 12 280   M    M   9        14 280
24  48  37  43  16  22   0 0.00    M    M 11.7 29 310   M    M   4        34 310
25  48  33  41  14  24   0 0.00    M    M  9.2 18 310   M    M   0        22 310
26  42  28  35   8  30   0 0.00    M    M  4.2 10 280   M    M   0        10 280
27  41  29  35   8  30   0 0.04    M    M  3.9 20 310   M    M   4 12     24 310
28  40  28  34   7  31   0 0.09    M    M  3.4 24 310   M    M   6 1      27 300
================================================================================
SM 1139  879       805   0  1.34    M    118.6          M      171
================================================================================
AV 40.7 31.4                               4.2 FASTST   M    M   6    MAX(MPH)
                                 MISC ---->  # 29 310               # 34  310
================================================================================
NOTES:
# LAST OF SEVERAL OCCURRENCES

COLUMN 17 PEAK WIND IN M.P.H.

PRELIMINARY LOCAL CLIMATOLOGICAL DATA (WS FORM: F-6) , PAGE 2

                                          STATION:  WENATCHEE WA PANGBORN FIELD
                                          MONTH:    DECEMBER
                                          YEAR:     2014
                                          LATITUDE:   47 23 N
                                          LONGITUDE: 120 12 W

[TEMPERATURE DATA]      [PRECIPITATION DATA]       SYMBOLS USED IN COLUMN 16

AVERAGE MONTHLY: 36.0   TOTAL FOR MONTH:   1.34    1 = FOG OR MIST
DPTR FM NORMAL:   7.9   DPTR FM NORMAL:    0.05    2 = FOG REDUCING VISIBILITY
HIGHEST:    52 ON 21    GRTST 24HR  0.40 ON 20-21      TO 1/4 MILE OR LESS
LOWEST:     11 ON  1                               3 = THUNDER
                        SNOW, ICE PELLETS, HAIL    4 = ICE PELLETS
                        TOTAL MONTH:    M          5 = HAIL
                        GRTST 24HR    M  ON   M    6 = FREEZING RAIN OR DRIZZLE
                        GRTST DEPTH:  M  ON   M    7 = DUSTSTORM OR SANDSTORM:
                                                       VSBY 1/2 MILE OR LESS
                                                   8 = SMOKE OR HAZE
[NO. OF DAYS WITH]      [WEATHER - DAYS WITH]      9 = BLOWING SNOW
                                                   X = TORNADO
MAX 32 OR BELOW:   3    0.01 INCH OR MORE:  12
MAX 90 OR ABOVE:   0    0.10 INCH OR MORE:   5
MIN 32 OR BELOW:  11    0.50 INCH OR MORE:   0
MIN  0 OR BELOW:   0    1.00 INCH OR MORE:   0

[HDD (BASE 65) ]
TOTAL THIS MO.   805    CLEAR  (SCALE 0-3)   7
DPTR FM NORMAL  -226    PTCLDY (SCALE 4-7)   8
TOTAL FM JUL 1  1911    CLOUDY (SCALE 8-10) 13
DPTR FM NORMAL  -492

[CDD (BASE 65) ]
TOTAL THIS MO.     0
DPTR FM NORMAL     0    [PRESSURE DATA]
TOTAL FM JAN 1  1218    HIGHEST SLP M ON M
DPTR FM NORMAL   428    LOWEST  SLP  0.00 ON M

[REMARKS]
