000
CXUS56 KOTX 280900
CF6EAT
PRELIMINARY LOCAL CLIMATOLOGICAL DATA (WS FORM: F-6)

                                          STATION:   WENATCHEE WA PANGBORN FIELD
                                          MONTH:     JULY
                                          YEAR:      2016
                                          LATITUDE:   47 23 N
                                          LONGITUDE: 120 12 W

  TEMPERATURE IN F:       :PCPN:    SNOW:  WIND      :SUNSHINE: SKY     :PK WND
================================================================================
1   2   3   4   5  6A  6B    7    8   9   10  11  12  13   14  15   16   17  18
                                     12Z  AVG MX 2MIN
DY MAX MIN AVG DEP HDD CDD  WTR  SNW DPTH SPD SPD DIR MIN PSBL S-S WX    SPD DR
================================================================================

 1  90  60  75   5   0  10 0.00    M    M 16.3 23 300   M    M   0        28 290
 2  90  65  78   7   0  13 0.00    M    M 12.2 28 310   M    M   0        32 290
 3  80  63  72   1   0   7 0.00    M    M 19.9 31 320   M    M   0 8      42 310
 4  76  57  67  -4   0   2 0.00    M    M 15.4 32 310   M    M   0        38 310
 5  78  55  67  -5   0   2 0.00    M    M 16.4 30 310   M    M   1        35 310
 6  79  53  66  -6   0   1 0.00    M    M  6.6 14 280   M    M   0        18 280
 7  78  61  70  -2   0   5 0.05    M    M  7.1 14 330   M    M   5        17 330
 8  80  59  70  -3   0   5 0.04    M    M  4.6 17 130   M    M   4        22 130
 9  76  58  67  -6   0   2 0.00    M    M  9.0 18 310   M    M   2        23 300
10  78  59  69  -4   0   4    T    M    M 13.9 26 310   M    M   5        34 300
11  80  58  69  -4   0   4 0.00    M    M 10.4 17 310   M    M   3        23 300
12  80  61  71  -3   0   6    T    M    M 10.3 24 300   M    M   2        30 290
13  83  58  71  -3   0   6 0.00    M    M  8.6 18 310   M    M   0        23 310
14  88  56  72  -2   0   7 0.00    M    M  9.5 24 300   M    M   0        32 310
15  79  61  70  -4   0   5 0.00    M    M 19.6 30 300   M    M   0        36 290
16  81  59  70  -5   0   5 0.00    M    M 10.8 18 290   M    M   4        25 320
17  76  60  68  -7   0   3 0.05    M    M  7.4 25 310   M    M   5 3      30 320
18  71  54  63 -12   2   0 0.06    M    M  8.0 17 290   M    M   3 1      19 310
19  79  54  67  -8   0   2 0.01    M    M  5.7 16 160   M    M   0 3      19 170
20  85  58  72  -4   0   7 0.00    M    M  5.2  9 100   M    M   0        13  70
21  92  58  75  -1   0  10    T    M    M  8.9 25 320   M    M   0        32 310
22  81  61  71  -5   0   6 0.05    M    M 15.7 29 310   M    M   2        35 310
23  83  58  71  -5   0   6 0.00    M    M  8.7 20 310   M    M   0        23 300
24  89  58  74  -2   0   9 0.00    M    M  7.7 14 310   M    M   0        18 310
25  96  66  81   5   0  16 0.00    M    M  8.8 21 300   M    M   0        25 300
26  95  70  83   7   0  18 0.00    M    M 12.1 23 300   M    M   0        28 290
27  96  66  81   5   0  16 0.00    M    M  8.7 16 300   M    M   0        20 300
================================================================================
SM 2239 1606         2 177  0.26    M    287.5          M       36
================================================================================
AV 82.9 59.5                              10.6 FASTST   M    M   1    MAX(MPH)
                                 MISC ---->  # 32 310               # 42  310
================================================================================
NOTES:
# LAST OF SEVERAL OCCURRENCES

COLUMN 17 PEAK WIND IN M.P.H.

PRELIMINARY LOCAL CLIMATOLOGICAL DATA (WS FORM: F-6) , PAGE 2

                                          STATION:  WENATCHEE WA PANGBORN FIELD
                                          MONTH:    JULY
                                          YEAR:     2016
                                          LATITUDE:   47 23 N
                                          LONGITUDE: 120 12 W

[TEMPERATURE DATA]      [PRECIPITATION DATA]       SYMBOLS USED IN COLUMN 16

AVERAGE MONTHLY: 71.2   TOTAL FOR MONTH:   0.26    1 = FOG OR MIST
DPTR FM NORMAL:  -2.7   DPTR FM NORMAL:    0.02    2 = FOG REDUCING VISIBILITY
HIGHEST:    96 ON 27,25 GRTST 24HR  0.07 ON 17-18      TO 1/4 MILE OR LESS
LOWEST:     53 ON  6                               3 = THUNDER
                        SNOW, ICE PELLETS, HAIL    4 = ICE PELLETS
                        TOTAL MONTH:    M          5 = HAIL
                        GRTST 24HR    M  ON   M    6 = FREEZING RAIN OR DRIZZLE
                        GRTST DEPTH:  M  ON   M    7 = DUSTSTORM OR SANDSTORM:
                                                       VSBY 1/2 MILE OR LESS
                                                   8 = SMOKE OR HAZE
[NO. OF DAYS WITH]      [WEATHER - DAYS WITH]      9 = BLOWING SNOW
                                                   X = TORNADO
MAX 32 OR BELOW:   0    0.01 INCH OR MORE:   6
MAX 90 OR ABOVE:   6    0.10 INCH OR MORE:   0
MIN 32 OR BELOW:   0    0.50 INCH OR MORE:   0
MIN  0 OR BELOW:   0    1.00 INCH OR MORE:   0

[HDD (BASE 65) ]
TOTAL THIS MO.     2    CLEAR  (SCALE 0-3)  22
DPTR FM NORMAL     0    PTCLDY (SCALE 4-7)   5
TOTAL FM JUL 1     2    CLOUDY (SCALE 8-10)  0
DPTR FM NORMAL     0

[CDD (BASE 65) ]
TOTAL THIS MO.   177
DPTR FM NORMAL   -69    [PRESSURE DATA]
TOTAL FM JAN 1   399    HIGHEST SLP M ON M
DPTR FM NORMAL  -286    LOWEST  SLP  0.00 ON M

[REMARKS]
