000
CXUS56 KOTX 170900
CF6EAT
PRELIMINARY LOCAL CLIMATOLOGICAL DATA (WS FORM: F-6)

                                          STATION:   WENATCHEE WA PANGBORN FIELD
                                          MONTH:     JANUARY
                                          YEAR:      2018
                                          LATITUDE:   47 23 N
                                          LONGITUDE: 120 12 W

  TEMPERATURE IN F:       :PCPN:    SNOW:  WIND      :SUNSHINE: SKY     :PK WND
================================================================================
1   2   3   4   5  6A  6B    7    8   9   10  11  12  13   14  15   16   17  18
                                     12Z  AVG MX 2MIN
DY MAX MIN AVG DEP HDD CDD  WTR  SNW DPTH SPD SPD DIR MIN PSBL S-S WX    SPD DR
================================================================================

 1  28  25  27   0  38   0 0.00    M    M  1.7  8  80   M    M  10        10  80
 2  26  23  25  -2  40   0 0.00    M    M  3.8 10 280   M    M   9        13 290
 3  27  17  22  -5  43   0 0.00    M    M  4.5 10 270   M    M   3        11 270
 4  27  19  23  -4  42   0 0.02    M    M  1.9  7 320   M    M   9 16      8 320
 5  32  25  29   1  36   0    T    M    M  2.1  9  60   M    M   9 16     10  70
 6  33  31  32   4  33   0 0.00    M    M  5.5 12 120   M    M  10 1      17 120
 7  34  30  32   4  33   0 0.04    M    M  1.2  9 130   M    M  10 1      14 110
 8  35  29  32   4  33   0    T    M    M  2.7  8 300   M    M  10 12      9 290
 9  41  30  36   8  29   0 0.02    M    M  5.7 21 310   M    M   6 12     25 320
10  43  28  36   8  29   0 0.00    M    M  3.3 22 320   M    M   2        28 320
11  33  27  30   1  35   0 0.43    M    M  1.8 12 290   M    M  10 12     14 290
12  34  24  29   0  36   0    T    M    M  1.3  6 320   M    M   7 12      6 340
13  34  25  30   1  35   0 0.00    M    M  1.3  8 310   M    M   4 1       8 270
14  34  30  32   3  33   0 0.00    M    M  4.8  8 280   M    M  10 12      9 310
15  37  33  35   6  30   0 0.01    M    M  2.1  9 280   M    M  10 12     11 290
16  38  33  36   6  29   0 0.11    M    M  3.7 13  90   M    M  10 12     17 100
================================================================================
SM  536  429       554   0  0.63    M     47.4          M      129
================================================================================
AV 33.5 26.8                               3.0 FASTST   M    M   8    MAX(MPH)
                                 MISC ---->  # 22 320               # 28  320
================================================================================
NOTES:
# LAST OF SEVERAL OCCURRENCES

COLUMN 17 PEAK WIND IN M.P.H.

PRELIMINARY LOCAL CLIMATOLOGICAL DATA (WS FORM: F-6) , PAGE 2

                                          STATION:  WENATCHEE WA PANGBORN FIELD
                                          MONTH:    JANUARY
                                          YEAR:     2018
                                          LATITUDE:   47 23 N
                                          LONGITUDE: 120 12 W

[TEMPERATURE DATA]      [PRECIPITATION DATA]       SYMBOLS USED IN COLUMN 16

AVERAGE MONTHLY: 30.2   TOTAL FOR MONTH:   0.63    1 = FOG OR MIST
DPTR FM NORMAL:   2.0   DPTR FM NORMAL:    0.04    2 = FOG REDUCING VISIBILITY
HIGHEST:    43 ON 10    GRTST 24HR  0.43 ON 11-11      TO 1/4 MILE OR LESS
LOWEST:     17 ON  3                               3 = THUNDER
                        SNOW, ICE PELLETS, HAIL    4 = ICE PELLETS
                        TOTAL MONTH:    M          5 = HAIL
                        GRTST 24HR    M  ON   M    6 = FREEZING RAIN OR DRIZZLE
                        GRTST DEPTH:  M  ON   M    7 = DUSTSTORM OR SANDSTORM:
                                                       VSBY 1/2 MILE OR LESS
                                                   8 = SMOKE OR HAZE
[NO. OF DAYS WITH]      [WEATHER - DAYS WITH]      9 = BLOWING SNOW
                                                   X = TORNADO
MAX 32 OR BELOW:   5    0.01 INCH OR MORE:   6
MAX 90 OR ABOVE:   0    0.10 INCH OR MORE:   2
MIN 32 OR BELOW:  14    0.50 INCH OR MORE:   0
MIN  0 OR BELOW:   0    1.00 INCH OR MORE:   0

[HDD (BASE 65) ]
TOTAL THIS MO.   554    CLEAR  (SCALE 0-3)   2
DPTR FM NORMAL   -35    PTCLDY (SCALE 4-7)   3
TOTAL FM JUL 1  3133    CLOUDY (SCALE 8-10) 11
DPTR FM NORMAL    24

[CDD (BASE 65) ]
TOTAL THIS MO.     0
DPTR FM NORMAL     0    [PRESSURE DATA]
TOTAL FM JAN 1     0    HIGHEST SLP M ON M
DPTR FM NORMAL     0    LOWEST  SLP 29.54 ON  9

[REMARKS]
