101
CXUS51 KAKQ 261010
CF6ECG
PRELIMINARY LOCAL CLIMATOLOGICAL DATA (WS FORM: F-6)

                                          STATION:   ELIZABETH CITY NC
                                          MONTH:     AUGUST
                                          YEAR:      2016
                                          LATITUDE:   36 16 N
                                          LONGITUDE:  76 11 W

  TEMPERATURE IN F:       :PCPN:    SNOW:  WIND      :SUNSHINE: SKY     :PK WND
================================================================================
1   2   3   4   5  6A  6B    7    8   9   10  11  12  13   14  15   16   17  18
                                     12Z  AVG MX 2MIN
DY MAX MIN AVG DEP HDD CDD  WTR  SNW DPTH SPD SPD DIR MIN PSBL S-S WX    SPD DR
================================================================================

 1  87  74  81   2   0  16 0.08  0.0    0  8.4 22 210   M    M   1 138    28 220
 2  88  72  80   1   0  15 1.28  0.0    0  6.2 28 230   M    M   2 13     32 250
 3  84  73  79   0   0  14 0.00  0.0    0 12.7 21  50   M    M   3        26  40
 4  86  73  80   1   0  15 0.00  0.0    0  8.7 17  40   M    M   3        20  40
 5  87  72  80   2   0  15    T  0.0    0  6.8 13 110   M    M   2 3      15 100
 6  90  75  83   5   0  18 0.00  0.0    0  9.2 15 230   M    M   4 1      20 200
 7  89  75  82   4   0  17 0.02  0.0    0  6.9 21 280   M    M   5 3      29 280
 8  81  72  77  -1   0  12 0.25  0.0    0  9.3 16  40   M    M   9 1      20  30
 9  89  76  83   5   0  18 0.06  0.0    0  5.9 16 320   M    M   2 3      18 310
10  89  73  81   3   0  16 0.00  0.0    0  4.2 13 120   M    M   2 1      26 150
11  90  76  83   5   0  18 0.00  0.0    0  6.6 14 110   M    M   M        20 140
12  91  74  83   5   0  18 0.00  0.0    M  6.7 15 210   M    M   1 28     27 180
13  93  78  86   8   0  21 0.00  0.0    0  9.7 17 220   M    M   1        21 220
14  95  78  87   9   0  22 0.00  0.0    0  8.8 15 200   M    M   0        19 210
15  94  77  86   8   0  21 0.24  0.0    0  6.1 22 270   M    M   1 3      30 330
16  92  75  84   6   0  19 0.00  0.0    M  7.6 15 210   M    M   0        19 190
17  94  76  85   7   0  20 0.00  0.0    0  9.9 15 200   M    M   0        19 190
18  93  75  84   6   0  19    T  0.0    0  8.9 21 130   M    M   2 3      25 160
19  89  71  80   2   0  15 0.26  0.0    0  3.1 20 360   M    M   5 13     23 360
20  88  72  80   2   0  15 0.00  0.0    0  5.4 12  90   M    M   1 1      14  70
21  93  71  82   5   0  17 0.10  0.0    0  6.4 16 310   M    M   2 13     20 220
22  87  66  77   0   0  12 0.00  0.0    0  7.9 17 330   M    M   1        21 330
23  84  65  75  -2   0  10 0.00  0.0    0  7.8 16  50   M    M   1        20  40
24  85  60  73  -4   0   8 0.00  0.0    0  6.4 14  30   M    M   0        19  30
25  88  65  77   0   0  12 0.00  0.0    0  4.0 13 160   M    M   1 12     15 160
================================================================================
SM 2226 1814         0 403  2.29     0.0 183.6          M       49
================================================================================
AV 89.0 72.6                               7.3 FASTST   M    M   2    MAX(MPH)
                                 MISC ---->  # 28 230               # 32  250
================================================================================
NOTES:
# LAST OF SEVERAL OCCURRENCES

COLUMN 17 PEAK WIND IN M.P.H.

PRELIMINARY LOCAL CLIMATOLOGICAL DATA (WS FORM: F-6) , PAGE 2

                                          STATION:  ELIZABETH CITY NC
                                          MONTH:    AUGUST
                                          YEAR:     2016
                                          LATITUDE:   36 16 N
                                          LONGITUDE:  76 11 W

[TEMPERATURE DATA]      [PRECIPITATION DATA]       SYMBOLS USED IN COLUMN 16

AVERAGE MONTHLY: 80.8   TOTAL FOR MONTH:   2.29    1 = FOG OR MIST
DPTR FM NORMAL:   2.8   DPTR FM NORMAL:   -3.16    2 = FOG REDUCING VISIBILITY
HIGHEST:    95 ON 14    GRTST 24HR  1.34 ON  1- 2      TO 1/4 MILE OR LESS
LOWEST:     60 ON 24                               3 = THUNDER
                        SNOW, ICE PELLETS, HAIL    4 = ICE PELLETS
                        TOTAL MONTH:   0.0 INCH    5 = HAIL
                        GRTST 24HR     0.0         6 = FREEZING RAIN OR DRIZZLE
                        GRTST DEPTH:   0           7 = DUSTSTORM OR SANDSTORM:
                                                       VSBY 1/2 MILE OR LESS
                                                   8 = SMOKE OR HAZE
[NO. OF DAYS WITH]      [WEATHER - DAYS WITH]      9 = BLOWING SNOW
                                                   X = TORNADO
MAX 32 OR BELOW:   0    0.01 INCH OR MORE:   8
MAX 90 OR ABOVE:  10    0.10 INCH OR MORE:   5
MIN 32 OR BELOW:   0    0.50 INCH OR MORE:   1
MIN  0 OR BELOW:   0    1.00 INCH OR MORE:   1

[HDD (BASE 65) ]
TOTAL THIS MO.     0    CLEAR  (SCALE 0-3)  19
DPTR FM NORMAL     0    PTCLDY (SCALE 4-7)   4
TOTAL FM JUL 1     0    CLOUDY (SCALE 8-10)  1
DPTR FM NORMAL     0

[CDD (BASE 65) ]
TOTAL THIS MO.   403
DPTR FM NORMAL    79    [PRESSURE DATA]
TOTAL FM JAN 1  1409    HIGHEST SLP 30.13 ON  9
DPTR FM NORMAL   181    LOWEST  SLP 29.75 ON 21

[REMARKS]
