000
CXUS52 KTAE 280800
CF6ECP
PRELIMINARY LOCAL CLIMATOLOGICAL DATA (WS FORM: F-6)

                                          STATION:   PANAMA CITY NW
                                          MONTH:     MARCH
                                          YEAR:      2015
                                          LATITUDE:   30 21 N
                                          LONGITUDE:  85 48 W

  TEMPERATURE IN F:       :PCPN:    SNOW:  WIND      :SUNSHINE: SKY     :PK WND
================================================================================
1   2   3   4   5  6A  6B    7    8   9   10  11  12  13   14  15   16   17  18
                                     12Z  AVG MX 2MIN
DY MAX MIN AVG DEP HDD CDD  WTR  SNW DPTH SPD SPD DIR MIN PSBL S-S WX    SPD DR
================================================================================

 1  65  48  57   M   8   0 0.00  0.0    0  6.8 14  40   M    M  10 128     M  M
 2  75  55  65   M   0   0 0.00  0.0    0  2.7  7 160   M    M   7 12      M  M
 3  74  54  64   M   1   0 0.00  0.0    0  5.3 14 180   M    M   8 12     17 180
 4  75  63  69   M   0   4 0.00  0.0    0  8.2 18 150   M    M   9 12     33 210
 5  76  40  58   M   7   0 0.22    M    0 11.7 20 340   M    M   8 12     30 310
 6  55  34  45   M  20   0 0.00  0.0    0 11.0 17 340   M    M   1        22 340
 7  69  37  53   M  12   0 0.00  0.0    0  4.5 14  40   M    M   0        21 350
 8  72  38  55   M  10   0 0.00  0.0    0  3.3 13 200   M    M   2        18 220
 9  76  56  66   M   0   1 0.00  0.0    0  6.8 20 150   M    M   7        25 140
10  78  60  69   M   0   4 0.00  0.0    0  9.4 23 150   M    M   2 1      31 160
11  79  64  72   M   0   7 0.00  0.0    0  5.4 26 100   M    M   7 12     29  90
12  75  70  73   M   0   8 0.00  0.0    0  3.6 14  50   M    M   7 12     19  40
13  74  67  71   M   0   6 0.21  0.0    0 10.5 20 130   M    M   9 1      28 120
14  77  57  67   M   0   2 0.00  0.0    0  6.6 16 220   M    M   4 1      23 210
15  75  55  65   M   0   0 0.00  0.0    0  4.1 13 340   M    M   5 1      16 350
16  84  55  70   M   0   5    T  0.0    M  5.3 15 220   M    M   0        28 170
17  85  58  72   M   0   7    T  0.0    0  7.0 21 200   M    M   0 18     28 210
18  84  54  69   M   0   4 0.00  0.0    0  4.5 14 180   M    M   1        22 250
19  79  61  70   M   0   5 0.00  0.0    0  5.1 13 170   M    M   3 128    17  30
20  83  60  72   M   0   7 0.00  0.0    0  5.1 17 230   M    M   4 12     22 200
21  83  62  73   M   0   8 0.00  0.0    0  4.3 17 180   M    M   6 128    23 120
22  77  67  72   M   0   7    T  0.0    0  8.0 21 180   M    M   7 128    26 220
23  77  63  70   M   0   5 0.00  0.0    0  8.4 16  10   M    M   8 1      20  20
24  77  56  67   M   0   2 0.00  0.0    0  5.7 12  40   M    M   8        14  90
25  81  54  68   M   0   3 0.00  0.0    0  6.7 16 180   M    M   5        22 160
26  70  62  66   M   0   1 0.45  0.0    0  5.6 16 120   M    M   6 13     27  60
27  68  46  57   M   8   0 0.03    M    0 11.1 24 300   M    M   5 1      30 310
================================================================================
SM 2043 1496        66  86  0.91     0.0 176.7          M      139
================================================================================
AV 75.7 55.4                               6.5 FASTST   M    M   5    MAX(MPH)
                                 MISC ---->  # 26 100               # 33  210
================================================================================
NOTES:
# LAST OF SEVERAL OCCURRENCES

COLUMN 17 PEAK WIND IN M.P.H.

PRELIMINARY LOCAL CLIMATOLOGICAL DATA (WS FORM: F-6) , PAGE 2

                                          STATION:  PANAMA CITY NW
                                          MONTH:    MARCH
                                          YEAR:     2015
                                          LATITUDE:   30 21 N
                                          LONGITUDE:  85 48 W

[TEMPERATURE DATA]      [PRECIPITATION DATA]       SYMBOLS USED IN COLUMN 16

AVERAGE MONTHLY: 65.5   TOTAL FOR MONTH:   0.91    1 = FOG OR MIST
DPTR FM NORMAL:     M   DPTR FM NORMAL:       M    2 = FOG REDUCING VISIBILITY
HIGHEST:    85 ON 17    GRTST 24HR  0.45 ON 26-26      TO 1/4 MILE OR LESS
LOWEST:     34 ON  6                               3 = THUNDER
                        SNOW, ICE PELLETS, HAIL    4 = ICE PELLETS
                        TOTAL MONTH:   0.0 INCH    5 = HAIL
                        GRTST 24HR     0.0         6 = FREEZING RAIN OR DRIZZLE
                        GRTST DEPTH:   0           7 = DUSTSTORM OR SANDSTORM:
                                                       VSBY 1/2 MILE OR LESS
                                                   8 = SMOKE OR HAZE
[NO. OF DAYS WITH]      [WEATHER - DAYS WITH]      9 = BLOWING SNOW
                                                   X = TORNADO
MAX 32 OR BELOW:   0    0.01 INCH OR MORE:   4
MAX 90 OR ABOVE:   0    0.10 INCH OR MORE:   3
MIN 32 OR BELOW:   0    0.50 INCH OR MORE:   0
MIN  0 OR BELOW:   0    1.00 INCH OR MORE:   0

[HDD (BASE 65) ]
TOTAL THIS MO.    66    CLEAR  (SCALE 0-3)   8
DPTR FM NORMAL     M    PTCLDY (SCALE 4-7)  14
TOTAL FM JUL 1  1455    CLOUDY (SCALE 8-10)  5
DPTR FM NORMAL     M

[CDD (BASE 65) ]
TOTAL THIS MO.    86
DPTR FM NORMAL     M    [PRESSURE DATA]
TOTAL FM JAN 1    91    HIGHEST SLP M ON M
DPTR FM NORMAL     M    LOWEST  SLP 29.78 ON 27

[REMARKS]
