887
CXUS54 KEWX 270910
CF6ECU
PRELIMINARY LOCAL CLIMATOLOGICAL DATA (WS FORM: F-6)

                                          STATION:   Edwards County Airport
                                          MONTH:     MAY
                                          YEAR:      2016
                                          LATITUDE:   29 57 N
                                          LONGITUDE: 100 10 W

  TEMPERATURE IN F:       :PCPN:    SNOW:  WIND      :SUNSHINE: SKY     :PK WND
================================================================================
1   2   3   4   5  6A  6B    7    8   9   10  11  12  13   14  15   16   17  18
                                     12Z  AVG MX 2MIN
DY MAX MIN AVG DEP HDD CDD  WTR  SNW DPTH SPD SPD DIR MIN PSBL S-S WX    SPD DR
================================================================================

 1  73  61  67   M   0   2 0.00  0.0    0  9.4 16  30   M    M   5 1      24  50
 2  63  50  57   M   8   0 0.00    M    M  7.9 14  10   M    M   7        22  10
 3  79  48  64   M   1   0 0.00    M    0  0.6  6  80   M    M   2         M  M
 4  82  52  67   M   0   2 0.00    M    0  3.1 13 320   M    M   0        18 320
 5  86  54  70   M   0   5 0.00  0.0    0  1.1  9 170   M    M   1 8       M  M
 6  84  57  71   M   0   6 0.00  0.0    0  7.7 17 150   M    M   0 8      22 150
 7  81  61  71   M   0   6 0.00  0.0    0 14.5 22 140   M    M   0        31 140
 8  73  64  69   M   0   4 0.00  0.0    0 16.1 24 150   M    M   5        30 150
 9  90  66  78   M   0  13 0.00  0.0    0 11.0 23 170   M    M   3        31 180
10  91  70  81   M   0  16 0.00  0.0    0 12.8 22 170   M    M   1        28 170
11  84  63  74   M   0   9 0.00  0.0    0  9.5 17 170   M    M   2        25 170
12  88  68  78   M   0  13 0.01  0.0    0  7.8 16  80   M    M   3 3      21 150
13  88  70  79   M   0  14 0.00    M    0  5.6 14 170   M    M   4        18 150
14  79  61  70   M   0   5 1.18  0.0    0  5.0 13 130   M    M   3 3      21 130
15  68  63  66   M   0   1 0.10    M    M  5.1  9 100   M    M   6         M  M
16  82  64  73   M   0   8 0.04    M    M  9.0 15 160   M    M   3        17 150
17  82  63  73   M   0   8 0.83  0.0    0  7.6 18 170   M    M   5 3      28 170
18  70  57  64   M   1   0 0.00  0.0    0  9.4 13  50   M    M   9 1      18  50
19  75  55  65   M   0   0 0.44    M    0  5.4 13  50   M    M   7 13     20  50
20  82  61  72   M   0   7 0.00    M    0  6.4 13 150   M    M   6         M  M
21  88  70  79   M   0  14 0.02    M    0  9.3 14 180   M    M   6 1      17 140
22  82  72  77   M   0  12 0.00    M    0  9.7 13 150   M    M   8 18     21 160
23  84  70  77   M   0  12 0.00    M    0 12.0 18 150   M    M   8 1      27 150
24  84  72  78   M   0  13 0.00  0.0    0 13.2 22 150   M    M   8 18     29 150
25  81  73  77   M   0  12 0.01  0.0    0  9.6 16 160   M    M   7 1      20 160
26  88  64  76   M   0  11 0.38  0.0    0 12.2 18 300   M    M   4 3      45 300
================================================================================
SM 2107 1629        10 193  3.01     0.0 221.0          M      113
================================================================================
AV 81.0 62.7                               8.5 FASTST   M    M   4    MAX(MPH)
                                 MISC ---->    24   M                 45    M
================================================================================
NOTES:
# LAST OF SEVERAL OCCURRENCES

COLUMN 17 PEAK WIND IN M.P.H.

PRELIMINARY LOCAL CLIMATOLOGICAL DATA (WS FORM: F-6) , PAGE 2

                                          STATION:  Edwards County Airport
                                          MONTH:    MAY
                                          YEAR:     2016
                                          LATITUDE:   29 57 N
                                          LONGITUDE: 100 10 W

[TEMPERATURE DATA]      [PRECIPITATION DATA]       SYMBOLS USED IN COLUMN 16

AVERAGE MONTHLY: 71.8   TOTAL FOR MONTH:   3.01    1 = FOG OR MIST
DPTR FM NORMAL:     M   DPTR FM NORMAL:       M    2 = FOG REDUCING VISIBILITY
HIGHEST:    91 ON 10    GRTST 24HR  1.18 ON 14-14      TO 1/4 MILE OR LESS
LOWEST:     48 ON  3                               3 = THUNDER
                        SNOW, ICE PELLETS, HAIL    4 = ICE PELLETS
                        TOTAL MONTH:   0.0 INCH    5 = HAIL
                        GRTST 24HR     0.0         6 = FREEZING RAIN OR DRIZZLE
                        GRTST DEPTH:   0           7 = DUSTSTORM OR SANDSTORM:
                                                       VSBY 1/2 MILE OR LESS
                                                   8 = SMOKE OR HAZE
[NO. OF DAYS WITH]      [WEATHER - DAYS WITH]      9 = BLOWING SNOW
                                                   X = TORNADO
MAX 32 OR BELOW:   0    0.01 INCH OR MORE:   9
MAX 90 OR ABOVE:   2    0.10 INCH OR MORE:   5
MIN 32 OR BELOW:   0    0.50 INCH OR MORE:   2
MIN  0 OR BELOW:   0    1.00 INCH OR MORE:   1

[HDD (BASE 65) ]
TOTAL THIS MO.    10    CLEAR  (SCALE 0-3)   9
DPTR FM NORMAL     M    PTCLDY (SCALE 4-7)  15
TOTAL FM JUL 1   673    CLOUDY (SCALE 8-10)  2
DPTR FM NORMAL     M

[CDD (BASE 65) ]
TOTAL THIS MO.   193
DPTR FM NORMAL     M    [PRESSURE DATA]
TOTAL FM JAN 1   349    HIGHEST SLP M ON M
DPTR FM NORMAL     M    LOWEST  SLP M ON M

[REMARKS]
