000
CXUS54 KEWX 290910
CF6ECU
PRELIMINARY LOCAL CLIMATOLOGICAL DATA (WS FORM: F-6)

                                          STATION:   Edwards County Airport
                                          MONTH:     AUGUST
                                          YEAR:      2014
                                          LATITUDE:   29 57 N
                                          LONGITUDE: 100 10 W

  TEMPERATURE IN F:       :PCPN:    SNOW:  WIND      :SUNSHINE: SKY     :PK WND
================================================================================
1   2   3   4   5  6A  6B    7    8   9   10  11  12  13   14  15   16   17  18
                                     12Z  AVG MX 2MIN
DY MAX MIN AVG DEP HDD CDD  WTR  SNW DPTH SPD SPD DIR MIN PSBL S-S WX    SPD DR
================================================================================

 1  91  72  82   M   0  17    M    M    M  5.1 10  40   M    M   4        16  70
 2  86  72  79   M   0  14    M    M    M  3.5  9 260   M    M   3         M  M
 3  90  66  78   M   0  13    M    M    M  3.2 10  40   M    M   1         M  M
 4  93  70  82   M   0  17    M    M    M  2.6 12 100   M    M   2        16 100
 5  93  72  83   M   0  18    M    M    M  4.8 10 140   M    M   2         M  M
 6  97  72  85   M   0  20    M    M    M  6.0 12 140   M    M   1        16 170
 7  97  73  85   M   0  20    M    M    M  9.6 14 160   M    M   1        21 160
 8  99  73  86   M   0  21    M    M    M 10.0 14 160   M    M   0        21 140
 9  93  70  82   M   0  17    M    M    M  9.9 15 160   M    M   1        22 140
10  95  72  84   M   0  19    M    M    M  7.5 13 150   M    M   1        18 150
11  97  73  85   M   0  20    M    M    M  5.7 17  20   M    M   1 3      25  20
12  90  70  80   M   0  15    M    M    M  2.8 12 280   M    M   3 3      24 130
13  93  68  81   M   0  16    M    M    M  4.6 10 110   M    M   1        16 100
14  97  70  84   M   0  19    M    M    M  3.9  9 100   M    M   0         M  M
15  93  70  82   M   0  17    M    M    M  4.8 12 160   M    M   0        17 160
16  99  73  86   M   0  21    M    M    M  7.1 14 130   M    M   1        17 130
17  90  70  80   M   0  15    M    M    M  6.7 17 270   M    M   2        27 270
18  95  72  84   M   0  19    M    M    M  8.7 14 150   M    M   2 3      21  50
19  84  68  76   M   0  11    M    M    M  9.8 16 150   M    M   2        21 140
20  90  72  81   M   0  16    M    M    M 12.5 17 150   M    M   1        23 140
21  91  73  82   M   0  17    M    M    M 11.7 17 140   M    M   4 1      24 140
22  91  72  82   M   0  17    M    M    M 12.1 17 150   M    M   1        24 140
23  91  68  80   M   0  15    M    M    M  9.7 15 140   M    M   0        21 130
24  91  72  82   M   0  17    M    M    M  8.3 14 140   M    M   0 8      22 140
25  93  72  83   M   0  18    M    M    M  6.1 12 170   M    M   0         M  M
26  97  72  85   M   0  20    M    M    M  3.3  8 140   M    M   1         M  M
27  93  72  83   M   0  18    M    M    M  4.5  9 140   M    M   1         M  M
28  93  72  83   M   0  18    M    M    M  5.6 13 130   M    M   1        20 130
================================================================================
SM 2602 1991         0 485    M     M    190.1          M       37
================================================================================
AV 92.9 71.1                               6.8 FASTST   M    M   1    MAX(MPH)
                                 MISC ---->    17   M               # 27  270
================================================================================
NOTES:
# LAST OF SEVERAL OCCURRENCES

COLUMN 17 PEAK WIND IN M.P.H.

PRELIMINARY LOCAL CLIMATOLOGICAL DATA (WS FORM: F-6) , PAGE 2

                                          STATION:  Edwards County Airport
                                          MONTH:    AUGUST
                                          YEAR:     2014
                                          LATITUDE:   29 57 N
                                          LONGITUDE: 100 10 W

[TEMPERATURE DATA]      [PRECIPITATION DATA]       SYMBOLS USED IN COLUMN 16

AVERAGE MONTHLY: 82.0   TOTAL FOR MONTH:      M    1 = FOG OR MIST
DPTR FM NORMAL:     M   DPTR FM NORMAL:       M    2 = FOG REDUCING VISIBILITY
HIGHEST:    99 ON 16, 8 GRTST 24HR    M  ON   M        TO 1/4 MILE OR LESS
LOWEST:     66 ON  3                               3 = THUNDER
                        SNOW, ICE PELLETS, HAIL    4 = ICE PELLETS
                        TOTAL MONTH:    M          5 = HAIL
                        GRTST 24HR    M  ON   M    6 = FREEZING RAIN OR DRIZZLE
                        GRTST DEPTH:  M  ON   M    7 = DUSTSTORM OR SANDSTORM:
                                                       VSBY 1/2 MILE OR LESS
                                                   8 = SMOKE OR HAZE
[NO. OF DAYS WITH]      [WEATHER - DAYS WITH]      9 = BLOWING SNOW
                                                   X = TORNADO
MAX 32 OR BELOW:   0    0.01 INCH OR MORE:   0
MAX 90 OR ABOVE:  26    0.10 INCH OR MORE:   0
MIN 32 OR BELOW:   0    0.50 INCH OR MORE:   0
MIN  0 OR BELOW:   0    1.00 INCH OR MORE:   0

[HDD (BASE 65) ]
TOTAL THIS MO.     0    CLEAR  (SCALE 0-3)  25
DPTR FM NORMAL     M    PTCLDY (SCALE 4-7)   3
TOTAL FM JUL 1     0    CLOUDY (SCALE 8-10)  0
DPTR FM NORMAL     M

[CDD (BASE 65) ]
TOTAL THIS MO.   485
DPTR FM NORMAL     M    [PRESSURE DATA]
TOTAL FM JAN 1  1891    HIGHEST SLP M ON M
DPTR FM NORMAL     M    LOWEST  SLP M ON M

[REMARKS]
