000
CXUS55 KGJT 261000
CF6EEO
PRELIMINARY LOCAL CLIMATOLOGICAL DATA (WS FORM: F-6)

                                          STATION:   MEEKER CO
                                          MONTH:     MARCH
                                          YEAR:      2015
                                          LATITUDE:   40  2 N
                                          LONGITUDE: 107 53 W

  TEMPERATURE IN F:       :PCPN:    SNOW:  WIND      :SUNSHINE: SKY     :PK WND
================================================================================
1   2   3   4   5  6A  6B    7    8   9   10  11  12  13   14  15   16   17  18
                                     12Z  AVG MX 2MIN
DY MAX MIN AVG DEP HDD CDD  WTR  SNW DPTH SPD SPD DIR MIN PSBL S-S WX    SPD DR
================================================================================

 1  36  23  30   0  35   0 0.01    M    M  1.6  8 270   M    M   9 1       9 270
 2  51  30  41  11  24   0 0.25    M    M  9.9 32 220   M    M   9 16     42 210
 3  42  22  32   1  33   0 0.13    M    M 10.9 28 240   M    M   8 1      34 230
 4  29   2  16 -15  49   0    T    M    M  7.3 18 360   M    M   5        24 320
 5  42   8  25  -6  40   0 0.00    M    M  4.1 12 210   M    M   0        15 100
 6  50  18  34   2  31   0 0.00    M    M  5.0 13 100   M    M   0        19 120
 7  53  20  37   5  28   0 0.00    M    M  4.2 12 290   M    M   0        18 280
 8  56  24  40   7  25   0 0.00    M    M  4.1 14 290   M    M   2        18 280
 9  53  23  38   5  27   0 0.00    M    M  4.6 16 360   M    M   1        34  50
10  58  22  40   7  25   0 0.00    M    M  4.6 13 120   M    M   0        16 220
11  59  23  41   7  24   0 0.00    M    M  5.8 17 240   M    M   0        22 230
12  50  33  42   8  23   0 0.00    M    M  3.0 14  10   M    M   6        16  10
13  61  27  44  10  21   0 0.00    M    M  3.3 16  20   M    M   2        20  30
14  64  25  45  10  20   0 0.00    M    M  4.4 15 220   M    M   0        19 230
15  71  29  50  15  15   0 0.00    M    M  3.6 14 100   M    M   0        20 100
16  72  29  51  15  14   0 0.00    M    M  4.5 17 250   M    M   0        21 250
17  73  30  52  16  13   0 0.00    M    M  5.3 21 250   M    M   2        27 250
18  61  39  50  14  15   0 0.21    M    M  5.7 20 330   M    M   8 13     25 290
19  57  30  44   8  21   0 0.00    M    M  4.9 18  30   M    M   4        22 360
20  62  22  42   5  23   0 0.00    M    M  4.1 13 240   M    M   0        17 210
21  68  25  47  10  18   0 0.00    M    M  4.9 15 270   M    M   0        22 290
22  65  30  48  11  17   0 0.00    M    M  3.5 18 260   M    M   3        22 260
23  63  35  49  11  16   0 0.11    M    M 13.0 45 250   M    M   6 1      60 250
24  54  26  40   2  25   0 0.01    M    M  9.8 28 220   M    M   6 1      37 240
25  47  27  37  -1  28   0 0.15    M    M  4.6 16  30   M    M   7 18     18  30
================================================================================
SM 1397  622       610   0  0.87    M    136.7          M       78
================================================================================
AV 55.9 24.9                               5.5 FASTST   M    M   3    MAX(MPH)
                                 MISC ---->  # 45 250               # 60  250
================================================================================
NOTES:
# LAST OF SEVERAL OCCURRENCES

COLUMN 17 PEAK WIND IN M.P.H.

PRELIMINARY LOCAL CLIMATOLOGICAL DATA (WS FORM: F-6) , PAGE 2

                                          STATION:  MEEKER CO
                                          MONTH:    MARCH
                                          YEAR:     2015
                                          LATITUDE:   40  2 N
                                          LONGITUDE: 107 53 W

[TEMPERATURE DATA]      [PRECIPITATION DATA]       SYMBOLS USED IN COLUMN 16

AVERAGE MONTHLY: 40.4   TOTAL FOR MONTH:   0.87    1 = FOG OR MIST
DPTR FM NORMAL:   6.1   DPTR FM NORMAL:   -0.07    2 = FOG REDUCING VISIBILITY
HIGHEST:    73 ON 17    GRTST 24HR  0.25 ON  2- 2      TO 1/4 MILE OR LESS
LOWEST:      2 ON  4                               3 = THUNDER
                        SNOW, ICE PELLETS, HAIL    4 = ICE PELLETS
                        TOTAL MONTH:    M          5 = HAIL
                        GRTST 24HR    M  ON   M    6 = FREEZING RAIN OR DRIZZLE
                        GRTST DEPTH:  M  ON   M    7 = DUSTSTORM OR SANDSTORM:
                                                       VSBY 1/2 MILE OR LESS
                                                   8 = SMOKE OR HAZE
[NO. OF DAYS WITH]      [WEATHER - DAYS WITH]      9 = BLOWING SNOW
                                                   X = TORNADO
MAX 32 OR BELOW:   1    0.01 INCH OR MORE:   7
MAX 90 OR ABOVE:   0    0.10 INCH OR MORE:   5
MIN 32 OR BELOW:  22    0.50 INCH OR MORE:   0
MIN  0 OR BELOW:   0    1.00 INCH OR MORE:   0

[HDD (BASE 65) ]
TOTAL THIS MO.   610    CLEAR  (SCALE 0-3)  15
DPTR FM NORMAL  -160    PTCLDY (SCALE 4-7)   8
TOTAL FM JUL 1  5693    CLOUDY (SCALE 8-10)  2
DPTR FM NORMAL  -882

[CDD (BASE 65) ]
TOTAL THIS MO.     0
DPTR FM NORMAL     0    [PRESSURE DATA]
TOTAL FM JAN 1     0    HIGHEST SLP M ON M
DPTR FM NORMAL     0    LOWEST  SLP 29.43 ON  2

[REMARKS]
