000
CXUS56 KLKN 211847
CF6EKO
PRELIMINARY LOCAL CLIMATOLOGICAL DATA (WS FORM: F-6)

                                          STATION:   ELKO AIRPORT NV
                                          MONTH:     SEPTEMBER
                                          YEAR:      2017
                                          LATITUDE:   40 49 N
                                          LONGITUDE: 115 47 W

  TEMPERATURE IN F:       :PCPN:    SNOW:  WIND      :SUNSHINE: SKY     :PK WND
================================================================================
1   2   3   4   5  6A  6B    7    8   9   10  11  12  13   14  15   16   17  18
                                     12Z  AVG MX 2MIN
DY MAX MIN AVG DEP HDD CDD  WTR  SNW DPTH SPD SPD DIR MIN PSBL S-S WX    SPD DR
================================================================================

 1  93  51  72   8   0   7 0.00  0.0    0  3.2 12  60   M    M   0 8      14  70
 2  97  47  72   8   0   7 0.00  0.0    0  2.3  9  60   M    M   0        12 340
 3  99  51  75  11   0  10 0.00  0.0    0  5.0 14 360   M    M   0        17  60
 4 100  54  77  14   0  12 0.00  0.0    0  4.2 13  40   M    M   0        15  40
 5  99  50  75  12   0  10 0.00  0.0    0  4.0 13  50   M    M   0        18 360
 6  97  53  75  13   0  10 0.00  0.0    0  4.6 26 190   M    M   0 8      37 180
 7  86  55  71   9   0   6 0.07  0.0    0  6.8 28 140   M    M   0 3      37 150
 8  87  57  72  10   0   7 0.32  0.0    0  6.8 30 190   M    M   4        49 190
 9  80  53  67   5   0   2 0.00  0.0    0  1.6  9 190   M    M   4        12 230
10  87  50  69   8   0   4 0.00  0.0    0  5.2 15  20   M    M   1        20  30
11  91  50  71  10   0   6 0.00  0.0    0  2.8  9  70   M    M   0        14  50
12  84  50  67   7   0   2 0.02  0.0    0  4.3 13 250   M    M   2        17 240
13  85  54  70  10   0   5 0.01  0.0    0  5.9 22 250   M    M   1 8      28 250
14  82  50  66   6   0   1 0.05  0.0    0  9.6 37 230   M    M   3        45 220
15  64  36  50  -9  15   0 0.00  0.0    0  7.3 21 290   M    M   3 8      29 250
16  68  29  49 -10  16   0 0.00  0.0    0  2.8 10 240   M    M   0        16 250
17  77  41  59   1   6   0 0.00  0.0    0  6.4 23 260   M    M   1        30 250
18  80  36  58   0   7   0 0.00  0.0    0 13.6 35 260   M    M   M        42 260
19  63  36  50  -8  15   0 0.00  0.0    0 10.9 31 260   M    M   M        38 260
20  70  31  51  -6  14   0 0.65    M    0  6.3 21 220   M    M   6 1      33 220
================================================================================
SM 1689  934        73  89  1.12     0.0 113.6          M       25
================================================================================
AV 84.5 46.7                               5.7 FASTST   M    M   1    MAX(MPH)
                                 MISC ---->  # 37 230               # 49  190
================================================================================
NOTES:
# LAST OF SEVERAL OCCURRENCES

COLUMN 17 PEAK WIND IN M.P.H.

PRELIMINARY LOCAL CLIMATOLOGICAL DATA (WS FORM: F-6) , PAGE 2

                                          STATION:  ELKO AIRPORT NV
                                          MONTH:    SEPTEMBER
                                          YEAR:     2017
                                          LATITUDE:   40 49 N
                                          LONGITUDE: 115 47 W

[TEMPERATURE DATA]      [PRECIPITATION DATA]       SYMBOLS USED IN COLUMN 16

AVERAGE MONTHLY: 65.6   TOTAL FOR MONTH:   1.12    1 = FOG OR MIST
DPTR FM NORMAL:   4.7   DPTR FM NORMAL:    0.77    2 = FOG REDUCING VISIBILITY
HIGHEST:   100 ON  4    GRTST 24HR  0.65 ON 20-20      TO 1/4 MILE OR LESS
LOWEST:     29 ON 16                               3 = THUNDER
                        SNOW, ICE PELLETS, HAIL    4 = ICE PELLETS
                        TOTAL MONTH:   0.0 INCH    5 = HAIL
                        GRTST 24HR     0.0         6 = FREEZING RAIN OR DRIZZLE
                        GRTST DEPTH:   0           7 = DUSTSTORM OR SANDSTORM:
                                                       VSBY 1/2 MILE OR LESS
                                                   8 = SMOKE OR HAZE
[NO. OF DAYS WITH]      [WEATHER - DAYS WITH]      9 = BLOWING SNOW
                                                   X = TORNADO
MAX 32 OR BELOW:   0    0.01 INCH OR MORE:   6
MAX 90 OR ABOVE:   7    0.10 INCH OR MORE:   2
MIN 32 OR BELOW:   2    0.50 INCH OR MORE:   1
MIN  0 OR BELOW:   0    1.00 INCH OR MORE:   0

[HDD (BASE 65) ]
TOTAL THIS MO.    73    CLEAR  (SCALE 0-3)  15
DPTR FM NORMAL   -31    PTCLDY (SCALE 4-7)   3
TOTAL FM JUL 1    77    CLOUDY (SCALE 8-10)  0
DPTR FM NORMAL   -78

[CDD (BASE 65) ]
TOTAL THIS MO.    89
DPTR FM NORMAL    69    [PRESSURE DATA]
TOTAL FM JAN 1   785    HIGHEST SLP M ON M
DPTR FM NORMAL   403    LOWEST  SLP 29.59 ON 14

[REMARKS]
