000
CXUS56 KLKN 281009
CF6ELY
PRELIMINARY LOCAL CLIMATOLOGICAL DATA (WS FORM: F-6)

                                          STATION:   ELY AIRPORT NV
                                          MONTH:     DECEMBER
                                          YEAR:      2014
                                          LATITUDE:   39 16 N
                                          LONGITUDE: 114 51 W

  TEMPERATURE IN F:       :PCPN:    SNOW:  WIND      :SUNSHINE: SKY     :PK WND
================================================================================
1   2   3   4   5  6A  6B    7    8   9   10  11  12  13   14  15   16   17  18
                                     12Z  AVG MX 2MIN
DY MAX MIN AVG DEP HDD CDD  WTR  SNW DPTH SPD SPD DIR MIN PSBL S-S WX    SPD DR
================================================================================

 1  54  25  40  12  25   0 0.00  0.0    0  7.2 15 210   M    M   3        21 310
 2  43  19  31   4  34   0 0.11  0.0    0  8.4 21 200   M    M   4        25 200
 3  48  34  41  14  24   0    T  0.0    0 12.7 23 150   M    M   7        30 170
 4  52  25  39  12  26   0 0.00  0.0    0  6.1 14 220   M    M   2        17 220
 5  49  24  37  11  28   0 0.00  0.0    0  9.4 16 170   M    M   4 12     20 180
 6  52  26  39  13  26   0 0.00  0.0    0  6.2 15 210   M    M   1        19 210
 7  55  21  38  12  27   0 0.00  0.0    0  7.1 12 170   M    M   0        22 110
 8  58  20  39  13  26   0 0.00  0.0    0  6.5 14 160   M    M   0        15 170
 9  57  19  38  12  27   0 0.00  0.0    0  8.1 16 170   M    M   0        19 170
10  57  21  39  14  26   0 0.00  0.0    0 10.1 23 190   M    M   0        27 190
11  49  40  45  20  20   0 0.00  0.0    0 23.1 37 150   M    M   1        48 160
12  49  33  41  16  24   0 0.07    T    0 21.9 41 140   M    M   6 1      54 150
13  36  21  29   4  36   0 0.18  1.9    2  5.7 15 290   M    M   8 1      19 290
14  35  10  23  -2  42   0 0.00  0.0    2  7.6 14 160   M    M   5        17 160
15  37  13  25   0  40   0 0.00  0.0    1  8.7 21 190   M    M   4        24 190
16  38  19  29   4  36   0    T    T    1 11.5 21 200   M    M   7 1      25 150
17  37  17  27   2  38   0 0.00  0.0    1  5.5 14 250   M    M   8        17 250
18  41  18  30   5  35   0 0.01    T    T  7.1 12 160   M    M   5 1      15 280
19  44  16  30   5  35   0 0.00  0.0    0  6.0 14 170   M    M   3        16 170
20  40  21  31   6  34   0 0.03  0.0    0  5.3 14 190   M    M   9        16 190
21  50  33  42  18  23   0 0.06  0.0    0  3.3 21  80   M    M  10 1      23  80
22  47  31  39  15  26   0 0.01  0.0    0  9.8 26 340   M    M   7        36 360
23  43  19  31   7  34   0 0.00  0.0    0  8.7 17 360   M    M   0        20 350
24  42  18  30   6  35   0 0.06  1.8    0 12.6 32 150   M    M   2 18     40 270
25  28  14  21  -4  44   0 0.01  0.3    2 12.7 26 320   M    M   8 1      35 300
26  22  10  16  -9  49   0 0.00  0.0    2  7.3 14  30   M    M  10        16  20
27  31  -1  15 -10  50   0 0.00  0.0    1  6.8 13 180   M    M   1        16 170
================================================================================
SM 1194  566       870   0  0.54     4.0 245.4          M      115
================================================================================
AV 44.2 21.0                               9.1 FASTST   M    M   4    MAX(MPH)
                                 MISC ---->  # 41 140               # 54  150
================================================================================
NOTES:
# LAST OF SEVERAL OCCURRENCES

COLUMN 17 PEAK WIND IN M.P.H.

PRELIMINARY LOCAL CLIMATOLOGICAL DATA (WS FORM: F-6) , PAGE 2

                                          STATION:  ELY AIRPORT NV
                                          MONTH:    DECEMBER
                                          YEAR:     2014
                                          LATITUDE:   39 16 N
                                          LONGITUDE: 114 51 W

[TEMPERATURE DATA]      [PRECIPITATION DATA]       SYMBOLS USED IN COLUMN 16

AVERAGE MONTHLY: 32.6   TOTAL FOR MONTH:   0.54    1 = FOG OR MIST
DPTR FM NORMAL:   7.2   DPTR FM NORMAL:    0.04    2 = FOG REDUCING VISIBILITY
HIGHEST:    58 ON  8    GRTST 24HR  0.20 ON 12-13      TO 1/4 MILE OR LESS
LOWEST:     -1 ON 27                               3 = THUNDER
                        SNOW, ICE PELLETS, HAIL    4 = ICE PELLETS
                        TOTAL MONTH:   4.0 INCHES  5 = HAIL
                        GRTST 24HR   1.9 ON   M    6 = FREEZING RAIN OR DRIZZLE
                        GRTST DEPTH:   2 ON 26,25  7 = DUSTSTORM OR SANDSTORM:
                                                       VSBY 1/2 MILE OR LESS
                                                   8 = SMOKE OR HAZE
[NO. OF DAYS WITH]      [WEATHER - DAYS WITH]      9 = BLOWING SNOW
                                                   X = TORNADO
MAX 32 OR BELOW:   3    0.01 INCH OR MORE:   9
MAX 90 OR ABOVE:   0    0.10 INCH OR MORE:   2
MIN 32 OR BELOW:  23    0.50 INCH OR MORE:   0
MIN  0 OR BELOW:   1    1.00 INCH OR MORE:   0

[HDD (BASE 65) ]
TOTAL THIS MO.   870    CLEAR  (SCALE 0-3)  11
DPTR FM NORMAL  -196    PTCLDY (SCALE 4-7)  11
TOTAL FM JUL 1  2317    CLOUDY (SCALE 8-10)  5
DPTR FM NORMAL  -617

[CDD (BASE 65) ]
TOTAL THIS MO.     0
DPTR FM NORMAL     0    [PRESSURE DATA]
TOTAL FM JAN 1   286    HIGHEST SLP M ON M
DPTR FM NORMAL    68    LOWEST  SLP 29.47 ON 24

[REMARKS]
