000
CXUS56 KLKN 291001
CF6ELY
PRELIMINARY LOCAL CLIMATOLOGICAL DATA (WS FORM: F-6)

                                          STATION:   ELY AIRPORT NV
                                          MONTH:     AUGUST
                                          YEAR:      2014
                                          LATITUDE:   39 16 N
                                          LONGITUDE: 114 51 W

  TEMPERATURE IN F:       :PCPN:    SNOW:  WIND      :SUNSHINE: SKY     :PK WND
================================================================================
1   2   3   4   5  6A  6B    7    8   9   10  11  12  13   14  15   16   17  18
                                     12Z  AVG MX 2MIN
DY MAX MIN AVG DEP HDD CDD  WTR  SNW DPTH SPD SPD DIR MIN PSBL S-S WX    SPD DR
================================================================================

 1  88  43  66  -2   0   1 0.00  0.0    0  7.4 15 270   M    M   1        23  10
 2  90  59  75   7   0  10 0.00  0.0    0  6.2 37 300   M    M   2        53 320
 3  75  56  66  -2   0   1 0.21  0.0    0  9.0 20 160   M    M   6 1      23 170
 4  64  56  60  -8   5   0 0.55  0.0    0  7.5 15 220   M    M  10 1      20 220
 5  77  52  65  -3   0   0 0.03  0.0    0 10.0 25 190   M    M   7        31 200
 6  83  46  65  -3   0   0 0.00  0.0    0  7.9 22 310   M    M   1        27 310
 7  77  45  61  -7   4   0 0.00  0.0    0  6.4 15 360   M    M   1        21  30
 8  83  47  65  -3   0   0 0.06  0.0    0  7.4 21 230   M    M   2        28 240
 9  84  47  66  -2   0   1 0.00  0.0    0  5.2 21 100   M    M   0        27 110
10  82  47  65  -3   0   0 0.04  0.0    0  8.0 28  10   M    M   1 3      34 360
11  78  47  63  -4   2   0 0.23  0.0    0  7.2 21  90   M    M   4 13     26 180
12  79  52  66  -1   0   1    T  0.0    0 10.4 22 230   M    M   2 3      28 220
13  81  56  69   2   0   4 0.00  0.0    0 11.5 24 130   M    M   4 3      34 190
14  83  58  71   4   0   6 0.00  0.0    0 12.0 23 200   M    M   0        30 200
15  86  47  67   0   0   2 0.00  0.0    0  9.4 22 220   M    M   0        28 200
16  89  43  66   0   0   1 0.00  0.0    0  9.1 20 240   M    M   0        25 250
17  90  47  69   3   0   4 0.00  0.0    0  9.2 18 240   M    M   0        29 250
18  88  46  67   1   0   2 0.03  0.0    0 10.7 29 140   M    M   2 3      42 150
19  76  53  65  -1   0   0 0.66  0.0    0 11.0 29 360   M    M   6 13     37 350
20  78  52  65  -1   0   0 0.00  0.0    0 10.0 25 200   M    M   3        33 200
21  80  52  66   1   0   1 0.00  0.0    0 11.4 24 140   M    M   2        28 150
22  77  53  65   0   0   0 0.56  0.0    0 11.8 28 200   M    M   3 13     47 200
23  72  45  59  -6   6   0 0.00  0.0    0  6.1 17 340   M    M   1        23 290
24  77  38  58  -7   7   0 0.03  0.0    0  9.0 25  20   M    M   3 3      29  30
25  76  52  64   0   1   0 0.00  0.0    0 11.6 23 190   M    M   0        28 200
26  66  40  53 -11  12   0 0.08  0.0    0  5.5 14  10   M    M   2 3      19  30
27  76  38  57  -7   8   0 0.00  0.0    0  7.5 14 170   M    M   1        20  40
28  83  43  63  -1   2   0 0.00  0.0    0  8.4 16 170   M    M   0        19  10
================================================================================
SM 2238 1360        47  34  2.48     0.0 246.8          M       64
================================================================================
AV 79.9 48.6                               8.8 FASTST   M    M   2    MAX(MPH)
                                 MISC ---->  # 37 300               # 53  320
================================================================================
NOTES:
# LAST OF SEVERAL OCCURRENCES

COLUMN 17 PEAK WIND IN M.P.H.

PRELIMINARY LOCAL CLIMATOLOGICAL DATA (WS FORM: F-6) , PAGE 2

                                          STATION:  ELY AIRPORT NV
                                          MONTH:    AUGUST
                                          YEAR:     2014
                                          LATITUDE:   39 16 N
                                          LONGITUDE: 114 51 W

[TEMPERATURE DATA]      [PRECIPITATION DATA]       SYMBOLS USED IN COLUMN 16

AVERAGE MONTHLY: 64.2   TOTAL FOR MONTH:   2.48    1 = FOG OR MIST
DPTR FM NORMAL:  -2.2   DPTR FM NORMAL:    1.66    2 = FOG REDUCING VISIBILITY
HIGHEST:    90 ON 17, 2 GRTST 24HR  0.73 ON  3- 4      TO 1/4 MILE OR LESS
LOWEST:     38 ON 27,24                            3 = THUNDER
                        SNOW, ICE PELLETS, HAIL    4 = ICE PELLETS
                        TOTAL MONTH:   0.0 INCH    5 = HAIL
                        GRTST 24HR     0.0         6 = FREEZING RAIN OR DRIZZLE
                        GRTST DEPTH:   0           7 = DUSTSTORM OR SANDSTORM:
                                                       VSBY 1/2 MILE OR LESS
                                                   8 = SMOKE OR HAZE
[NO. OF DAYS WITH]      [WEATHER - DAYS WITH]      9 = BLOWING SNOW
                                                   X = TORNADO
MAX 32 OR BELOW:   0    0.01 INCH OR MORE:  11
MAX 90 OR ABOVE:   2    0.10 INCH OR MORE:   5
MIN 32 OR BELOW:   0    0.50 INCH OR MORE:   3
MIN  0 OR BELOW:   0    1.00 INCH OR MORE:   0

[HDD (BASE 65) ]
TOTAL THIS MO.    47    CLEAR  (SCALE 0-3)  20
DPTR FM NORMAL    15    PTCLDY (SCALE 4-7)   7
TOTAL FM JUL 1    47    CLOUDY (SCALE 8-10)  1
DPTR FM NORMAL    -8

[CDD (BASE 65) ]
TOTAL THIS MO.    34
DPTR FM NORMAL   -40    [PRESSURE DATA]
TOTAL FM JAN 1   261    HIGHEST SLP M ON M
DPTR FM NORMAL    52    LOWEST  SLP 29.63 ON 19

[REMARKS]
