000
CXUS53 KTOP 221211
CF6EMP
PRELIMINARY LOCAL CLIMATOLOGICAL DATA (WS FORM: F-6)

                                          STATION:   Emporia KS
                                          MONTH:     FEBRUARY
                                          YEAR:      2017
                                          LATITUDE:   38 19 N
                                          LONGITUDE:  96 12 W

  TEMPERATURE IN F:       :PCPN:    SNOW:  WIND      :SUNSHINE: SKY     :PK WND
================================================================================
1   2   3   4   5  6A  6B    7    8   9   10  11  12  13   14  15   16   17  18
                                     12Z  AVG MX 2MIN
DY MAX MIN AVG DEP HDD CDD  WTR  SNW DPTH SPD SPD DIR MIN PSBL S-S WX    SPD DR
================================================================================

 1  45  27  36   4  29   0 0.00    M    M 15.6 23  20   M    M   0        30  30
 2  32  18  25  -7  40   0 0.00    M    M  9.2 20  20   M    M   2        24  20
 3  35  20  28  -4  37   0 0.00    M    M  7.2 14  20   M    M   4        16  20
 4  53  20  37   5  28   0 0.00    M    M 16.0 32 200   M    M   3        39 180
 5  54  26  40   7  25   0 0.00    M    M  6.9 13 100   M    M   1 12     16  40
 6  66  38  52  19  13   0 0.00    M    M  8.1 21 190   M    M   6 1      27 160
 7  56  29  43  10  22   0 0.00    M    M 10.4 17  20   M    M   0 1      24 320
 8  32  17  25  -8  40   0 0.00    M    M 12.6 25 350   M    M   4        32 340
 9  41  14  28  -6  37   0 0.00    M    M  9.5 23 180   M    M   0        31 170
10  73  35  54  20  11   0 0.00    M    M 16.8 32 200   M    M   0        40 200
11  71  43  57  23   8   0 0.00    M    M  7.9 18 320   M    M   2 128    25 330
12  53  33  43   9  22   0 0.00    M    M 13.3 25 360   M    M   0        36  10
13  54  29  42   8  23   0    T    M    M  3.8 15 160   M    M   6        18 160
14  54  31  43   8  22   0 0.00    M    M  8.4 17 340   M    M   2        23  30
15  56  25  41   6  24   0 0.00    M    M  8.3 14 200   M    M   0        19 200
16  73  38  56  21   9   0 0.00    M    M 17.9 29 210   M    M   0        35 220
17  75  38  57  21   8   0 0.00    M    M 15.3 29 200   M    M   0        35 190
18  75  34  55  19  10   0 0.00    M    M  6.9 17 190   M    M   0 18     21 180
19  65  37  51  15  14   0 0.00    M    M 10.2 18 170   M    M   5 128    23 170
20  63  48  56  19   9   0 0.68    M    M 11.0 23 220   M    M   5 138    31 120
21  70  39  55  18  10   0 0.00    M    M  6.5 13 190   M    M   0        15 360
================================================================================
SM 1196  639       441   0  0.68    M    221.8          M       40
================================================================================
AV 57.0 30.4                              10.6 FASTST   M    M   2    MAX(MPH)
                                 MISC ---->  # 32 200               # 40  200
================================================================================
NOTES:
# LAST OF SEVERAL OCCURRENCES

COLUMN 17 PEAK WIND IN M.P.H.

PRELIMINARY LOCAL CLIMATOLOGICAL DATA (WS FORM: F-6) , PAGE 2

                                          STATION:  Emporia KS
                                          MONTH:    FEBRUARY
                                          YEAR:     2017
                                          LATITUDE:   38 19 N
                                          LONGITUDE:  96 12 W

[TEMPERATURE DATA]      [PRECIPITATION DATA]       SYMBOLS USED IN COLUMN 16

AVERAGE MONTHLY: 43.7   TOTAL FOR MONTH:   0.68    1 = FOG OR MIST
DPTR FM NORMAL:   9.5   DPTR FM NORMAL:   -0.24    2 = FOG REDUCING VISIBILITY
HIGHEST:    75 ON 18,17 GRTST 24HR  0.68 ON 20-20      TO 1/4 MILE OR LESS
LOWEST:     14 ON  9                               3 = THUNDER
                        SNOW, ICE PELLETS, HAIL    4 = ICE PELLETS
                        TOTAL MONTH:    M          5 = HAIL
                        GRTST 24HR    M  ON   M    6 = FREEZING RAIN OR DRIZZLE
                        GRTST DEPTH:  M  ON   M    7 = DUSTSTORM OR SANDSTORM:
                                                       VSBY 1/2 MILE OR LESS
                                                   8 = SMOKE OR HAZE
[NO. OF DAYS WITH]      [WEATHER - DAYS WITH]      9 = BLOWING SNOW
                                                   X = TORNADO
MAX 32 OR BELOW:   2    0.01 INCH OR MORE:   1
MAX 90 OR ABOVE:   0    0.10 INCH OR MORE:   1
MIN 32 OR BELOW:  11    0.50 INCH OR MORE:   1
MIN  0 OR BELOW:   0    1.00 INCH OR MORE:   0

[HDD (BASE 65) ]
TOTAL THIS MO.   441    CLEAR  (SCALE 0-3)  15
DPTR FM NORMAL  -206    PTCLDY (SCALE 4-7)   6
TOTAL FM JUL 1  2963    CLOUDY (SCALE 8-10)  0
DPTR FM NORMAL  -672

[CDD (BASE 65) ]
TOTAL THIS MO.     0
DPTR FM NORMAL     0    [PRESSURE DATA]
TOTAL FM JAN 1     0    HIGHEST SLP M ON M
DPTR FM NORMAL     0    LOWEST  SLP 29.47 ON  6

[REMARKS]
