000
CXUS52 KMHX 010700
CF6EWN
PRELIMINARY LOCAL CLIMATOLOGICAL DATA (WS FORM: F-6)

                                          STATION:   NEW BERN NC
                                          MONTH:     FEBRUARY
                                          YEAR:      2015
                                          LATITUDE:   35  4 N
                                          LONGITUDE:  77  3 W

  TEMPERATURE IN F:       :PCPN:    SNOW:  WIND      :SUNSHINE: SKY     :PK WND
================================================================================
1   2   3   4   5  6A  6B    7    8   9   10  11  12  13   14  15   16   17  18
                                     12Z  AVG MX 2MIN
DY MAX MIN AVG DEP HDD CDD  WTR  SNW DPTH SPD SPD DIR MIN PSBL S-S WX    SPD DR
================================================================================

 1  59  29  44  -1  21   0 0.03  0.0    0  7.5 16 190   M    M   0        23 180
 2  65  36  51   6  14   0 0.76  0.0    0 15.6 37 310   M    M   6 1      52 300
 3  46  28  37  -8  28   0 0.00  0.0    0  5.2 16  10   M    M   0        20  10
 4  59  28  44  -2  21   0 0.12  0.0    0  2.7 15 180   M    M   2 1      21 180
 5  57  29  43  -3  22   0 0.30  0.0    0 10.3 23  10   M    M   6 1      30 350
 6  42  21  32 -14  33   0 0.00  0.0    0  5.3 15  10   M    M   0        20  10
 7  62  26  44  -2  21   0 0.00  0.0    0  7.0 16 230   M    M   0        21 210
 8  74  46  60  14   5   0 0.00  0.0    0 11.9 23 230   M    M   0        35 230
 9  76  51  64  18   1   0 0.00  0.0    0  7.2 15 250   M    M   1        19 230
10  51  37  44  -2  21   0 0.17  0.0    0 17.3 26 360   M    M   9 18     36 360
11  44  29  37  -9  28   0 0.00  0.0    0  8.9 24  10   M    M   7 18     34  20
12  67  28  48   2  17   0    T    M    0  9.0 26 340   M    M   3 18     38 330
13  38  22  30 -17  35   0 0.00  0.0    0  7.7 17 340   M    M   0        23 340
14  55  19  37 -10  28   0 0.00  0.0    0  9.1 29 330   M    M   1        41 280
15  42  20  31 -16  34   0 0.00  0.0    0 15.1 31 320   M    M   1        48 330
16  32  22  27 -20  38   0    T    M    0  7.2 22 320   M    M   8 16     28 310
17  34  29  32 -15  33   0 0.00  0.0    0  8.1 16 330   M    M   8 16     23 340
18  42  25  34 -13  31   0    T    M    0  6.7 18 340   M    M   3        27 320
19  33  18  26 -22  39   0    T    T    0 12.7 23 320   M    M   2        33 310
20  27  11  19 -29  46   0 0.00  0.0    0  7.2 17 320   M    M   0 18     23 320
21  59  14  37 -11  28   0 0.00  0.0    0  7.2 23 160   M    M   5        35 150
22  66  54  60  12   5   0 0.25  0.0    0  5.1 17 270   M    M   8 1      22 270
23  55  29  42  -6  23   0 0.20  0.0    0 11.7 25  30   M    M   9 18     32  20
24  30  25  28 -20  37   0 0.62  3.0    0 10.4 17  50   M    M  10 16     22  50
25  40  24  32 -17  33   0    M    M    0  5.8 16  40   M    M   4 168    21  30
26  38  33  36 -13  29   0 1.43  0.0    0  9.9 22  50   M    M  10 1      29  40
27  50  31  41  -8  24   0    M  0.0    0  7.6 18  50   M    M   1 1      22  40
28  44  29  37 -12  28   0    M  0.0    0 11.6 18  50   M    M   2 1      23  50
================================================================================
SM 1387  793       723   0  3.88     3.0 251.0          M      106
================================================================================
AV 49.5 28.3                               9.0 FASTST   M    M   4    MAX(MPH)
                                 MISC ---->  # 37 310               # 52  300
================================================================================
NOTES:
# LAST OF SEVERAL OCCURRENCES

COLUMN 17 PEAK WIND IN M.P.H.

PRELIMINARY LOCAL CLIMATOLOGICAL DATA (WS FORM: F-6) , PAGE 2

                                          STATION:  NEW BERN NC
                                          MONTH:    FEBRUARY
                                          YEAR:     2015
                                          LATITUDE:   35  4 N
                                          LONGITUDE:  77  3 W

[TEMPERATURE DATA]      [PRECIPITATION DATA]       SYMBOLS USED IN COLUMN 16

AVERAGE MONTHLY: 38.9   TOTAL FOR MONTH:   3.88    1 = FOG OR MIST
DPTR FM NORMAL:  -8.1   DPTR FM NORMAL:    0.22    2 = FOG REDUCING VISIBILITY
HIGHEST:    76 ON  9    GRTST 24HR  1.43 ON 26-26      TO 1/4 MILE OR LESS
LOWEST:     11 ON 20                               3 = THUNDER
                        SNOW, ICE PELLETS, HAIL    4 = ICE PELLETS
                        TOTAL MONTH:   3.0 INCHES  5 = HAIL
                        GRTST 24HR   3.0 ON 24-24  6 = FREEZING RAIN OR DRIZZLE
                        GRTST DEPTH:   0           7 = DUSTSTORM OR SANDSTORM:
                                                       VSBY 1/2 MILE OR LESS
                                                   8 = SMOKE OR HAZE
[NO. OF DAYS WITH]      [WEATHER - DAYS WITH]      9 = BLOWING SNOW
                                                   X = TORNADO
MAX 32 OR BELOW:   3    0.01 INCH OR MORE:   9
MAX 90 OR ABOVE:   0    0.10 INCH OR MORE:   8
MIN 32 OR BELOW:  22    0.50 INCH OR MORE:   3
MIN  0 OR BELOW:   0    1.00 INCH OR MORE:   1

[HDD (BASE 65) ]
TOTAL THIS MO.   723    CLEAR  (SCALE 0-3)  16
DPTR FM NORMAL   217    PTCLDY (SCALE 4-7)   6
TOTAL FM JUL 1  2243    CLOUDY (SCALE 8-10)  6
DPTR FM NORMAL    97

[CDD (BASE 65) ]
TOTAL THIS MO.     0
DPTR FM NORMAL    -2    [PRESSURE DATA]
TOTAL FM JAN 1     7    HIGHEST SLP M ON M
DPTR FM NORMAL     4    LOWEST  SLP 29.42 ON 26

[REMARKS]
#FINAL-02-15#
