000
CXUS53 KIND 290730
CF6EYE
PRELIMINARY LOCAL CLIMATOLOGICAL DATA (WS FORM: F-6)

                                          STATION:   INDIANAPOLIS EAGLE CREEK IN
                                          MONTH:     MARCH
                                          YEAR:      2017
                                          LATITUDE:   39 49 N
                                          LONGITUDE:  86 18 W

  TEMPERATURE IN F:       :PCPN:    SNOW:  WIND      :SUNSHINE: SKY     :PK WND
================================================================================
1   2   3   4   5  6A  6B    7    8   9   10  11  12  13   14  15   16   17  18
                                     12Z  AVG MX 2MIN
DY MAX MIN AVG DEP HDD CDD  WTR  SNW DPTH SPD SPD DIR MIN PSBL S-S WX    SPD DR
================================================================================

 1  64  37  51  14  14   0 0.42    M    M 16.5 32 290   M    M   9 13     44 280
 2  41  29  35  -2  30   0    T    M    M 14.1 24 300   M    M   7        30 290
 3  36  26  31  -6  34   0 0.00    M    M  8.1 18 310   M    M   3        25 330
 4  47  30  39   1  26   0 0.00    M    M 10.7 17 110   M    M   4        25 140
 5  67  32  50  12  15   0 0.00    M    M 10.6 23 210   M    M   5        30 210
 6  61  51  56  18   9   0 0.58    M    M  9.8 22 180   M    M  10 18     32 180
 7  64  41  53  14  12   0 0.52    M    M 11.5 23 280   M    M   M 13     35 190
 8  58  40  49  10  16   0 0.00    M    M 10.5 30 280   M    M   1        47 260
 9  62  32  47   7  18   0 0.01    M    M  5.7 18  10   M    M   2        24  10
10  41  25  33  -7  32   0    T    M    M 12.1 22 290   M    M   3        28 300
11  34  23  29 -11  36   0 0.00    M    M  6.8 15  10   M    M   1        19  20
12  36  21  29 -12  36   0 0.00    M    M  6.4 13 110   M    M   3        17 110
13  32  26  29 -12  36   0 0.03    M    M  8.4 14  50   M    M   9 1      22  30
14  31  18  25 -17  40   0    T    M    M 12.8 24 340   M    M   4        30 340
15  33  18  26 -16  39   0    T    M    M 11.5 21 290   M    M   6        27 310
16  42  18  30 -12  35   0 0.00    M    M  4.0 13 280   M    M   0        15 280
17  47  33  40  -3  25   0 0.05    M    M  6.6 14 160   M    M   9 1      22 170
18  45  37  41  -2  24   0 0.00    M    M 11.5 22 300   M    M   9 1      28 300
19  52  35  44   0  21   0 0.00    M    M  4.9 12  10   M    M   4        14  10
20  51  40  46   2  19   0 0.39    M    M  7.4 21 140   M    M   8 13     32 150
21  58  36  47   3  18   0    T    M    M  9.7 17  10   M    M   6 18     23 340
22  41  27  34 -11  31   0 0.00    M    M  9.8 16  10   M    M   0        23  10
23  56  28  42  -3  23   0    T    M    M  9.2 15 170   M    M   3        21 130
24  74  51  63  17   2   0 0.00    M    M 11.0 23 210   M    M   3        36 230
25  75  58  67  21   0   2 0.59    M    M  7.5 20 170   M    M   5 13     30 200
26  65  52  59  13   6   0 0.65    M    M  7.6 17 200   M    M   8 1      22 210
27  64  47  56   9   9   0 0.27    M    M  5.5 13 190   M    M   6 1      17 180
28  57  49  53   6  12   0 0.01    M    M  8.3 15 340   M    M   9 1      19  20
================================================================================
SM 1434  960       618   2  3.52    M    258.5          M      137
================================================================================
AV 51.2 34.3                               9.2 FASTST   M    M   5    MAX(MPH)
                                 MISC ---->  # 32 290               # 47  260
================================================================================
NOTES:
# LAST OF SEVERAL OCCURRENCES

COLUMN 17 PEAK WIND IN M.P.H.

PRELIMINARY LOCAL CLIMATOLOGICAL DATA (WS FORM: F-6) , PAGE 2

                                          STATION:  INDIANAPOLIS EAGLE CREEK IN
                                          MONTH:    MARCH
                                          YEAR:     2017
                                          LATITUDE:   39 49 N
                                          LONGITUDE:  86 18 W

[TEMPERATURE DATA]      [PRECIPITATION DATA]       SYMBOLS USED IN COLUMN 16

AVERAGE MONTHLY: 42.8   TOTAL FOR MONTH:   3.52    1 = FOG OR MIST
DPTR FM NORMAL:   0.9   DPTR FM NORMAL:    0.64    2 = FOG REDUCING VISIBILITY
HIGHEST:    75 ON 25    GRTST 24HR  0.65 ON 26-26      TO 1/4 MILE OR LESS
LOWEST:     18 ON 16,15                            3 = THUNDER
                        SNOW, ICE PELLETS, HAIL    4 = ICE PELLETS
                        TOTAL MONTH:    M          5 = HAIL
                        GRTST 24HR    M  ON   M    6 = FREEZING RAIN OR DRIZZLE
                        GRTST DEPTH:  M  ON   M    7 = DUSTSTORM OR SANDSTORM:
                                                       VSBY 1/2 MILE OR LESS
                                                   8 = SMOKE OR HAZE
[NO. OF DAYS WITH]      [WEATHER - DAYS WITH]      9 = BLOWING SNOW
                                                   X = TORNADO
MAX 32 OR BELOW:   2    0.01 INCH OR MORE:  11
MAX 90 OR ABOVE:   0    0.10 INCH OR MORE:   7
MIN 32 OR BELOW:  14    0.50 INCH OR MORE:   4
MIN  0 OR BELOW:   0    1.00 INCH OR MORE:   0

[HDD (BASE 65) ]
TOTAL THIS MO.   618    CLEAR  (SCALE 0-3)   9
DPTR FM NORMAL   -28    PTCLDY (SCALE 4-7)  10
TOTAL FM JUL 1  3878    CLOUDY (SCALE 8-10)  8
DPTR FM NORMAL  -893

[CDD (BASE 65) ]
TOTAL THIS MO.     2
DPTR FM NORMAL     2    [PRESSURE DATA]
TOTAL FM JAN 1     2    HIGHEST SLP M ON M
DPTR FM NORMAL     2    LOWEST  SLP 29.44 ON  1

[REMARKS]
