000
CXUS53 KIND 230730
CF6EYE
PRELIMINARY LOCAL CLIMATOLOGICAL DATA (WS FORM: F-6)

                                          STATION:   INDIANAPOLIS EAGLE CREEK IN
                                          MONTH:     JANUARY
                                          YEAR:      2017
                                          LATITUDE:   39 49 N
                                          LONGITUDE:  86 18 W

  TEMPERATURE IN F:       :PCPN:    SNOW:  WIND      :SUNSHINE: SKY     :PK WND
================================================================================
1   2   3   4   5  6A  6B    7    8   9   10  11  12  13   14  15   16   17  18
                                     12Z  AVG MX 2MIN
DY MAX MIN AVG DEP HDD CDD  WTR  SNW DPTH SPD SPD DIR MIN PSBL S-S WX    SPD DR
================================================================================

 1  46  21  34   6  31   0 0.00    M    M  3.5  9 120   M    M   1        13 110
 2  52  38  45  17  20   0 0.72    M    M  4.5 13 160   M    M  10 138    16 160
 3  52  33  43  15  22   0 0.43    M    M  8.4 25 310   M    M  10 12     33 310
 4  33  18  26  -2  39   0    T    M    M 15.9 22 290   M    M   4 1      32 290
 5  19   8  14 -14  51   0 0.01    M    M  8.0 15 330   M    M   8        18 290
 6  10   3   7 -21  58   0 0.00    M    M  8.8 14 300   M    M   1        20 290
 7  16   0   8 -20  57   0    T    M    M  9.1 16 290   M    M   3        20 270
 8  20   5  13 -15  52   0 0.00    M    M  6.4 15 310   M    M   1        19 310
 9  36  18  27  -1  38   0 0.00    M    M  9.1 17 210   M    M   5        23 210
10  54  36  45  17  20   0 0.37    M    M 15.0 35 280   M    M   9 13     45 280
11  63  28  46  18  19   0 0.14    M    M  8.9 26 210   M    M   5 12     38 240
12  64  29  47  19  18   0 0.45    M    M 12.7 24 220   M    M  10 13     38 210
13  32  24  28   0  37   0 0.00    M    M  7.9 15  60   M    M   4        18  70
14  34  30  32   4  33   0 0.16    M    M  4.8 10 320   M    M  10 168    12 320
15  36  29  33   5  32   0    T    M    M  3.7  8 100   M    M   7 18      9 140
16  52  35  44  16  21   0 0.46    M    M  6.4 10 130   M    M  10 1      15 160
17  58  38  48  20  17   0 0.14    M    M 10.2 18 290   M    M  10 1      27 290
18  38  36  37   9  28   0 0.00    M    M  7.6 17 290   M    M  10 1      23 290
19  47  35  41  13  24   0 0.64    M    M  6.1 13  90   M    M   7 1      16  90
20  55  45  50  22  15   0 0.56    M    M  5.1 12 190   M    M  10 1      17 200
21  67  47  57  29   8   0 0.00    M    M  5.8 14 180   M    M   3 1      19 210
22  62  42  52  24  13   0 0.00    M    M  6.2 17  10   M    M   3 12     22 360
================================================================================
SM  946  598       653   0  4.08    M    174.1          M      141
================================================================================
AV 43.0 27.2                               7.9 FASTST   M    M   6    MAX(MPH)
                                 MISC ---->  # 35 280               # 45  280
================================================================================
NOTES:
# LAST OF SEVERAL OCCURRENCES

COLUMN 17 PEAK WIND IN M.P.H.

PRELIMINARY LOCAL CLIMATOLOGICAL DATA (WS FORM: F-6) , PAGE 2

                                          STATION:  INDIANAPOLIS EAGLE CREEK IN
                                          MONTH:    JANUARY
                                          YEAR:     2017
                                          LATITUDE:   39 49 N
                                          LONGITUDE:  86 18 W

[TEMPERATURE DATA]      [PRECIPITATION DATA]       SYMBOLS USED IN COLUMN 16

AVERAGE MONTHLY: 35.1   TOTAL FOR MONTH:   4.08    1 = FOG OR MIST
DPTR FM NORMAL:   7.1   DPTR FM NORMAL:    2.20    2 = FOG REDUCING VISIBILITY
HIGHEST:    67 ON 21    GRTST 24HR  1.20 ON 19-20      TO 1/4 MILE OR LESS
LOWEST:      0 ON  7                               3 = THUNDER
                        SNOW, ICE PELLETS, HAIL    4 = ICE PELLETS
                        TOTAL MONTH:    M          5 = HAIL
                        GRTST 24HR    M  ON   M    6 = FREEZING RAIN OR DRIZZLE
                        GRTST DEPTH:  M  ON   M    7 = DUSTSTORM OR SANDSTORM:
                                                       VSBY 1/2 MILE OR LESS
                                                   8 = SMOKE OR HAZE
[NO. OF DAYS WITH]      [WEATHER - DAYS WITH]      9 = BLOWING SNOW
                                                   X = TORNADO
MAX 32 OR BELOW:   5    0.01 INCH OR MORE:  11
MAX 90 OR ABOVE:   0    0.10 INCH OR MORE:  10
MIN 32 OR BELOW:  12    0.50 INCH OR MORE:   3
MIN  0 OR BELOW:   1    1.00 INCH OR MORE:   0

[HDD (BASE 65) ]
TOTAL THIS MO.   653    CLEAR  (SCALE 0-3)   6
DPTR FM NORMAL  -161    PTCLDY (SCALE 4-7)   7
TOTAL FM JUL 1  2400    CLOUDY (SCALE 8-10)  9
DPTR FM NORMAL  -470

[CDD (BASE 65) ]
TOTAL THIS MO.     0
DPTR FM NORMAL     0    [PRESSURE DATA]
TOTAL FM JAN 1     0    HIGHEST SLP  0.00 ON  4
DPTR FM NORMAL     0    LOWEST  SLP 29.45 ON 22

[REMARKS]
