000
CXUS52 KEYW 280800
CF6EYW
PRELIMINARY LOCAL CLIMATOLOGICAL DATA (WS FORM: F-6)

                                          STATION:   KEY WEST
                                          MONTH:     JULY
                                          YEAR:      2014
                                          LATITUDE:   24 32 N
                                          LONGITUDE:  81 45 W

  TEMPERATURE IN F:       :PCPN:    SNOW:  WIND      :SUNSHINE: SKY     :PK WND
================================================================================
1   2   3   4   5  6A  6B    7    8   9   10  11  12  13   14  15   16   17  18
                                     12Z  AVG MX 2MIN
DY MAX MIN AVG DEP HDD CDD  WTR  SNW DPTH SPD SPD DIR MIN PSBL S-S WX    SPD DR
================================================================================

 1  90  80  85   1   0  20 0.00  0.0    0  8.0 14 290   M    M   1        18 290
 2  89  84  87   3   0  22 0.00  0.0    0  8.6 14 230   M    M   1 3      17 240
 3  89  84  87   3   0  22    T  0.0    0  8.2 20 210   M    M   1 3      26 210
 4  90  82  86   2   0  21    T  0.0    0  4.6 15 350   M    M   1 3      19 340
 5  90  84  87   3   0  22    T  0.0    0  7.5 14 110   M    M   1 3      17 120
 6  90  83  87   3   0  22 0.00  0.0    0  7.9 14 120   M    M   1 3      16 110
 7  91  84  88   4   0  23 0.00  0.0    0 10.1 16 110   M    M   1 3      23  60
 8  89  83  86   2   0  21 0.00  0.0    0  6.1 10 160   M    M   1        13 150
 9  90  83  87   3   0  22    T  0.0    0  6.9 16 130   M    M   1 3      20 130
10  91  81  86   2   0  21 0.01  0.0    0  8.9 16  10   M    M   1 3      23  10
11  92  83  88   4   0  23 0.00  0.0    0 11.3 17 110   M    M   1        22 140
12  90  79  85   1   0  20 0.22  0.0    0  9.8 18  30   M    M   2 3      26  30
13  89  81  85   1   0  20    T  0.0    0  7.6 20 110   M    M   1 3      25 120
14  91  84  88   4   0  23 0.00  0.0    0  7.3 14 140   M    M   2 3      17 150
15  88  81  85   0   0  20 0.01  0.0    0  5.3 13 300   M    M   1 3      17 300
16  90  82  86   1   0  21    T  0.0    0  6.7 13 310   M    M   1        16 260
17  92  84  88   3   0  23 0.00  0.0    0  7.1 14 330   M    M   1        17 320
18  93  85  89   4   0  24 0.00  0.0    0  6.3 13 360   M    M   1        19 340
19  93  77  85   0   0  20 0.39  0.0    0  4.4 16  40   M    M   2 3      24  40
20  90  78  84  -1   0  19 1.31  0.0    0  3.9 28  20   M    M   2 1238   35  20
21  89  78  84  -1   0  19    T  0.0    0  6.1 12 110   M    M   1        14 110
22  89  79  84  -1   0  19 0.02  0.0    0  7.3 17 230   M    M   2 3      22 220
23  90  83  87   2   0  22 0.00  0.0    0  5.6 15 330   M    M   1 3      18 350
24  90  85  88   3   0  23 0.00  0.0    0  8.1 18 130   M    M   1        22 130
25  91  84  88   3   0  23    T  0.0    0  7.3 13 130   M    M   1 3      17 150
26  91  85  88   3   0  23 0.00  0.0    0  9.3 15 120   M    M   1        18 130
27  91  84  88   3   0  23 0.00  0.0    0  5.7 13 130   M    M   2        16 120
================================================================================
SM 2438 2220         0 581  1.96     0.0 195.9          M       33
================================================================================
AV 90.3 82.2                               7.3 FASTST   M    M   1    MAX(MPH)
                                 MISC ---->  # 28  20               # 35   20
================================================================================
NOTES:
# LAST OF SEVERAL OCCURRENCES

COLUMN 17 PEAK WIND IN M.P.H.

PRELIMINARY LOCAL CLIMATOLOGICAL DATA (WS FORM: F-6) , PAGE 2

                                          STATION:  KEY WEST
                                          MONTH:    JULY
                                          YEAR:     2014
                                          LATITUDE:   24 32 N
                                          LONGITUDE:  81 45 W

[TEMPERATURE DATA]      [PRECIPITATION DATA]       SYMBOLS USED IN COLUMN 16

AVERAGE MONTHLY: 86.3   TOTAL FOR MONTH:   1.96    1 = FOG OR MIST
DPTR FM NORMAL:   1.8   DPTR FM NORMAL:   -1.12    2 = FOG REDUCING VISIBILITY
HIGHEST:    93 ON 19,18 GRTST 24HR  1.53 ON 19-20      TO 1/4 MILE OR LESS
LOWEST:     77 ON 19                               3 = THUNDER
                        SNOW, ICE PELLETS, HAIL    4 = ICE PELLETS
                        TOTAL MONTH:   0.0 INCH    5 = HAIL
                        GRTST 24HR     0.0         6 = FREEZING RAIN OR DRIZZLE
                        GRTST DEPTH:   0           7 = DUSTSTORM OR SANDSTORM:
                                                       VSBY 1/2 MILE OR LESS
                                                   8 = SMOKE OR HAZE
[NO. OF DAYS WITH]      [WEATHER - DAYS WITH]      9 = BLOWING SNOW
                                                   X = TORNADO
MAX 32 OR BELOW:   0    0.01 INCH OR MORE:   6
MAX 90 OR ABOVE:  20    0.10 INCH OR MORE:   3
MIN 32 OR BELOW:   0    0.50 INCH OR MORE:   1
MIN  0 OR BELOW:   0    1.00 INCH OR MORE:   1

[HDD (BASE 65) ]
TOTAL THIS MO.     0    CLEAR  (SCALE 0-3)  27
DPTR FM NORMAL     0    PTCLDY (SCALE 4-7)   0
TOTAL FM JUL 1     0    CLOUDY (SCALE 8-10)  0
DPTR FM NORMAL     0

[CDD (BASE 65) ]
TOTAL THIS MO.   581
DPTR FM NORMAL    53    [PRESSURE DATA]
TOTAL FM JAN 1  2761    HIGHEST SLP M ON M
DPTR FM NORMAL   254    LOWEST  SLP 29.90 ON  2

[REMARKS]
