000
CXAK56 PAFG 261417
CF6FAI
PRELIMINARY LOCAL CLIMATOLOGICAL DATA (WS FORM: F-6)

                                          STATION:   FAIRBANKS AK
                                          MONTH:     FEBRUARY
                                          YEAR:      2015
                                          LATITUDE:   64 49 N
                                          LONGITUDE: 147 52 W

  TEMPERATURE IN F:       :PCPN:    SNOW:  WIND      :SUNSHINE: SKY     :PK WND
================================================================================
1   2   3   4   5  6A  6B    7    8   9   10  11  12  13   14  15   16   17  18
                                     12Z  AVG MX 2MIN
DY MAX MIN AVG DEP HDD CDD  WTR  SNW DPTH SPD SPD DIR MIN PSBL S-S WX    SPD DR
================================================================================

 1  -9 -24 -16 -10  81   0 0.00  0.0   12  1.3  6  40   M    M   0 18      6  30
 2   7 -22  -7  -1  72   0    T    T   12  1.1  6  60   M    M   5         9 210
 3 -10 -28 -19 -13  84   0    T    T   12  1.1  5  60   M    M   4 1       6  30
 4 -11 -29 -20 -15  85   0 0.00  0.0   12  0.7  6  30   M    M   2         6  30
 5 -16 -36 -26 -21  91   0    T    T   12  1.1  6  30   M    M   0         6  30
 6 -22 -40 -31 -27  96   0    T    T   12  0.0  5 180   M    M   0 1       5  30
 7 -22 -43 -32 -28  97   0 0.00  0.0   12  1.1  9  20   M    M   2 1      10  30
 8 -12 -39 -25 -21  90   0 0.00  0.0   12  2.0  8  20   M    M   0        10  20
 9 -11 -36 -23 -19  88   0 0.00  0.0   12  1.4  7  40   M    M   1 1       7  60
10   2 -30 -14 -11  79   0 0.00  0.0   12  1.2  8  20   M    M   5         9  20
11  12 -11   1   4  64   0    T  0.1   12  2.9  8  40   M    M  10 1       9  50
12  10  -4   3   5  62   0    T    T   12  4.5 10  40   M    M   7 1      11  20
13   7 -12  -2   0  67   0 0.00  0.0   12  0.5  8  40   M    M   3         9  40
14   6 -16  -5  -3  70   0 0.00  0.0   12  0.1  8  20   M    M   2         8  20
15  12 -11   1   2  64   0 0.00  0.0   12  0.9  8  30   M    M   7         9 210
16  37   9  23  24  42   0 0.00  0.0   12  4.3 10  40   M    M   9        11  30
17  35  10  23  23  42   0 0.00  0.0   12  2.4 14 300   M    M   6 12     15 290
18  24   4  14  14  51   0 0.00  0.0   12  1.5  7  20   M    M   4         7  20
19  24   0  12  12  53   0 0.00  0.0   12  0.7  6  50   M    M   6 1       6  40
20  17  -3   7   6  58   0 0.00  0.0   12  0.6  6  50   M    M   5         6  40
21  34   2  18  17  47   0 0.08  0.0   12  1.9  9  30   M    M   7 16     10  40
22  35  23  29  28  36   0 0.15  0.0   11  0.6 12  10   M    M   8 126    12  20
23  34  23  29  27  36   0 0.06  1.1   13  2.5  7 210   M    M  10 1      11 240
24  34  23  29  27  36   0    T  0.2   13  2.5  7 210   M    M   9 12     11 210
25  30   5  18  15  47   0    T    T   13  1.9  7 130   M    M   8 12      9 210
================================================================================
SM  247 -285      1638   0  0.29     1.4  38.8          M      120
================================================================================
AV  9.9-11.4                               1.6 FASTST   M    M   5    MAX(MPH)
                                 MISC ---->  # 14 300               # 15  290
================================================================================
NOTES:
# LAST OF SEVERAL OCCURRENCES

COLUMN 17 PEAK WIND IN M.P.H.

PRELIMINARY LOCAL CLIMATOLOGICAL DATA (WS FORM: F-6) , PAGE 2

                                          STATION:  FAIRBANKS AK
                                          MONTH:    FEBRUARY
                                          YEAR:     2015
                                          LATITUDE:   64 49 N
                                          LONGITUDE: 147 52 W

[TEMPERATURE DATA]      [PRECIPITATION DATA]       SYMBOLS USED IN COLUMN 16

AVERAGE MONTHLY: -0.8   TOTAL FOR MONTH:   0.29    1 = FOG OR MIST
DPTR FM NORMAL:     M   DPTR FM NORMAL:   -0.10    2 = FOG REDUCING VISIBILITY
HIGHEST:    37 ON 16    GRTST 24HR  0.15 ON 22-22      TO 1/4 MILE OR LESS
LOWEST:    -43 ON  7                               3 = THUNDER
                        SNOW, ICE PELLETS, HAIL    4 = ICE PELLETS
                        TOTAL MONTH:   1.4 INCHES  5 = HAIL
                        GRTST 24HR   1.1 ON   M    6 = FREEZING RAIN OR DRIZZLE
                        GRTST DEPTH:  13 ON 25,24  7 = DUSTSTORM OR SANDSTORM:
                                                       VSBY 1/2 MILE OR LESS
                                                   8 = SMOKE OR HAZE
[NO. OF DAYS WITH]      [WEATHER - DAYS WITH]      9 = BLOWING SNOW
                                                   X = TORNADO
MAX 32 OR BELOW:  19    0.01 INCH OR MORE:   3
MAX 90 OR ABOVE:   0    0.10 INCH OR MORE:   1
MIN 32 OR BELOW:  25    0.50 INCH OR MORE:   0
MIN  0 OR BELOW:  17    1.00 INCH OR MORE:   0

[HDD (BASE 65) ]
TOTAL THIS MO.  1638    CLEAR  (SCALE 0-3)   9
DPTR FM NORMAL   -35    PTCLDY (SCALE 4-7)  12
TOTAL FM JUL 1  9320    CLOUDY (SCALE 8-10)  4
DPTR FM NORMAL  -885

[CDD (BASE 65) ]
TOTAL THIS MO.     0
DPTR FM NORMAL     0    [PRESSURE DATA]
TOTAL FM JAN 1     0    HIGHEST SLP M ON M
DPTR FM NORMAL     0    LOWEST  SLP 29.52 ON 16

[REMARKS]
