718
CXUS56 KHNX 291146
CF6FAT
PRELIMINARY LOCAL CLIMATOLOGICAL DATA (WS FORM: F-6)

                                          STATION:   FRESNO CA
                                          MONTH:     MAY
                                          YEAR:      2016
                                          LATITUDE:   36 46 N
                                          LONGITUDE: 119 43 W

  TEMPERATURE IN F:       :PCPN:    SNOW:  WIND      :SUNSHINE: SKY     :PK WND
================================================================================
1   2   3   4   5  6A  6B    7    8   9   10  11  12  13   14  15   16   17  18
                                     12Z  AVG MX 2MIN
DY MAX MIN AVG DEP HDD CDD  WTR  SNW DPTH SPD SPD DIR MIN PSBL S-S WX    SPD DR
================================================================================

 1  87  57  72   6   0   7 0.06  0.0    0  7.4 22 150   M    M   3 3      31 150
 2  88  57  73   6   0   8 0.00  0.0    0  4.5 13 300   M    M   2        18 240
 3  88  59  74   7   0   9 0.00  0.0    0  5.6 14 140   M    M   6        19 140
 4  82  62  72   5   0   7 0.00  0.0    0  6.7 17 320   M    M   8        23 320
 5  71  56  64  -4   1   0 0.09  0.0    0  6.9 26 250   M    M   9 1      34 250
 6  70  55  63  -5   2   0 0.14  0.0    0  5.9 16 250   M    M   9 18     19 250
 7  73  56  65  -3   0   0    T  0.0    0  5.1 14 320   M    M   8        17 310
 8  75  54  65  -3   0   0 0.00  0.0    0  5.2 13 310   M    M   8 18     17 300
 9  83  62  73   4   0   8 0.00  0.0    0  6.1 15 310   M    M   5        18 310
10  86  58  72   3   0   7 0.00  0.0    0  6.9 15 310   M    M   1        18 320
11  91  61  76   7   0  11 0.00  0.0    0  5.5 12 320   M    M   3        16 320
12  97  63  80  11   0  15 0.00  0.0    0  6.6 17 310   M    M   1        22 310
13  93  62  78   8   0  13 0.00  0.0    0  9.5 22 310   M    M   2        27 310
14  82  56  69  -1   0   4 0.00  0.0    0 12.6 21 310   M    M   6        29 310
15  82  56  69  -1   0   4 0.00  0.0    0 12.0 20 300   M    M   1        26 300
16  86  57  72   2   0   7 0.00  0.0    0  9.3 21 310   M    M   2        27 300
17  89  61  75   5   0  10 0.00  0.0    0  4.1 13 280   M    M   2        15 290
18  94  65  80   9   0  15 0.00  0.0    0  6.9 16 290   M    M   2        23 310
19  91  60  76   5   0  11 0.00  0.0    0  9.8 25 310   M    M   5        30 310
20  73  53  63  -8   2   0 0.00  0.0    0  9.6 23 300   M    M   6        28 310
21  73  50  62  -9   3   0 0.00  0.0    0 10.2 26 300   M    M   4        32 310
22  75  50  63  -9   2   0 0.00  0.0    0  8.8 21 310   M    M   2        26 320
23  78  52  65  -7   0   0    T  0.0    0 10.5 22 310   M    M   4        26 300
24  79  55  67  -5   0   2    T  0.0    0  9.5 21 310   M    M   7        26 310
25  79  55  67  -5   0   2 0.00  0.0    0  8.7 17  90   M    M   6        22  80
26  83  55  69  -3   0   4 0.00  0.0    0  7.0 16 310   M    M   2        20 290
27  89  61  75   2   0  10 0.00  0.0    0  8.2 20 300   M    M   2        23 310
28  92  62  77   4   0  12 0.00  0.0    0  7.2 15 300   M    M   6        19 300
================================================================================
SM 2329 1610        10 166  0.29     0.0 216.3          M      122
================================================================================
AV 83.2 57.5                               7.7 FASTST   M    M   4    MAX(MPH)
                                 MISC ---->  # 26 250               # 34  250
================================================================================
NOTES:
# LAST OF SEVERAL OCCURRENCES

COLUMN 17 PEAK WIND IN M.P.H.

PRELIMINARY LOCAL CLIMATOLOGICAL DATA (WS FORM: F-6) , PAGE 2

                                          STATION:  FRESNO CA
                                          MONTH:    MAY
                                          YEAR:     2016
                                          LATITUDE:   36 46 N
                                          LONGITUDE: 119 43 W

[TEMPERATURE DATA]      [PRECIPITATION DATA]       SYMBOLS USED IN COLUMN 16

AVERAGE MONTHLY: 70.3   TOTAL FOR MONTH:   0.29    1 = FOG OR MIST
DPTR FM NORMAL:   0.5   DPTR FM NORMAL:   -0.11    2 = FOG REDUCING VISIBILITY
HIGHEST:    97 ON 12    GRTST 24HR  0.23 ON  5- 6      TO 1/4 MILE OR LESS
LOWEST:     50 ON 22,21                            3 = THUNDER
                        SNOW, ICE PELLETS, HAIL    4 = ICE PELLETS
                        TOTAL MONTH:   0.0 INCH    5 = HAIL
                        GRTST 24HR     0.0         6 = FREEZING RAIN OR DRIZZLE
                        GRTST DEPTH:   0           7 = DUSTSTORM OR SANDSTORM:
                                                       VSBY 1/2 MILE OR LESS
                                                   8 = SMOKE OR HAZE
[NO. OF DAYS WITH]      [WEATHER - DAYS WITH]      9 = BLOWING SNOW
                                                   X = TORNADO
MAX 32 OR BELOW:   0    0.01 INCH OR MORE:   3
MAX 90 OR ABOVE:   6    0.10 INCH OR MORE:   1
MIN 32 OR BELOW:   0    0.50 INCH OR MORE:   0
MIN  0 OR BELOW:   0    1.00 INCH OR MORE:   0

[HDD (BASE 65) ]
TOTAL THIS MO.    10    CLEAR  (SCALE 0-3)  13
DPTR FM NORMAL   -19    PTCLDY (SCALE 4-7)  12
TOTAL FM JUL 1  1947    CLOUDY (SCALE 8-10)  3
DPTR FM NORMAL  -395

[CDD (BASE 65) ]
TOTAL THIS MO.   166
DPTR FM NORMAL     3    [PRESSURE DATA]
TOTAL FM JAN 1   230    HIGHEST SLP M ON M
DPTR FM NORMAL    16    LOWEST  SLP 29.67 ON 19

[REMARKS]
