000
CXUS52 KRAH 221345
CF6FAY
PRELIMINARY LOCAL CLIMATOLOGICAL DATA (WS FORM: F-6)

                                          STATION:   FAYETTEVILLE REGL AIRPORT NC
                                          MONTH:     JANUARY
                                          YEAR:      2017
                                          LATITUDE:   35  0 N
                                          LONGITUDE:  78 53 W

  TEMPERATURE IN F:       :PCPN:    SNOW:  WIND      :SUNSHINE: SKY     :PK WND
================================================================================
1   2   3   4   5  6A  6B    7    8   9   10  11  12  13   14  15   16   17  18
                                     12Z  AVG MX 2MIN
DY MAX MIN AVG DEP HDD CDD  WTR  SNW DPTH SPD SPD DIR MIN PSBL S-S WX    SPD DR
================================================================================

 1  53  44  49   6  16   0 0.05    M    M  5.5 13  90   M    M  10 1      17  90
 2  57  51  54  11  11   0 0.54    M    M  5.9 16  20   M    M  10 12     19  20
 3  64  50  57  14   8   0 0.36    M    M  4.5 14 100   M    M   7 12     18 260
 4  64  48  56  13   9   0 0.00    M    M  8.9 18 310   M    M   3 1      24 300
 5  49  32  41  -2  24   0 0.00    M    0  4.7 10 360   M    M   4        13 360
 6  47  37  42  -1  23   0 0.38    M    0  6.7 16  30   M    M   6 1      22  30
 7  37  22  30 -13  35   0 0.61    M    M 14.1 26  10   M    M   8 16     36 350
 8  28  15  22 -21  43   0 0.00  0.0    0  6.7 17 340   M    M   0        22 330
 9  34  14  24 -19  41   0 0.00    M    M  3.4  8  90   M    M   0        12  10
10  54  21  38  -5  27   0 0.00    M    M  3.9 12 160   M    M   1        15 150
11  65  45  55  12  10   0 0.05    M    0  4.6 12 190   M    M   5 1      14 200
12  75  54  65  22   0   0 0.00  0.0    0  9.4 23 220   M    M   4        28 230
13  80  52  66  23   0   1 0.00  0.0    0  5.9 17  70   M    M   2        24  50
14  58  42  50   7  15   0 0.00  0.0    0  5.7 15  30   M    M   4        19  50
15  63  41  52   9  13   0 0.00    M    M  4.6 16  20   M    M   7        20  20
16  54  45  50   7  15   0 0.00    M    M  5.0 12  40   M    M  10        15  40
17  66  49  58  14   7   0 0.00    M    M  5.0 12 210   M    M   6 1      18  M
18  77  48  63  19   2   0    T    M    M 10.8 24 280   M    M   0        31 280
19  65  38  52   8  13   0 0.00    M    M  3.2 10  30   M    M   0        12  30
20  72  45  59  15   6   0 0.00999.0    M  4.6 14 240   M    M   4 12     18 220
21  65  50  58  14   7   0 0.05    M    M  3.9 15 120   M    M   9 12     20 110
================================================================================
SM 1227  843       325   1  2.04   999.0 127.0          M      100
================================================================================
AV 58.4 40.1                               6.0 FASTST   M    M   5    MAX(MPH)
                                 MISC ---->  # 26  10               # 36  350
================================================================================
NOTES:
# LAST OF SEVERAL OCCURRENCES

COLUMN 17 PEAK WIND IN M.P.H.

PRELIMINARY LOCAL CLIMATOLOGICAL DATA (WS FORM: F-6) , PAGE 2

                                          STATION:  FAYETTEVILLE REGL AIRPORT NC
                                          MONTH:    JANUARY
                                          YEAR:     2017
                                          LATITUDE:   35  0 N
                                          LONGITUDE:  78 53 W

[TEMPERATURE DATA]      [PRECIPITATION DATA]       SYMBOLS USED IN COLUMN 16

AVERAGE MONTHLY: 49.3   TOTAL FOR MONTH:   2.04    1 = FOG OR MIST
DPTR FM NORMAL:   6.0   DPTR FM NORMAL:    0.02    2 = FOG REDUCING VISIBILITY
HIGHEST:    80 ON 13    GRTST 24HR  0.99 ON  6- 7      TO 1/4 MILE OR LESS
LOWEST:     14 ON  9                               3 = THUNDER
                        SNOW, ICE PELLETS, HAIL    4 = ICE PELLETS
                        TOTAL MONTH: 999.0 INCHES  5 = HAIL
                        GRTST 24HR 999.0 ON 20-20  6 = FREEZING RAIN OR DRIZZLE
                        GRTST DEPTH:   0           7 = DUSTSTORM OR SANDSTORM:
                                                       VSBY 1/2 MILE OR LESS
                                                   8 = SMOKE OR HAZE
[NO. OF DAYS WITH]      [WEATHER - DAYS WITH]      9 = BLOWING SNOW
                                                   X = TORNADO
MAX 32 OR BELOW:   1    0.01 INCH OR MORE:   7
MAX 90 OR ABOVE:   0    0.10 INCH OR MORE:   4
MIN 32 OR BELOW:   5    0.50 INCH OR MORE:   2
MIN  0 OR BELOW:   0    1.00 INCH OR MORE:   0

[HDD (BASE 65) ]
TOTAL THIS MO.   325    CLEAR  (SCALE 0-3)   7
DPTR FM NORMAL  -133    PTCLDY (SCALE 4-7)  10
TOTAL FM JUL 1  1233    CLOUDY (SCALE 8-10)  4
DPTR FM NORMAL  -284

[CDD (BASE 65) ]
TOTAL THIS MO.     1
DPTR FM NORMAL     1    [PRESSURE DATA]
TOTAL FM JAN 1     1    HIGHEST SLP M ON M
DPTR FM NORMAL     1    LOWEST  SLP 29.65 ON M

[REMARKS]
