000
CXUS53 KMPX 171000
CF6FCM
PRELIMINARY LOCAL CLIMATOLOGICAL DATA (WS FORM: F-6)

                                          STATION:   MINNEAPOLIS FLYING CLOUD MN
                                          MONTH:     JANUARY
                                          YEAR:      2017
                                          LATITUDE:   44 49 N
                                          LONGITUDE:  93 27 W

  TEMPERATURE IN F:       :PCPN:    SNOW:  WIND      :SUNSHINE: SKY     :PK WND
================================================================================
1   2   3   4   5  6A  6B    7    8   9   10  11  12  13   14  15   16   17  18
                                     12Z  AVG MX 2MIN
DY MAX MIN AVG DEP HDD CDD  WTR  SNW DPTH SPD SPD DIR MIN PSBL S-S WX    SPD DR
================================================================================

 1  32  19  26  10  39   0    M    M    M  6.8 17 210   M    M   2        23 230
 2  33  28  31  15  34   0    M    M    M  7.4 15 100   M    M  10 168    19  80
 3  32   1  17   1  48   0    M    M    M 17.0 26 290   M    M   4 1      34 290
 4   4  -6  -1 -17  66   0    M    M    M 12.8 22 290   M    M   1 8      27 280
 5   2  -8  -3 -19  68   0    M    M    M  9.4 17 300   M    M   3 8      22 310
 6   6 -12  -3 -18  68   0    M    M    M  4.8 10 230   M    M   1        14 230
 7  10  -4   3 -12  62   0    M    M    M  7.3 15 300   M    M   0        19 300
 8  19  -7   6  -9  59   0    M    M    M  8.5 21 150   M    M   4        25 140
 9  27  17  22   7  43   0    M    M    M  8.3 21 130   M    M   8 18     25 130
10  29   4  17   2  48   0    M    M    M 11.0 25 290   M    M   6 1268   33 280
11  10   4   7  -8  58   0    M    M    M  6.2 14 330   M    M   6 18     17 330
12  14  -6   4 -11  61   0    M    M    M 10.4 24 300   M    M   4        34 280
13  10  -9   1 -14  64   0    M    M    M  4.6 10 110   M    M   7        12 110
14  23   4  14  -1  51   0    M    M    M  4.5 10 270   M    M   1        13 240
15  32   0  16   1  49   0    M    M    M  4.7 13 190   M    M   0 18     15 210
16  32  14  23   8  42   0    M    M    M  4.8 10 360   M    M   6 168    14 360
================================================================================
SM  315   39       860   0    M     M    128.5          M       63
================================================================================
AV 19.7  2.4                               8.0 FASTST   M    M   4    MAX(MPH)
                                 MISC ---->  # 26 290               # 34  290
================================================================================
NOTES:
# LAST OF SEVERAL OCCURRENCES

COLUMN 17 PEAK WIND IN M.P.H.

PRELIMINARY LOCAL CLIMATOLOGICAL DATA (WS FORM: F-6) , PAGE 2

                                          STATION:  MINNEAPOLIS FLYING CLOUD MN
                                          MONTH:    JANUARY
                                          YEAR:     2017
                                          LATITUDE:   44 49 N
                                          LONGITUDE:  93 27 W

[TEMPERATURE DATA]      [PRECIPITATION DATA]       SYMBOLS USED IN COLUMN 16

AVERAGE MONTHLY: 11.1   TOTAL FOR MONTH:      M    1 = FOG OR MIST
DPTR FM NORMAL:  -4.2   DPTR FM NORMAL:       M    2 = FOG REDUCING VISIBILITY
HIGHEST:    33 ON  2    GRTST 24HR  0.14 ON 10-11      TO 1/4 MILE OR LESS
LOWEST:    -12 ON  6                               3 = THUNDER
                        SNOW, ICE PELLETS, HAIL    4 = ICE PELLETS
                        TOTAL MONTH:    M          5 = HAIL
                        GRTST 24HR    M  ON   M    6 = FREEZING RAIN OR DRIZZLE
                        GRTST DEPTH:  M  ON   M    7 = DUSTSTORM OR SANDSTORM:
                                                       VSBY 1/2 MILE OR LESS
                                                   8 = SMOKE OR HAZE
[NO. OF DAYS WITH]      [WEATHER - DAYS WITH]      9 = BLOWING SNOW
                                                   X = TORNADO
MAX 32 OR BELOW:  15    0.01 INCH OR MORE:   0
MAX 90 OR ABOVE:   0    0.10 INCH OR MORE:   0
MIN 32 OR BELOW:  16    0.50 INCH OR MORE:   0
MIN  0 OR BELOW:   8    1.00 INCH OR MORE:   0

[HDD (BASE 65) ]
TOTAL THIS MO.   860    CLEAR  (SCALE 0-3)   7
DPTR FM NORMAL    64    PTCLDY (SCALE 4-7)   7
TOTAL FM JUL 1  3264    CLOUDY (SCALE 8-10)  2
DPTR FM NORMAL  -550

[CDD (BASE 65) ]
TOTAL THIS MO.     0
DPTR FM NORMAL     0    [PRESSURE DATA]
TOTAL FM JAN 1     0    HIGHEST SLP M ON M
DPTR FM NORMAL     0    LOWEST  SLP 29.38 ON 10

[REMARKS]
