000
CXUS52 KFFC 281110
CF6FFC
PRELIMINARY LOCAL CLIMATOLOGICAL DATA (WS FORM: F-6)

                                          STATION:   PEACHTREE CITY
                                          MONTH:     DECEMBER
                                          YEAR:      2014
                                          LATITUDE:   33 20 N
                                          LONGITUDE:  84 34 W

  TEMPERATURE IN F:       :PCPN:    SNOW:  WIND      :SUNSHINE: SKY     :PK WND
================================================================================
1   2   3   4   5  6A  6B    7    8   9   10  11  12  13   14  15   16   17  18
                                     12Z  AVG MX 2MIN
DY MAX MIN AVG DEP HDD CDD  WTR  SNW DPTH SPD SPD DIR MIN PSBL S-S WX    SPD DR
================================================================================

 1  73  36  55   7  10   0 0.00    M    M  1.2 10 280   M    M   1 1      13 230
 2  74  38  56   8   9   0 0.00  0.0    M  0.5  9 150   M    M   1 1      13 170
 3  72  48  60  13   5   0 0.01  0.0    M  2.1 12 320   M    M   4 18     14 320
 4  74  49  62  15   3   0    T    M    M  1.5  8 150   M    M   4 18      M  M
 5  65  51  58  11   7   0 0.00  0.0    M  6.5 12 120   M    M   7 18     18  90
 6  67  50  59  12   6   0 0.28  0.0    M  8.7 23 330   M    M   9 1      29 310
 7  63  42  53   7  12   0 0.00    M    M  7.9 20 330   M    M   0        25 330
 8  48  32  40  -6  25   0 0.00    M    M  5.9 16  90   M    M   7        25  90
 9  56  30  43  -3  22   0 0.00  0.0    M  7.9 22 340   M    M   5 1      34 340
10  52  33  43  -2  22   0 0.00    M    M  9.3 17 340   M    M   0        23 330
11  54  32  43  -2  22   0 0.00    M    M  8.0 15 330   M    M   0        20 320
12  62  30  46   1  19   0 0.00    M    M  5.2 12 320   M    M   0        15 320
13  64  27  46   1  19   0 0.00    M    M  6.4 16 340   M    M   0        21 340
14  60  30  45   1  20   0 0.00  0.0    M  6.4 12 330   M    M   0 18     14 310
15  66  26  46   2  19   0 0.00  0.0    M  1.9  7 150   M    M   2 18     10 170
16  62  43  53   9  12   0 0.34  0.0    M  7.6 17 310   M    M   4 1      25 300
17  53  32  43  -1  22   0 0.00  0.0    M  5.0 15 330   M    M   0 1      19 330
18  56  34  45   1  20   0 0.00    M    M  3.6 12 320   M    M   4        13 310
19  54  32  43  -1  22   0 0.01  0.0    M  3.1 10 320   M    M   2 1      14 340
20  53  42  48   5  17   0 0.26    M    M  2.3  9 310   M    M  10 18     11  70
21  50  47  49   6  16   0    T  0.0    M  4.9 10  90   M    M  10 18     14  90
22  48  45  47   4  18   0 0.53  0.0    M  6.8 13 100   M    M  10 1      19  90
23  61  44  53  10  12   0 1.08  0.0    M  7.6 23 140   M    M  10 123    30 130
24  64  48  56  13   9   0 1.04    M    M  6.3 18 260   M    M   8 1      29 230
25  54  31  43   0  22   0 0.00  0.0    0  5.1 18 290   M    M   1        24 300
26  60  29  45   2  20   0 0.00  0.0    0  0.6  7 320   M    M   2 12      9 340
27  61  31  46   3  19   0 0.04    M    M  1.5  9 130   M    M   4 1      12 130
================================================================================
SM 1626 1012       429   0  3.59     0.0 133.8          M      105
================================================================================
AV 60.2 37.5                               5.0 FASTST   M    M   4    MAX(MPH)
                                 MISC ---->  # 23 330               # 34  340
================================================================================
NOTES:
# LAST OF SEVERAL OCCURRENCES

COLUMN 17 PEAK WIND IN M.P.H.

PRELIMINARY LOCAL CLIMATOLOGICAL DATA (WS FORM: F-6) , PAGE 2

                                          STATION:  PEACHTREE CITY
                                          MONTH:    DECEMBER
                                          YEAR:     2014
                                          LATITUDE:   33 20 N
                                          LONGITUDE:  84 34 W

[TEMPERATURE DATA]      [PRECIPITATION DATA]       SYMBOLS USED IN COLUMN 16

AVERAGE MONTHLY: 48.9   TOTAL FOR MONTH:   3.59    1 = FOG OR MIST
DPTR FM NORMAL:   4.0   DPTR FM NORMAL:   -0.12    2 = FOG REDUCING VISIBILITY
HIGHEST:    74 ON  4, 2 GRTST 24HR  2.11 ON 23-24      TO 1/4 MILE OR LESS
LOWEST:     26 ON 15                               3 = THUNDER
                        SNOW, ICE PELLETS, HAIL    4 = ICE PELLETS
                        TOTAL MONTH:   0.0 INCH    5 = HAIL
                        GRTST 24HR     0.0         6 = FREEZING RAIN OR DRIZZLE
                        GRTST DEPTH:   0           7 = DUSTSTORM OR SANDSTORM:
                                                       VSBY 1/2 MILE OR LESS
                                                   8 = SMOKE OR HAZE
[NO. OF DAYS WITH]      [WEATHER - DAYS WITH]      9 = BLOWING SNOW
                                                   X = TORNADO
MAX 32 OR BELOW:   0    0.01 INCH OR MORE:   9
MAX 90 OR ABOVE:   0    0.10 INCH OR MORE:   6
MIN 32 OR BELOW:  12    0.50 INCH OR MORE:   3
MIN  0 OR BELOW:   0    1.00 INCH OR MORE:   2

[HDD (BASE 65) ]
TOTAL THIS MO.   429    CLEAR  (SCALE 0-3)  13
DPTR FM NORMAL  -119    PTCLDY (SCALE 4-7)   8
TOTAL FM JUL 1  1067    CLOUDY (SCALE 8-10)  6
DPTR FM NORMAL   -23

[CDD (BASE 65) ]
TOTAL THIS MO.     0
DPTR FM NORMAL     0    [PRESSURE DATA]
TOTAL FM JAN 1  1793    HIGHEST SLP  0.00 ON  4
DPTR FM NORMAL   140    LOWEST  SLP 29.65 ON 24

[REMARKS]
