000
CXUS53 KMKX 310655
CF6FLD
PRELIMINARY LOCAL CLIMATOLOGICAL DATA (WS FORM: F-6)

                                          STATION:   FOND_DU_LAC WI
                                          MONTH:     AUGUST
                                          YEAR:      2016
                                          LATITUDE:   43 46 N
                                          LONGITUDE:  88 29 W

  TEMPERATURE IN F:       :PCPN:    SNOW:  WIND      :SUNSHINE: SKY     :PK WND
================================================================================
1   2   3   4   5  6A  6B    7    8   9   10  11  12  13   14  15   16   17  18
                                     12Z  AVG MX 2MIN
DY MAX MIN AVG DEP HDD CDD  WTR  SNW DPTH SPD SPD DIR MIN PSBL S-S WX    SPD DR
================================================================================

 1  84  57  71   0   0   6 0.00  0.0    0  3.7 14 160   M    M   3 12     26 190
 2  86  59  73   2   0   8 0.00    M    M  5.3 13 180   M    M   1 1      16 160
 3  91  66  79   8   0  14 0.00    M    M  5.2 15 120   M    M   2 1      18 120
 4  88  69  79   8   0  14 0.68    M    M 10.2 32 170   M    M   2 13     40 170
 5  82  66  74   3   0   9 0.00  0.0    0  9.2 16 300   M    M   2        22 300
 6  81  58  70  -1   0   5 0.00  0.0    0  5.0 12 290   M    M   2        17 320
 7  80  57  69  -2   0   4 0.00  0.0    0  4.8 12 130   M    M   2        14  20
 8  83  52  68  -3   0   3 0.00  0.0    0  4.6 13 140   M    M   1        17 130
 9  86  65  76   6   0  11 0.00  0.0    0  7.7 16 190   M    M   2        20 210
10  89  68  79   9   0  14 0.00  0.0    0  5.5 13 180   M    M   2 1      15 180
11  86  70  78   8   0  13 0.05  0.0    0  8.5 21 220   M    M   1 1      29 200
12  79  70  75   5   0  10 0.06  0.0    0  5.7 13 100   M    M   8 1      16  90
13  84  62  73   3   0   8 0.14  0.0    0  7.9 17 310   M    M   6 1      23 280
14  85  61  73   3   0   8 0.00  0.0    0  4.3 12 270   M    M   1 1      16 250
15  84  59  72   2   0   7 0.00  0.0    0  4.3 13 140   M    M   2 1      22  50
16  86  65  76   6   0  11 0.00  0.0    0  5.8 13 220   M    M   1 1      18 300
17  85  65  75   5   0  10 0.08  0.0    0  6.3 17 300   M    M   3        24 260
18  89  63  76   6   0  11 0.00  0.0    0  5.7 14 220   M    M   2        19 180
19  80  66  73   3   0   8 1.02    M    M  6.4 20 200   M    M   3 13     28 210
20  77  60  69  -1   0   4 1.14    M    M  8.5 23 290   M    M   6 13     30 290
21  72  55  64  -5   1   0 0.15    M    M  9.3 22 320   M    M   5        26 340
22  77  50  64  -5   1   0 0.00    M    M  9.0 16 200   M    M   0        25 220
23  80  63  72   3   0   7 0.00  0.0    0 11.2 18 180   M    M   1        24 220
24  81  68  75   6   0  10 0.15  0.0    0 10.3 21 220   M    M   7 13     31 200
25  80  62  71   2   0   6 0.00  0.0    0  6.1 14 270   M    M   0        21 280
26  73  57  65  -4   0   0 0.00  0.0    0  4.2 10 300   M    M   1        13 280
27  71  61  66  -2   0   1 1.33  0.0    0  3.8 13  80   M    M  10 1      17 140
28  80  63  72   4   0   7 0.00  0.0    0  2.8  9  20   M    M   5 12     12  30
29  84  61  73   5   0   8    T  0.0    0  3.2 12 200   M    M   2 1      21  40
30  85  68  77   9   0  12 0.00    M    M  6.0 13 300   M    M   1 1      18 350
================================================================================
SM 2468 1866         2 229  4.80     0.0 190.5          M       84
================================================================================
AV 82.3 62.2                               6.4 FASTST   M    M   3    MAX(MPH)
                                 MISC ---->  # 32 170               # 40  170
================================================================================
NOTES:
# LAST OF SEVERAL OCCURRENCES

COLUMN 17 PEAK WIND IN M.P.H.

PRELIMINARY LOCAL CLIMATOLOGICAL DATA (WS FORM: F-6) , PAGE 2

                                          STATION:  FOND_DU_LAC WI
                                          MONTH:    AUGUST
                                          YEAR:     2016
                                          LATITUDE:   43 46 N
                                          LONGITUDE:  88 29 W

[TEMPERATURE DATA]      [PRECIPITATION DATA]       SYMBOLS USED IN COLUMN 16

AVERAGE MONTHLY: 72.2   TOTAL FOR MONTH:   4.80    1 = FOG OR MIST
DPTR FM NORMAL:   2.4   DPTR FM NORMAL:    1.26    2 = FOG REDUCING VISIBILITY
HIGHEST:    91 ON  3    GRTST 24HR  1.58 ON 19-20      TO 1/4 MILE OR LESS
LOWEST:     50 ON 22                               3 = THUNDER
                        SNOW, ICE PELLETS, HAIL    4 = ICE PELLETS
                        TOTAL MONTH:   0.0 INCH    5 = HAIL
                        GRTST 24HR     0.0         6 = FREEZING RAIN OR DRIZZLE
                        GRTST DEPTH:   0           7 = DUSTSTORM OR SANDSTORM:
                                                       VSBY 1/2 MILE OR LESS
                                                   8 = SMOKE OR HAZE
[NO. OF DAYS WITH]      [WEATHER - DAYS WITH]      9 = BLOWING SNOW
                                                   X = TORNADO
MAX 32 OR BELOW:   0    0.01 INCH OR MORE:  10
MAX 90 OR ABOVE:   1    0.10 INCH OR MORE:   7
MIN 32 OR BELOW:   0    0.50 INCH OR MORE:   4
MIN  0 OR BELOW:   0    1.00 INCH OR MORE:   3

[HDD (BASE 65) ]
TOTAL THIS MO.     2    CLEAR  (SCALE 0-3)  22
DPTR FM NORMAL   -15    PTCLDY (SCALE 4-7)   7
TOTAL FM JUL 1     4    CLOUDY (SCALE 8-10)  1
DPTR FM NORMAL   -21

[CDD (BASE 65) ]
TOTAL THIS MO.   229
DPTR FM NORMAL    68    [PRESSURE DATA]
TOTAL FM JAN 1   631    HIGHEST SLP M ON M
DPTR FM NORMAL   103    LOWEST  SLP 29.59 ON 20

[REMARKS]
