429
CXUS56 KFGZ 300900
CF6FLG
PRELIMINARY LOCAL CLIMATOLOGICAL DATA (WS FORM: F-6)

                                          STATION:   FLAGSTAFF AZ AIRPORT
                                          MONTH:     APRIL
                                          YEAR:      2016
                                          LATITUDE:   35  7 N
                                          LONGITUDE: 111 40 W

  TEMPERATURE IN F:       :PCPN:    SNOW:  WIND      :SUNSHINE: SKY     :PK WND
================================================================================
1   2   3   4   5  6A  6B    7    8   9   10  11  12  13   14  15   16   17  18
                                     12Z  AVG MX 2MIN
DY MAX MIN AVG DEP HDD CDD  WTR  SNW DPTH SPD SPD DIR MIN PSBL S-S WX    SPD DR
================================================================================

 1  52  24  38  -2  27   0 0.00  0.0    0  9.2 23  70   M    M   0        30  70
 2  59  22  41   1  24   0 0.00  0.0    0  4.0 14  80   M    M   0        19 110
 3  65  22  44   4  21   0 0.00  0.0    0  3.4 20 210   M    M   0        23 220
 4  65  26  46   6  19   0 0.00  0.0    0  6.8 23 220   M    M   0        31 220
 5  67  27  47   6  18   0 0.00  0.0    0  6.0 20  30   M    M   0 8      29  10
 6  66  33  50   9  15   0 0.00  0.0    0  8.4 22  50   M    M   0        32  40
 7  67  29  48   7  17   0 0.00  0.0    0  5.7 17 200   M    M   3 8      22  70
 8  52  39  46   5  19   0 0.48  0.0    0  6.9 31 220   M    M   8 1      36 220
 9  55  35  45   3  20   0 0.00  0.0    0  8.9 23 220   M    M   5        28 220
10  48  28  38  -4  27   0 0.13  0.0    0  7.3 23 210   M    M   7 1      28 200
11  52  33  43   1  22   0 0.00  0.0    0  3.4 14 210   M    M   8 12     15 210
12  55  29  42   0  23   0 0.02  0.0    0  3.8 17 210   M    M   3 3      20 210
13  62  30  46   3  19   0 0.00  0.0    0  5.5 20 210   M    M   1        25 220
14  62  30  46   3  19   0 0.00  0.0    0 12.5 28 220   M    M   0        37 220
15  52  30  41  -2  24   0 0.15  3.0    0 10.3 28 210   M    M   5 18     34 260
16  49  28  39  -4  26   0 0.01  0.2    1  6.6 20 330   M    M   6 18     33 280
17  51  32  42  -2  23   0 0.00  0.0    0 13.4 28  60   M    M   2        40  60
18  57  23  40  -4  25   0 0.00  0.0    0  4.0 15  40   M    M   2        19  60
19  65  24  45   1  20   0 0.00  0.0    0  4.4 16 250   M    M   0        23 240
20  69  32  51   7  14   0 0.00  0.0    0  4.9 24 230   M    M   0        30 240
21  70  33  52   7  13   0 0.00  0.0    0  4.7 20 220   M    M   0        26 220
22  69  32  51   6  14   0 0.00  0.0    0 12.3 35 220   M    M   0        43 220
23  62  39  51   6  14   0 0.00  0.0    0 18.4 38 210   M    M   0        49 230
24  63  26  45  -1  20   0 0.00  0.0    0  9.8 28 220   M    M   0        34 220
25  50  28  39  -7  26   0 0.04  0.3    0 16.2 37 220   M    M   6 1348   49 210
26  52  24  38  -8  27   0    T    T    0  9.2 21 230   M    M   6        30 230
27  56  26  41  -5  24   0 0.00  0.0    0 10.9 28 230   M    M   4        36 220
28  49  32  41  -6  24   0    T    T    0 13.5 32 220   M    M   6 1      42 210
29  51  33  42  -5  23   0 0.08    T    0  7.7 23 210   M    M   8 1      32 230
================================================================================
SM 1692  849       607   0  0.91     3.5 238.1          M       80
================================================================================
AV 58.3 29.3                               8.2 FASTST   M    M   3    MAX(MPH)
                                 MISC ---->  # 38 210               # 49  230
================================================================================
NOTES:
# LAST OF SEVERAL OCCURRENCES

COLUMN 17 PEAK WIND IN M.P.H.

PRELIMINARY LOCAL CLIMATOLOGICAL DATA (WS FORM: F-6) , PAGE 2

                                          STATION:  FLAGSTAFF AZ AIRPORT
                                          MONTH:    APRIL
                                          YEAR:     2016
                                          LATITUDE:   35  7 N
                                          LONGITUDE: 111 40 W

[TEMPERATURE DATA]      [PRECIPITATION DATA]       SYMBOLS USED IN COLUMN 16

AVERAGE MONTHLY: 43.8   TOTAL FOR MONTH:   0.91    1 = FOG OR MIST
DPTR FM NORMAL:   0.6   DPTR FM NORMAL:   -0.21    2 = FOG REDUCING VISIBILITY
HIGHEST:    70 ON 21    GRTST 24HR  0.48 ON  8- 8      TO 1/4 MILE OR LESS
LOWEST:     22 ON  3, 2                            3 = THUNDER
                        SNOW, ICE PELLETS, HAIL    4 = ICE PELLETS
                        TOTAL MONTH:   3.5 INCHES  5 = HAIL
                        GRTST 24HR   3.0 ON 15-15  6 = FREEZING RAIN OR DRIZZLE
                        GRTST DEPTH:   1 ON 16     7 = DUSTSTORM OR SANDSTORM:
                                                       VSBY 1/2 MILE OR LESS
                                                   8 = SMOKE OR HAZE
[NO. OF DAYS WITH]      [WEATHER - DAYS WITH]      9 = BLOWING SNOW
                                                   X = TORNADO
MAX 32 OR BELOW:   0    0.01 INCH OR MORE:   7
MAX 90 OR ABOVE:   0    0.10 INCH OR MORE:   3
MIN 32 OR BELOW:  22    0.50 INCH OR MORE:   0
MIN  0 OR BELOW:   0    1.00 INCH OR MORE:   0

[HDD (BASE 65) ]
TOTAL THIS MO.   607    CLEAR  (SCALE 0-3)  17
DPTR FM NORMAL   -25    PTCLDY (SCALE 4-7)  12
TOTAL FM JUL 1  6058    CLOUDY (SCALE 8-10)  0
DPTR FM NORMAL  -281

[CDD (BASE 65) ]
TOTAL THIS MO.     0
DPTR FM NORMAL     0    [PRESSURE DATA]
TOTAL FM JAN 1     0    HIGHEST SLP M ON M
DPTR FM NORMAL     0    LOWEST  SLP 29.50 ON M

[REMARKS]
