000
CXUS52 KMFL 211000
CF6FLL
PRELIMINARY LOCAL CLIMATOLOGICAL DATA (WS FORM: F-6)

                                          STATION:   FORT LAUDERDALE
                                          MONTH:     SEPTEMBER
                                          YEAR:      2017
                                          LATITUDE:   26  4 N
                                          LONGITUDE:  80  9 W

  TEMPERATURE IN F:       :PCPN:    SNOW:  WIND      :SUNSHINE: SKY     :PK WND
================================================================================
1   2   3   4   5  6A  6B    7    8   9   10  11  12  13   14  15   16   17  18
                                     12Z  AVG MX 2MIN
DY MAX MIN AVG DEP HDD CDD  WTR  SNW DPTH SPD SPD DIR MIN PSBL S-S WX    SPD DR
================================================================================

 1  92  81  87   3   0  22    T  0.0    0  9.8 20 130   M    M   6 3      23 130
 2  90  76  83  -1   0  18 0.02  0.0    0  5.5 21 180   M    M   6 3      26 180
 3  90  78  84   0   0  19 0.00  0.0    0  4.6 15 100   M    M   6        19  70
 4  89  78  84   0   0  19 0.08  0.0    0  8.6 18  80   M    M   7 3      21  80
 5  90  82  86   2   0  21 0.00  0.0    0  9.2 16 130   M    M   7        21 110
 6  91  80  86   2   0  21 0.52  0.0    0  6.6 21 160   M    M   7 38     27 150
 7  91  80  86   2   0  21 0.00  0.0    0  7.3 17  90   M    M   6        20 120
 8  91  83  87   4   0  22 0.01  0.0    0 14.4 26  70   M    M   7        34  50
 9  89  73  81  -2   0  16 2.68  0.0    0 21.9 53 110   M    M   7 13     70 110
10  87  71  79  -4   0  14 4.30  0.0    0   M   M   M   M    M   0         M  M
11  90  77  84   1   0  19 0.00  0.0    0 11.9  M   M   M    M   6         M  M
12  91  77  84   1   0  19 0.00  0.0    0  6.1 14 270   M    M   5        20 220
13  89  79  84   1   0  19    T  0.0    0  6.9 16 120   M    M   5 3      20 130
14  89  79  84   1   0  19 0.00  0.0    0  6.5 16 110   M    M   2        19 100
15  91  79  85   2   0  20 0.00  0.0    0  7.2 13  60   M    M   3         M  M
16  89  79  84   1   0  19 0.07  0.0    0  8.8 18  50   M    M   3 1      24  50
17  92  77  85   2   0  20    T  0.0    0  7.1 14  30   M    M   4        20  40
18  90  76  83   0   0  18    M  0.0    0  5.6 15  20   M    M   4        20 360
19   M   M   M   M   M   M    M    M    0  6.7 15  90   M    M   7         M  M
20   M   M   M   M   M   M    T    M    0  6.2 12 100   M    M   4         M  M
================================================================================
SM 1621 1405         0 346  7.68     0.0 160.9          M      102
================================================================================
AV 90.1 78.1                               8.5 FASTST   M    M   5    MAX(MPH)
                                 MISC ---->  # 53 110               # 70  110
================================================================================
NOTES:
# LAST OF SEVERAL OCCURRENCES

COLUMN 17 PEAK WIND IN M.P.H.

PRELIMINARY LOCAL CLIMATOLOGICAL DATA (WS FORM: F-6) , PAGE 2

                                          STATION:  FORT LAUDERDALE
                                          MONTH:    SEPTEMBER
                                          YEAR:     2017
                                          LATITUDE:   26  4 N
                                          LONGITUDE:  80  9 W

[TEMPERATURE DATA]      [PRECIPITATION DATA]       SYMBOLS USED IN COLUMN 16

AVERAGE MONTHLY: 84.1   TOTAL FOR MONTH:   7.68    1 = FOG OR MIST
DPTR FM NORMAL:   0.7   DPTR FM NORMAL:    1.87    2 = FOG REDUCING VISIBILITY
HIGHEST:    92 ON 17, 1 GRTST 24HR  4.30 ON 10-10      TO 1/4 MILE OR LESS
LOWEST:     71 ON 10                               3 = THUNDER
                        SNOW, ICE PELLETS, HAIL    4 = ICE PELLETS
                        TOTAL MONTH:   0.0 INCH    5 = HAIL
                        GRTST 24HR     0.0         6 = FREEZING RAIN OR DRIZZLE
                        GRTST DEPTH:   0           7 = DUSTSTORM OR SANDSTORM:
                                                       VSBY 1/2 MILE OR LESS
                                                   8 = SMOKE OR HAZE
[NO. OF DAYS WITH]      [WEATHER - DAYS WITH]      9 = BLOWING SNOW
                                                   X = TORNADO
MAX 32 OR BELOW:   0    0.01 INCH OR MORE:   7
MAX 90 OR ABOVE:  12    0.10 INCH OR MORE:   3
MIN 32 OR BELOW:   0    0.50 INCH OR MORE:   3
MIN  0 OR BELOW:   0    1.00 INCH OR MORE:   2

[HDD (BASE 65) ]
TOTAL THIS MO.     0    CLEAR  (SCALE 0-3)   3
DPTR FM NORMAL     0    PTCLDY (SCALE 4-7)  17
TOTAL FM JUL 1     0    CLOUDY (SCALE 8-10)  0
DPTR FM NORMAL     0

[CDD (BASE 65) ]
TOTAL THIS MO.   346
DPTR FM NORMAL   -20    [PRESSURE DATA]
TOTAL FM JAN 1  3673    HIGHEST SLP M ON M
DPTR FM NORMAL   141    LOWEST  SLP 29.57 ON  9

[REMARKS]
