000
CXUS54 KLZK 011330
CF6FLP
PRELIMINARY LOCAL CLIMATOLOGICAL DATA (WS FORM: F-6)

                                          STATION:   Flippin
                                          MONTH:     JUNE
                                          YEAR:      2015
                                          LATITUDE:   36 17 N
                                          LONGITUDE:  92 28 W

  TEMPERATURE IN F:       :PCPN:    SNOW:  WIND      :SUNSHINE: SKY     :PK WND
================================================================================
1   2   3   4   5  6A  6B    7    8   9   10  11  12  13   14  15   16   17  18
                                     12Z  AVG MX 2MIN
DY MAX MIN AVG DEP HDD CDD  WTR  SNW DPTH SPD SPD DIR MIN PSBL S-S WX    SPD DR
================================================================================

 1  72  59  66   M   0   1 0.00  0.0    0  4.0  7  40   M    M   9         M  M
 2  77  61  69   M   0   4 0.00  0.0    0  3.8  6 100   M    M   5         M  M
 3  81  59  70   M   0   5 0.00  0.0    0  4.6  8 100   M    M   4         M  M
 4  88  63  76   M   0  11 0.00  0.0    0  2.3  6 110   M    M   2         M  M
 5  90  66  78   M   0  13 0.00  0.0    0  2.5  6 230   M    M   0 3       M  M
 6  88  66  77   M   0  12 0.00  0.0    0  0.7  6  50   M    M   1         M  M
 7  91  66  79   M   0  14 0.00  0.0    0  3.2  8 210   M    M   0         M  M
 8  88  66  77   M   0  12 0.00  0.0    0  4.3 12 290   M    M   0        16 290
 9  91  61  76   M   0  11 0.00  0.0    0  2.1  8 280   M    M   0        20 310
10  91  63  77   M   0  12 0.00  0.0    0  1.3  5 130   M    M   0         M  M
11  91  64  78   M   0  13 0.00  0.0    0  3.4  8 220   M    M   0         M  M
12  91  73  82   M   0  17 0.00  0.0    0  4.7 12 210   M    M   0        22 210
13  88  73  81   M   0  16 0.07  0.0    0  6.0 13 150   M    M   3        18 210
14  88  72  80   M   0  15 0.07  0.0    0  4.0  7 160   M    M   6        17 180
15  88  72  80   M   0  15 0.38  0.0    0  3.7  8 180   M    M   5 3       M  M
16  84  72  78   M   0  13 0.29  0.0    0  1.9  8 250   M    M   2 3       M  M
17  86  70  78   M   0  13 0.08  0.0    0  2.9  9 230   M    M   2         M  M
18  81  70  76   M   0  11 1.24  0.0    0  5.2  9 130   M    M   8         M  M
19  81  72  77   M   0  12 0.49  0.0    0  8.6 17 300   M    M   7        27 290
20  93  64  79   M   0  14 0.00  0.0    0  4.4 10 230   M    M   0        23 220
21  91  70  81   M   0  16 0.00  0.0    0  4.1  9 240   M    M   0        18 230
22  91  73  82   M   0  17 0.00  0.0    0  6.5 14 240   M    M   0        21 220
23  95  73  84   M   0  19 0.00  0.0    0  4.6 15 260   M    M   0        20 250
24  93  72  83   M   0  18 0.00  0.0    0  2.7  7 230   M    M   0         M  M
25  95  72  84   M   0  19 0.00  0.0    0  4.8 13 240   M    M   0         M  M
26  84  70  77   M   0  12 0.61  0.0    0  2.3  7  20   M    M   1 3       M  M
27  82  64  73   M   0   8 0.00  0.0    0  5.2  9 320   M    M   5         M  M
28  86  61  74   M   0   9 0.00  0.0    0  4.0 10 250   M    M   0         M  M
29  90  66  78   M   0  13 0.00  0.0    0  4.1 12 300   M    M   0        17 330
30  90  64  77   M   0  12 0.00  0.0    0  2.9 10 280   M    M   0         M  M
================================================================================
SM 2625 2017         0 377  3.23     0.0 114.8          M       60
================================================================================
AV 87.5 67.2                               3.8 FASTST   M    M   2    MAX(MPH)
                                 MISC ---->    17   M               # 27  290
================================================================================
NOTES:
# LAST OF SEVERAL OCCURRENCES

COLUMN 17 PEAK WIND IN M.P.H.

PRELIMINARY LOCAL CLIMATOLOGICAL DATA (WS FORM: F-6) , PAGE 2

                                          STATION:  Flippin
                                          MONTH:    JUNE
                                          YEAR:     2015
                                          LATITUDE:   36 17 N
                                          LONGITUDE:  92 28 W

[TEMPERATURE DATA]      [PRECIPITATION DATA]       SYMBOLS USED IN COLUMN 16

AVERAGE MONTHLY: 77.4   TOTAL FOR MONTH:   3.23    1 = FOG OR MIST
DPTR FM NORMAL:     M   DPTR FM NORMAL:       M    2 = FOG REDUCING VISIBILITY
HIGHEST:    95 ON 25,23 GRTST 24HR  1.24 ON 18-18      TO 1/4 MILE OR LESS
LOWEST:     59 ON  3, 1                            3 = THUNDER
                        SNOW, ICE PELLETS, HAIL    4 = ICE PELLETS
                        TOTAL MONTH:   0.0 INCH    5 = HAIL
                        GRTST 24HR     0.0         6 = FREEZING RAIN OR DRIZZLE
                        GRTST DEPTH:   0           7 = DUSTSTORM OR SANDSTORM:
                                                       VSBY 1/2 MILE OR LESS
                                                   8 = SMOKE OR HAZE
[NO. OF DAYS WITH]      [WEATHER - DAYS WITH]      9 = BLOWING SNOW
                                                   X = TORNADO
MAX 32 OR BELOW:   0    0.01 INCH OR MORE:   8
MAX 90 OR ABOVE:  14    0.10 INCH OR MORE:   5
MIN 32 OR BELOW:   0    0.50 INCH OR MORE:   2
MIN  0 OR BELOW:   0    1.00 INCH OR MORE:   1

[HDD (BASE 65) ]
TOTAL THIS MO.     0    CLEAR  (SCALE 0-3)  21
DPTR FM NORMAL     M    PTCLDY (SCALE 4-7)   8
TOTAL FM JUL 1  4065    CLOUDY (SCALE 8-10)  1
DPTR FM NORMAL     M

[CDD (BASE 65) ]
TOTAL THIS MO.   377
DPTR FM NORMAL     M    [PRESSURE DATA]
TOTAL FM JAN 1   538    HIGHEST SLP M ON M
DPTR FM NORMAL     M    LOWEST  SLP M ON M

[REMARKS]
#FINAL-06-15#
